Κλιματικές Αναφορές τύπου NOAA


Επιλέξτε μια Ετήσια ή Μηνιαία αναφορά
2024: Ιαν Φεβ Μάρ Απρ Μάϊ Ιού Ιού Αύγ Σεπ Οκτ Νοέ Δεκ
2023: Ιαν Φεβ Μάρ Απρ Μάϊ Ιού Ιού Αύγ Σεπ Οκτ Νοέ Δεκ
2022: Ιαν Φεβ Μάρ Απρ Μάϊ Ιού Ιού Αύγ Σεπ Οκτ Νοέ Δεκ
2021: Ιαν Φεβ Μάρ Απρ Μάϊ Ιού Ιού Αύγ Σεπ Οκτ Νοέ Δεκ
2020: Ιαν Φεβ Μάρ Απρ Μάϊ Ιού Ιού Αύγ Σεπ Οκτ Νοέ Δεκ
2019: Ιαν Φεβ Μάρ Απρ Μάϊ Ιού Ιού Αύγ Σεπ Οκτ Νοέ Δεκ
2018: Ιαν Φεβ Μάρ Απρ Μάϊ Ιού Ιού Αύγ Σεπ Οκτ Νοέ Δεκ
2017: Ιαν Φεβ Μάρ Απρ Μάϊ Ιού Ιού Αύγ Σεπ Οκτ Νοέ Δεκ
2016: Ιαν Φεβ Μάρ Απρ Μάϊ Ιού Ιού Αύγ Σεπ Οκτ Νοέ Δεκ
2015: Ιαν Φεβ Μάρ Απρ Μάϊ Ιού Ιού Αύγ Σεπ Οκτ Νοέ Δεκ
2014: Ιαν Φεβ Μάρ Απρ Μάϊ Ιού Ιού Αύγ Σεπ Οκτ Νοέ Δεκ
2013: Ιαν Φεβ Μάρ Απρ Μάϊ Ιού Ιού Αύγ Σεπ Οκτ Νοέ Δεκ
2012: Ιαν Φεβ Μάρ Απρ Μάϊ Ιού Ιού Αύγ Σεπ Οκτ Νοέ Δεκ
2011: Ιαν Φεβ Μάρ Απρ Μάϊ Ιού Ιού Αύγ Σεπ Οκτ Νοέ Δεκ
2010: Ιαν Φεβ Μάρ Απρ Μάϊ Ιού Ιού Αύγ Σεπ Οκτ Νοέ Δεκ
2009: Ιαν Φεβ Μάρ Απρ Μάϊ Ιού Ιού Αύγ Σεπ Οκτ Νοέ Δεκ

Αναφορά για 2024 Μάϊος
                   MONTHLY CLIMATOLOGICAL SUMMARY for MAY. 2024

NAME: meteokastro   CITY: ORAIOKASTRO   STATE: THESSALONIKI 
ELEV:   290 m  LAT:  40° 43' 53" N  LONG:  22° 55' 10" E

                   TEMPERATURE (°C), RAIN  (mm), WIND SPEED (km/hr)

                                      HEAT  COOL        AVG
    MEAN                              DEG   DEG         WIND                 DOM
DAY TEMP  HIGH   TIME   LOW    TIME   DAYS  DAYS  RAIN  SPEED HIGH   TIME    DIR
------------------------------------------------------------------------------------
 1  17.3  21.8   14:00  14.2    6:05   1.5   0.5   0.0   1.3  19.3    0:15   SSE
 2  16.7  22.5   15:20  13.3    6:10   2.2   0.5   0.2   0.5  17.7   15:50   SSE
 3  16.8  21.6   15:10  13.5   00:00   2.1   0.5   0.0   3.7  43.5   13:05     W
 4  14.7  19.8   17:10  11.1    8:50   3.7   0.1   1.8   7.6  38.6   11:55   NNW
 5  17.3  22.8   13:50  13.1    6:45   1.9   0.8   0.0   4.7  37.0    5:55   SSE
 6  17.1  22.3   15:35  12.2    6:45   2.1   0.9   0.0   0.6  16.1   12:10   SSE
 7  19.1  25.8   15:40  13.8    4:55   1.2   2.0   0.0   0.2  14.5   11:55   SSE
 8  19.6  24.3   13:25  15.8    6:45   0.6   1.8   0.0   0.3  14.5   14:40   SSE
 9  17.8  22.8   14:00  14.3   21:10   1.3   0.8   1.4   2.9  25.7    9:20   ENE
10  14.6  16.1   15:05  12.3   00:00   3.8   0.0   4.4   2.1  19.3    8:55   ENE
11  16.1  22.3   15:35  12.1    2:05   2.7   0.5   0.6   1.4  20.9    8:25    NW
12  18.6  25.1   16:10  13.6    6:45   1.2   1.5   1.6   2.3  30.6   18:00   WNW
13  17.4  24.1   15:25  13.6    5:55   1.8   0.9   0.0   5.1  29.0    1:00    NW
14  14.7  17.7   15:15  12.8    5:40   3.6   0.0   0.2   1.0  16.1   13:10   SSE
15  14.1  16.3   17:10  12.4    7:50   4.2   0.0   0.2   2.1  22.5   11:05   ENE
16  12.9  14.3    1:25  11.5   11:40   5.4   0.0   6.8   1.9  19.3   17:15    NE
17  15.3  20.4   16:55  11.6    3:30   3.2   0.2   0.0   0.8  17.7   16:10    NE
18  18.1  23.4   15:30  13.3    6:10   1.5   1.3   0.0   0.5  14.5   13:20   SSE
19  20.2  26.7   16:45  16.2    4:35   0.5   2.4   1.0   1.8  19.3    2:15    NE
20  19.8  23.9   13:15  17.2    5:45   0.2   1.7   0.0   1.1  16.1    1:15    NE
21  20.3  24.6   15:05  17.4   00:00   0.1   2.1   0.0   0.5  20.9   15:05   SSE
22  21.2  26.1   12:35  16.6    1:55   0.4   3.2   0.0   0.5  16.1   15:50   SSE
23  22.2  27.5   17:00  17.5    6:40   0.1   3.9   0.0   8.5  41.8    9:45    NW
24  22.2  28.0   16:25  16.9    5:40   0.2   4.1   0.0   6.9  35.4    9:20    NW
25  21.3  25.9   15:20  18.1    5:45   0.0   3.0   0.0   2.6  20.9    6:55   SSE
26  20.4  24.0   12:05  17.0    6:30   0.1   2.2   0.0   2.1  22.5    3:00   SSE
27  20.4  25.8   16:35  15.7    5:55   0.5   2.6   0.0   2.4  37.0   22:40   SSE
28  18.8  23.4   14:30  15.4    6:35   0.9   1.4   3.6   2.7  25.7   17:15   SSE
29  19.6  26.2   14:40  14.5    5:05   1.0   2.3   0.0   2.1  30.6   10:25   WNW
30  20.9  26.6   13:55  16.1    6:10   0.4   3.0   0.0   1.0  24.1   16:30   SSE
31  21.1  26.6   17:25  17.0    5:50   0.2   2.9   0.0   1.0  17.7   14:55   SSE
-------------------------------------------------------------------------------------
    18.3  28.0    24    11.1     4    48.5  47.3  21.8   2.3  43.5     3     SSE

Max >=  32.0:  0
Max <=   0.0:  0
Min <=   0.0:  0
Min <= -18.0:  0
Max Rain: 6.81 ON 16/05/24
Days of Rain: 11 (> .2 mm) 3 (> 2 mm) 0 (> 20 mm)
Heat Base:  18.3  Cool Base:  18.3  Method: Integration