Κλιματικές Αναφορές τύπου NOAA



Αναφορά για 2021 Μάϊος
                   MONTHLY CLIMATOLOGICAL SUMMARY for MAY. 2021

NAME: meteokastro   CITY: ORAIOKASTRO   STATE: THESSALONIKI 
ELEV:   290 m  LAT:  40° 43' 53" N  LONG:  22° 55' 10" E

                   TEMPERATURE (°C), RAIN  (mm), WIND SPEED (km/hr)

                                      HEAT  COOL        AVG
    MEAN                              DEG   DEG         WIND                 DOM
DAY TEMP  HIGH   TIME   LOW    TIME   DAYS  DAYS  RAIN  SPEED HIGH   TIME    DIR
------------------------------------------------------------------------------------
 1  19.2  23.8   6:40p  15.9   5:10a   0.6   1.5   0.0   0.2  19.3   2:00p    NE
 2  21.4  28.1   4:40p  16.2   4:20a   0.3   3.4   0.0   0.2  12.9   8:00a     S
 3  22.7  27.7   5:30p  19.0   7:15a   0.0   4.4   0.0   8.4  37.0   1:20p     N
 4  18.6  22.4   2:25p  15.7  11:00p   0.8   1.0   0.0   3.1  30.6   8:40a     S
 5  18.1  23.4   2:55p  14.7   7:10a   1.2   1.0   0.0   0.2  14.5   2:35p     S
 6  20.7  27.2   4:20p  14.9   4:55a   0.6   3.0   0.0   3.5  32.2   6:45a    NW
 7  19.3  23.3   4:30p  16.1   7:00a   0.3   1.3   0.0   0.8  14.5   5:20a    NE
 8  18.9  23.1   5:20p  15.6  12:00m   0.5   1.1   0.0  12.1  54.7  11:05a   NNW
 9  14.8  18.7   4:30p  12.9  12:40p   3.5   0.0   0.2   3.1  29.0  12:50a     N
10  15.9  20.7   1:20p  11.8   6:35a   2.5   0.3   0.0   0.5  14.5   5:15a     S
11
12
13
14
15
16
17
18
19
20
21
22
23
24
25
26
27
28
29
30
31
-------------------------------------------------------------------------------------
    19.0  28.1     2    11.8    10    10.3  17.0   0.2   3.2  54.7     8       N

Max >=  32.0:  0
Max <=   0.0:  0
Min <=   0.0:  0
Min <= -18.0:  0
Max Rain: 0.20 ON 09/05/21
Days of Rain: 1 (> .2 mm) 0 (> 2 mm) 0 (> 20 mm)
Heat Base:  18.3  Cool Base:  18.3  Method: Integration