Κλιματικές Αναφορές τύπου NOAA


Επιλέξτε μια Ετήσια ή Μηνιαία αναφορά
2024: Ιαν Φεβ Μάρ Απρ Μάϊ Ιού Ιού Αύγ Σεπ Οκτ Νοέ Δεκ
2023: Ιαν Φεβ Μάρ Απρ Μάϊ Ιού Ιού Αύγ Σεπ Οκτ Νοέ Δεκ
2022: Ιαν Φεβ Μάρ Απρ Μάϊ Ιού Ιού Αύγ Σεπ Οκτ Νοέ Δεκ
2021: Ιαν Φεβ Μάρ Απρ Μάϊ Ιού Ιού Αύγ Σεπ Οκτ Νοέ Δεκ
2020: Ιαν Φεβ Μάρ Απρ Μάϊ Ιού Ιού Αύγ Σεπ Οκτ Νοέ Δεκ
2019: Ιαν Φεβ Μάρ Απρ Μάϊ Ιού Ιού Αύγ Σεπ Οκτ Νοέ Δεκ
2018: Ιαν Φεβ Μάρ Απρ Μάϊ Ιού Ιού Αύγ Σεπ Οκτ Νοέ Δεκ
2017: Ιαν Φεβ Μάρ Απρ Μάϊ Ιού Ιού Αύγ Σεπ Οκτ Νοέ Δεκ
2016: Ιαν Φεβ Μάρ Απρ Μάϊ Ιού Ιού Αύγ Σεπ Οκτ Νοέ Δεκ
2015: Ιαν Φεβ Μάρ Απρ Μάϊ Ιού Ιού Αύγ Σεπ Οκτ Νοέ Δεκ
2014: Ιαν Φεβ Μάρ Απρ Μάϊ Ιού Ιού Αύγ Σεπ Οκτ Νοέ Δεκ
2013: Ιαν Φεβ Μάρ Απρ Μάϊ Ιού Ιού Αύγ Σεπ Οκτ Νοέ Δεκ
2012: Ιαν Φεβ Μάρ Απρ Μάϊ Ιού Ιού Αύγ Σεπ Οκτ Νοέ Δεκ
2011: Ιαν Φεβ Μάρ Απρ Μάϊ Ιού Ιού Αύγ Σεπ Οκτ Νοέ Δεκ
2010: Ιαν Φεβ Μάρ Απρ Μάϊ Ιού Ιού Αύγ Σεπ Οκτ Νοέ Δεκ
2009: Ιαν Φεβ Μάρ Απρ Μάϊ Ιού Ιού Αύγ Σεπ Οκτ Νοέ Δεκ

Αναφορά για 2024 Φεβρουάριος
                   MONTHLY CLIMATOLOGICAL SUMMARY for FEB. 2024

NAME: meteokastro   CITY: ORAIOKASTRO   STATE: THESSALONIKI 
ELEV:   290 m  LAT:  40° 43' 53" N  LONG:  22° 55' 10" E

                   TEMPERATURE (°C), RAIN  (mm), WIND SPEED (km/hr)

                                      HEAT  COOL        AVG
    MEAN                              DEG   DEG         WIND                 DOM
DAY TEMP  HIGH   TIME   LOW    TIME   DAYS  DAYS  RAIN  SPEED HIGH   TIME    DIR
------------------------------------------------------------------------------------
 1   5.3  10.9   14:10   1.5    6:05  13.0   0.0   0.0   1.1  17.7   12:35    NW
 2   6.9  10.4   14:35   3.6    0:45  11.4   0.0   0.0  12.6  57.9   12:50    NW
 3   6.5  11.2   16:20   2.9    7:45  11.8   0.0   0.0   7.4  41.8    9:05    NW
 4  11.8  17.3   14:20   5.2    1:40   6.5   0.0   0.0   7.4  40.2   13:05    NW
 5  13.9  19.0   14:55   9.2    7:30   4.4   0.0   0.0   1.8  22.5    2:45   NNW
 6  15.7  20.4   14:35  12.3   23:00   2.9   0.2   0.0   3.9  30.6    5:05    NW
 7  13.7  18.4   13:50  10.8    6:25   4.6   0.0   0.0   1.9  24.1    7:35   NNW
 8  12.7  18.3   14:35  10.1    6:55   5.6   0.0   0.0   0.0   9.7   14:50    SW
 9  12.1  16.4   13:50   8.4    7:05   6.3   0.0   0.0   0.2  12.9   13:35     N
10  12.5  14.7   12:15   9.6    8:00   5.8   0.0   0.0   1.0  16.1   20:25    NE
11  14.5  16.1   13:45  13.1    2:10   3.8   0.0   2.2   6.9  37.0   14:55    SE
12  10.9  14.7   14:50   8.1    3:30   7.4   0.0  11.0   1.8  33.8    2:10    NE
13  10.5  14.1   15:30   8.4   00:00   7.8   0.0   0.0  10.6  45.1   20:45    NW
14   8.7  12.7   13:40   6.4   23:35   9.6   0.0   0.0  17.2  51.5    7:45    NW
15   7.8  12.8   15:00   4.1    7:20  10.5   0.0   0.0  14.2  49.9    0:50    NW
16   9.2  14.4   14:45   5.2    6:45   9.1   0.0   0.0   5.5  32.2    2:05    NW
17   9.6  13.2   13:55   6.7    3:55   8.7   0.0   0.0   0.5  12.9   15:55   NNE
18  10.8  16.1   13:55   6.9    7:25   7.4   0.0   0.0   4.3  37.0   16:15    NW
19   8.9  12.4   14:00   7.0    6:30   9.4   0.0   0.0   2.1  16.1    8:20   ENE
20   8.0  10.3   16:20   6.8   00:00  10.3   0.0   7.6   0.5  11.3    0:55   NNE
21   8.7  14.1   14:50   4.9    6:15   9.6   0.0   0.2   1.3  27.4   11:30   NNW
22  10.0  13.6   15:00   6.7    7:25   8.3   0.0   0.0   0.6  17.7   13:30   SSE
23  12.2  16.6   14:50   9.0    7:20   6.1   0.0   0.0   1.1  14.5    2:55    NE
24  14.6  18.6   14:10  10.6    6:10   3.7   0.0   0.0   2.3  27.4   13:25   SSE
25  13.2  14.8    0:05  11.8    7:25   5.1   0.0   0.4   2.9  33.8   23:55   ENE
26  13.1  16.2   14:55  11.8    5:35   5.2   0.0   0.2   5.6  38.6   13:45   ENE
27  13.6  18.1   14:40  10.6    5:50   4.8   0.0   0.0   1.1  14.5   14:25   NNW
28  12.7  16.1   12:50  10.8    5:35   5.6   0.0   0.0   3.1  25.7    7:30    NE
29
-------------------------------------------------------------------------------------
    11.0  20.4     6     1.5     1   204.8   0.2  21.6   4.2  57.9     2      NW

Max >=  32.0:  0
Max <=   0.0:  0
Min <=   0.0:  0
Min <= -18.0:  0
Max Rain: 11.00 ON 12/02/24
Days of Rain: 6 (> .2 mm) 3 (> 2 mm) 0 (> 20 mm)
Heat Base:  18.3  Cool Base:  18.3  Method: Integration