Κλιματικές Αναφορές τύπου NOAA


Επιλέξτε μια Ετήσια ή Μηνιαία αναφορά
2024: Ιαν Φεβ Μάρ Απρ Μάϊ Ιού Ιού Αύγ Σεπ Οκτ Νοέ Δεκ
2023: Ιαν Φεβ Μάρ Απρ Μάϊ Ιού Ιού Αύγ Σεπ Οκτ Νοέ Δεκ
2022: Ιαν Φεβ Μάρ Απρ Μάϊ Ιού Ιού Αύγ Σεπ Οκτ Νοέ Δεκ
2021: Ιαν Φεβ Μάρ Απρ Μάϊ Ιού Ιού Αύγ Σεπ Οκτ Νοέ Δεκ
2020: Ιαν Φεβ Μάρ Απρ Μάϊ Ιού Ιού Αύγ Σεπ Οκτ Νοέ Δεκ
2019: Ιαν Φεβ Μάρ Απρ Μάϊ Ιού Ιού Αύγ Σεπ Οκτ Νοέ Δεκ
2018: Ιαν Φεβ Μάρ Απρ Μάϊ Ιού Ιού Αύγ Σεπ Οκτ Νοέ Δεκ
2017: Ιαν Φεβ Μάρ Απρ Μάϊ Ιού Ιού Αύγ Σεπ Οκτ Νοέ Δεκ
2016: Ιαν Φεβ Μάρ Απρ Μάϊ Ιού Ιού Αύγ Σεπ Οκτ Νοέ Δεκ
2015: Ιαν Φεβ Μάρ Απρ Μάϊ Ιού Ιού Αύγ Σεπ Οκτ Νοέ Δεκ
2014: Ιαν Φεβ Μάρ Απρ Μάϊ Ιού Ιού Αύγ Σεπ Οκτ Νοέ Δεκ
2013: Ιαν Φεβ Μάρ Απρ Μάϊ Ιού Ιού Αύγ Σεπ Οκτ Νοέ Δεκ
2012: Ιαν Φεβ Μάρ Απρ Μάϊ Ιού Ιού Αύγ Σεπ Οκτ Νοέ Δεκ
2011: Ιαν Φεβ Μάρ Απρ Μάϊ Ιού Ιού Αύγ Σεπ Οκτ Νοέ Δεκ
2010: Ιαν Φεβ Μάρ Απρ Μάϊ Ιού Ιού Αύγ Σεπ Οκτ Νοέ Δεκ
2009: Ιαν Φεβ Μάρ Απρ Μάϊ Ιού Ιού Αύγ Σεπ Οκτ Νοέ Δεκ

Αναφορά για 2024 Ιούνιος
                   MONTHLY CLIMATOLOGICAL SUMMARY for JUN. 2024

NAME: meteokastro   CITY: ORAIOKASTRO   STATE: THESSALONIKI 
ELEV:   290 m  LAT:  40° 43' 53" N  LONG:  22° 55' 10" E

                   TEMPERATURE (°C), RAIN  (mm), WIND SPEED (km/hr)

                                      HEAT  COOL        AVG
    MEAN                              DEG   DEG         WIND                 DOM
DAY TEMP  HIGH   TIME   LOW    TIME   DAYS  DAYS  RAIN  SPEED HIGH   TIME    DIR
------------------------------------------------------------------------------------
 1  22.4  27.9   15:20  17.9    6:40   0.0   4.2   0.0   1.0  16.1   14:05   NNE
 2  24.6  29.9   15:00  19.6    5:20   0.0   6.3   0.0   0.3  11.3   11:30   SSE
 3  25.7  31.0   13:15  21.7    0:05   0.0   7.4   0.0   0.6  19.3    1:10   NNW
 4  26.8  34.0   17:05  20.8    6:45   0.0   8.6   0.0   1.0  24.1   16:15   SSE
 5  27.0  33.3   14:35  22.7    6:05   0.0   8.7   0.4   4.3  32.2    6:30    NW
 6  25.7  31.7   14:15  21.9    4:25   0.0   7.3   0.0   5.5  38.6    7:10    NW
 7  26.6  31.6   13:30  22.4    6:05   0.0   8.3   0.0   1.8  29.0   12:25   ENE
 8  26.7  32.2   14:50  22.7    6:40   0.0   8.4   0.0   1.0  19.3   13:50   SSE
 9  25.7  30.2   15:40  22.3    3:35   0.0   7.4   0.0   0.6  22.5   13:20   SSE
10  26.4  30.9   13:05  22.6    5:50   0.0   8.2   0.0   0.6  16.1   11:35   SSE
11  28.4  34.8   16:00  23.2    4:25   0.0  10.1   0.0   0.6  17.7   12:15   SSE
12  29.2  34.9   16:05  25.3    3:00   0.0  10.9   0.0   0.5  16.1   12:40   SSE
13  28.3  34.1   12:35  25.3    6:35   0.0  10.0   0.0   2.3  48.3   17:55     W
14  25.4  27.8    8:00  23.2    1:10   0.0   2.9   0.6   3.4  37.0    9:25   WNW
15
16
17
18
19
20
21
22
23
24
25
26
27
28
29
30
-------------------------------------------------------------------------------------
    26.3  34.9    12    17.9     1     0.0 108.5   1.0   1.7  48.3    13     SSE

Max >=  32.0:  6
Max <=   0.0:  0
Min <=   0.0:  0
Min <= -18.0:  0
Max Rain: 0.61 ON 14/06/24
Days of Rain: 2 (> .2 mm) 0 (> 2 mm) 0 (> 20 mm)
Heat Base:  18.3  Cool Base:  18.3  Method: Integration