Κλιματικές Αναφορές τύπου NOAA



Αναφορά για 2022 Νοέμβριος
                   MONTHLY CLIMATOLOGICAL SUMMARY for NOV. 2022

NAME: meteokastro   CITY: ORAIOKASTRO   STATE: THESSALONIKI 
ELEV:   290 m  LAT:  40° 43' 53" N  LONG:  22° 55' 10" E

                   TEMPERATURE (°C), RAIN  (mm), WIND SPEED (km/hr)

                                      HEAT  COOL        AVG
    MEAN                              DEG   DEG         WIND                 DOM
DAY TEMP  HIGH   TIME   LOW    TIME   DAYS  DAYS  RAIN  SPEED HIGH   TIME    DIR
------------------------------------------------------------------------------------
 1  18.6  22.6   13:05  15.8    6:55   0.7   1.0   0.0   0.8  16.1   13:45   SSW
 2  19.9  27.2   14:30  15.4    6:55   0.7   2.4   0.0   0.5  17.7   11:50   WSW
 3  19.9  26.2   14:00  15.8   23:50   0.4   2.0   0.0   1.0  22.5   10:20   NNW
 4  16.1  19.7   13:40  13.4    7:20   2.4   0.1   0.0   1.6  20.9   14:40   SSW
 5  15.6  20.5   15:00  12.7    7:30   3.0   0.2   0.4   1.3  24.1   20:55   SSE
 6  13.7  15.7    2:05  11.8   18:20   4.6   0.0  13.4   3.2  29.0    4:30    SE
 7  15.1  20.2   13:40  11.9    5:20   3.5   0.2   0.0   1.9  22.5    1:45   NNW
 8  14.5  18.1   13:15  12.4    7:05   3.8   0.0   0.0   0.5  19.3   11:50   WSW
 9  14.0  17.7   15:05  12.2   23:05   4.3   0.0   0.0   0.0   6.4   14:35    NE
10  14.0  18.5   13:35  11.4    5:45   4.3   0.0   0.0   0.3  14.5   13:50   WSW
11  12.9  16.8   15:40  10.8    7:25   5.3   0.0   0.0   7.2  35.4   19:45     N
12  10.7  15.2   12:15   9.1   19:00   7.6   0.0   0.0   5.3  27.4   13:20   NNE
13  13.2  17.5   14:30  10.8    0:25   4.8   0.0   0.0   3.1  38.6    2:45   ENE
14  12.9  17.1   14:40  10.6    7:05   5.4   0.0   0.0   0.6  17.7   12:45   WSW
15  11.8  13.1   14:05  10.7    5:15   6.5   0.0   0.0   0.0   9.7    4:40    NE
16  13.1  16.4   12:50  11.0    4:35   5.3   0.0   0.0   0.3  12.9   12:10    SW
17  15.4  19.6   14:35  12.7    0:05   3.0   0.1   1.2   1.0  20.9   12:20   SSW
18  16.8  20.4   13:30  13.6    5:25   1.7   0.2   0.0   0.6  17.7   13:10   SSW
19  19.4  23.1   12:35  16.6    7:35   0.4   1.5   0.0   1.6  25.7   19:55   SSW
20  16.9  19.3   11:20  13.3   22:50   1.6   0.1  15.0   1.3  29.0   14:10   SSE
21  14.1  16.9   14:05   9.7   23:30   4.2   0.0   3.0   7.9  49.9    0:35   WSW
22  11.0  13.7   14:35   7.9    4:20   7.3   0.0   1.0   2.3  24.1   14:40    NW
23  12.7  16.4   14:55  10.3    8:05   5.6   0.0   1.4   1.0  19.3   13:35   SSW
24  11.3  15.9   12:40   8.1   23:10   7.0   0.0   0.0   7.4  43.5   20:05    NW
25   9.2  12.5   15:05   6.9    5:40   9.1   0.0   0.0  15.6  54.7   14:10    NW
26   8.6  12.8   15:50   5.1    6:20   9.7   0.0   0.0   3.4  22.5    4:00   NNE
27   7.0   9.7   13:35   4.9   23:55  11.3   0.0   0.0   3.7  24.1   10:15   NNE
28   5.2   6.4   14:55   3.5    6:55  13.2   0.0   2.2   4.5  27.4    2:40   NNE
29   7.0   8.7   13:35   5.2    2:30  11.0   0.0   0.0   1.9  22.5   23:00   NNE
30
-------------------------------------------------------------------------------------
    13.5  27.2     2     3.5    28   147.5   7.9  37.6   2.8  54.7    25      NW

Max >=  32.0:  0
Max <=   0.0:  0
Min <=   0.0:  0
Min <= -18.0:  0
Max Rain: 15.01 ON 20/11/22
Days of Rain: 8 (> .2 mm) 4 (> 2 mm) 0 (> 20 mm)
Heat Base:  18.3  Cool Base:  18.3  Method: Integration