Κλιματικές Αναφορές τύπου NOAA



Αναφορά για 2022 Αύγουστος
                   MONTHLY CLIMATOLOGICAL SUMMARY for AUG. 2022

NAME: meteokastro   CITY: ORAIOKASTRO   STATE: THESSALONIKI 
ELEV:   290 m  LAT:  40° 43' 53" N  LONG:  22° 55' 10" E

                   TEMPERATURE (°C), RAIN  (mm), WIND SPEED (km/hr)

                                      HEAT  COOL        AVG
    MEAN                              DEG   DEG         WIND                 DOM
DAY TEMP  HIGH   TIME   LOW    TIME   DAYS  DAYS  RAIN  SPEED HIGH   TIME    DIR
------------------------------------------------------------------------------------
 1  27.0  32.1   17:15  22.4    7:45   0.0   8.7   0.0  10.0  40.2    7:05   NNW
 2  26.6  33.2   16:55  21.7    6:20   0.0   8.2   0.0   4.7  32.2   14:30   NNW
 3  25.9  31.0   16:20  20.0   23:50   0.0   7.7   6.2   1.3  25.7   22:30    NE
 4  26.4  32.0   17:05  20.2    0:05   0.0   8.1   0.0   1.9  19.3    1:50   NNW
 5  27.5  33.2   17:05  23.3    6:50   0.0   9.2   0.0   1.0  17.7    5:40    NE
 6  28.6  34.1   16:25  24.2    4:55   0.0  10.3   0.0   1.6  27.4   22:55    SW
 7  28.0  32.7   14:55  24.9    5:45   0.0   9.7   0.0   1.9  35.4   13:25   NNW
 8  28.2  32.8   14:40  23.9    6:40   0.0   9.9   0.0   5.0  37.0   12:45     N
 9  29.2  34.0   17:40  25.2    6:45   0.0  10.9   0.0   2.7  30.6   15:35     N
10  27.4  33.8   15:50  24.2    9:15   0.0   9.2   0.0   7.2  32.2   18:10   NNW
11  25.4  32.3   15:25  20.4   20:00   0.0   7.1   3.8   6.6  46.7   19:25   NNW
12  23.6  28.4   16:05  20.0    9:00   0.0   5.2   2.0   1.4  27.4   23:35   NNW
13  23.6  29.2   14:55  21.1    7:45   0.0   5.3   0.0   4.0  27.4   11:00   NNW
14  21.6  25.5   15:40  18.8    9:05   0.0   3.3   3.6   3.7  33.8    4:35   NNW
15  23.9  30.2   15:55  18.7    6:25   0.0   5.6   0.0   7.2  38.6    8:25   NNW
16  25.2  31.1   16:50  20.7   22:10   0.0   6.9   2.4   1.3  43.5   19:15     S
17  27.1  34.3   17:10  20.4    2:45   0.0   8.8   0.0   2.4  27.4    8:40    NW
18  29.9  36.2   16:05  24.3    5:30   0.0  11.6   0.0   2.1  24.1   16:50    NW
19  30.2  36.6   13:15  26.4    5:15   0.0  11.6   0.0   1.9  24.1   16:15   NNE
20
21
22
23
24
25
26
27
28
29
30
31
-------------------------------------------------------------------------------------
    26.6  36.6    19    18.7    15     0.0 157.3  18.0   3.6  46.7    11     NNW

Max >=  32.0: 13
Max <=   0.0:  0
Min <=   0.0:  0
Min <= -18.0:  0
Max Rain: 6.20 ON 03/08/22
Days of Rain: 5 (> .2 mm) 5 (> 2 mm) 0 (> 20 mm)
Heat Base:  18.3  Cool Base:  18.3  Method: Integration