Κλιματικές Αναφορές τύπου NOAA



Αναφορά για 2022 Μάρτιος
                   MONTHLY CLIMATOLOGICAL SUMMARY for MAR. 2022

NAME: meteokastro   CITY: ORAIOKASTRO   STATE: THESSALONIKI 
ELEV:   290 m  LAT:  40° 43' 53" N  LONG:  22° 55' 10" E

                   TEMPERATURE (°C), RAIN  (mm), WIND SPEED (km/hr)

                                      HEAT  COOL        AVG
    MEAN                              DEG   DEG         WIND                 DOM
DAY TEMP  HIGH   TIME   LOW    TIME   DAYS  DAYS  RAIN  SPEED HIGH   TIME    DIR
------------------------------------------------------------------------------------
 1   2.1   4.7   2:25p   0.1   7:35a  16.2   0.0   8.4   2.9  22.5  11:55p   NNE
 2   3.1   7.0   4:30p   0.5   7:45a  15.2   0.0   0.0   7.7  40.2  10:35p    NW
 3   4.4   8.8   2:35p   0.7   4:35a  13.9   0.0   0.0   9.5  40.2   9:00a   NNW
 4   6.7  11.4   2:30p   3.3   1:00a  11.7   0.0   0.4   1.4  16.1   8:55a   NNW
 5   4.7   5.7  12:05a   3.7  11:45p  13.7   0.0   8.8   1.8  25.7  10:00p     N
 6   3.4   4.7   4:00p   2.6  10:55p  14.9   0.0   7.4   2.3  29.0   4:25a     W
 7   5.0   9.0   2:15p   2.8   6:10a  13.3   0.0   0.0   0.8  19.3   7:55p   NNE
 8   0.9   4.2  12:05a  -0.9  11:55p  17.4   0.0  13.4   7.2  29.0  11:10p   NNW
 9   1.0   5.7   2:20p  -1.5   6:45a  17.3   0.0   0.6  10.0  35.4   7:40p   NNW
10   1.1   5.3   3:20p  -1.2   6:50a  17.2   0.0   0.0   5.1  29.0   8:30a   NNE
11   0.5   4.7   2:00p  -3.1   6:30a  17.8   0.0   0.0   5.6  32.2   7:30p    NW
12   0.9   5.8   4:50p  -2.6   5:00a  17.4   0.0   0.0   2.4  19.3   3:50a   NNE
13   2.5   7.1   2:20p  -1.9   6:20a  15.8   0.0   0.0   2.1  22.5   4:40p    SW
14   5.3  10.4   3:00p   1.9   6:35a  13.0   0.0   0.0   2.3  16.1   4:00a   NNW
15   6.6  11.8   3:40p   2.4   5:05a  11.7   0.0   0.0   1.4  16.1  11:25a     E
16   8.1  11.8   3:00p   5.6  12:05a  10.2   0.0   0.0   0.3  14.5   1:10p   ESE
17   7.2  11.5  11:55a   3.9  11:55p  11.1   0.0   6.6   6.6  32.2   5:10p   ENE
18   1.7   3.9  12:05a   0.1  10:50a  16.6   0.0   1.6   3.5  30.6  12:10a   ENE
19   2.8   7.6   3:20p   0.0   5:45a  15.5   0.0   0.0   1.0  24.1   5:00p   NNE
20   3.2   9.1   2:45p  -1.5   5:50a  15.1   0.0   0.0   1.6  22.5   3:25p   NNE
21   5.1  10.7   2:35p   0.0   6:45a  13.3   0.0   0.0   3.1  30.6   1:40p   NNE
22   8.7  15.9   2:45p   3.0   5:35a   9.4   0.0   0.0  10.5  40.2   5:10p    NW
23   9.2  16.2   3:20p   4.1   4:15a   9.2   0.0   0.0   1.9  29.0   3:25p   NNE
24  12.8  19.8   3:20p   5.2   5:45a   5.7   0.1   0.0   5.3  32.2   2:15p    NW
25  15.8  20.8   3:30p  10.7   4:40a   2.9   0.5   0.0  10.9  45.1  10:40a   WNW
26  10.9  14.5   2:45p   7.6  11:55p   7.4   0.0   0.0   3.9  29.0   2:05a     S
27  12.6  20.4   3:35p   6.6   7:10a   5.6   0.2   0.0   1.0  25.7   1:10p     S
28  12.1  16.4   1:35p  10.0   4:05a   6.3   0.0   0.0   0.5  12.9   8:05a   NNE
29  11.7  16.3   3:20p   9.2   5:30a   6.6   0.0   0.0   0.6  17.7   1:20p     S
30  12.6  16.2  12:30p   8.9   6:15a   5.7   0.0   0.0   0.3  12.9   2:45p     S
31  12.8  14.9  10:05p  11.5   7:40a   5.5   0.0   0.2   5.6  32.2   5:15p   ENE
-------------------------------------------------------------------------------------
     6.3  20.8    25    -3.1    11   372.3   0.8  47.4   3.8  45.1    25      NW

Max >=  32.0:  0
Max <=   0.0:  0
Min <=   0.0:  9
Min <= -18.0:  0
Max Rain: 13.41 ON 08/03/22
Days of Rain: 9 (> .2 mm) 5 (> 2 mm) 0 (> 20 mm)
Heat Base:  18.3  Cool Base:  18.3  Method: Integration