Κλιματικές Αναφορές τύπου NOAA



Αναφορά για 2020 Ιανουάριος
                   MONTHLY CLIMATOLOGICAL SUMMARY for JAN. 2020

NAME: meteokastro   CITY: ORAIOKASTRO   STATE: THESSALONIKI 
ELEV:   290 m  LAT:  40° 43' 53" N  LONG:  22° 55' 10" E

                   TEMPERATURE (°C), RAIN  (mm), WIND SPEED (km/hr)

                                      HEAT  COOL        AVG
    MEAN                              DEG   DEG         WIND                 DOM
DAY TEMP  HIGH   TIME   LOW    TIME   DAYS  DAYS  RAIN  SPEED HIGH   TIME    DIR
------------------------------------------------------------------------------------
 1   5.1   8.1   2:20p   1.8  11:50p  13.2   0.0   0.0  15.0  56.3   4:20a     N
 2   2.9   6.8   2:40p   0.2   7:30a  15.4   0.0   0.0  12.7  35.4   4:40a     N
 3   4.0   8.7   3:15p  -0.1   8:00a  14.3   0.0   0.0   5.5  40.2  11:05a     N
 4   8.3  14.6   2:45p   3.3   7:20a  10.0   0.0   0.0   5.3  43.5   8:55p     N
 5   5.1   7.7  12:05a   1.6  11:55p  13.3   0.0   0.6  16.9  53.1   5:35p   NNW
 6   1.8   4.8   2:05p  -0.9  12:00m  16.5   0.0   0.0  17.5  56.3  10:00a    NW
 7   1.0   5.2   2:40p  -2.1   7:55a  17.3   0.0   0.0  13.5  46.7   5:25a   NNW
 8   2.4   6.5   2:25p  -0.6   7:20a  15.9   0.0   0.0   9.8  33.8   7:40p     N
 9   3.6   8.1   2:30p   0.2   5:55a  14.7   0.0   0.0   5.5  30.6   8:50a   NNW
10   6.1  10.5   2:45p   2.4   6:50a  12.3   0.0   0.0   1.0  17.7   2:50a   NNW
11   7.9  11.8   1:20p   3.9   7:15a  10.3   0.0   0.0   7.6  41.8   5:35p     N
12   6.2   7.6  12:10a   5.4   5:45p  12.1   0.0   4.0   6.4  33.8  12:50a     N
13   7.2  10.7   2:25p   5.7  12:00m  11.1   0.0   0.2   1.1  16.1   1:30a     N
14   7.1  11.2   2:20p   4.4   5:55a  11.2   0.0   0.0   0.8  16.1  10:15p   NNW
15   7.3  11.7   2:30p   3.6   7:40a  11.0   0.0   0.0   2.6  22.5   3:25a   NNE
16   6.7  10.6   2:35p   4.6   4:55a  11.6   0.0   0.0   1.3  17.7   7:15p     N
17   5.2   8.1   3:25p   2.1   8:05a  13.1   0.0   0.0   4.8  22.5  11:45a    NE
18   4.7   6.5   1:40p   3.8   7:25a  13.6   0.0   0.0   4.5  19.3  12:50a   ENE
19   4.7   6.3   3:45p   2.7  11:25p  13.6   0.0   0.0   4.5  20.9  12:45a   NNE
20   2.6   5.6   2:20p   0.0  11:50p  15.8   0.0   0.0  12.7  40.2   3:50a     N
21   1.7   5.8   1:55p  -1.2   7:55a  16.6   0.0   0.0   6.4  41.8   9:25a     N
22   4.6  10.2   2:25p  -0.3   7:40a  13.7   0.0   0.0   2.1  25.7  10:15a     W
23   7.1   9.8   2:15p   4.6   1:15a  11.2   0.0   0.0  12.4  53.1  11:15a   NNW
24   6.2   9.8   2:30p   4.4  12:40a  12.1   0.0   0.0   2.1  17.7   1:45p    NE
25   6.7  11.2   2:55p   3.2   7:25a  11.1   0.0   0.0   0.2  11.3   2:10p     S
26
27
28
29
30
31
-------------------------------------------------------------------------------------
     5.0  14.6     4    -2.1     7   331.0   0.0   4.8   6.9  56.3     1       N

Max >=  32.0:  0
Max <=   0.0:  0
Min <=   0.0:  7
Min <= -18.0:  0
Max Rain: 3.99 ON 12/01/20
Days of Rain: 3 (> .2 mm) 1 (> 2 mm) 0 (> 20 mm)
Heat Base:  18.3  Cool Base:  18.3  Method: Integration