Κλιματικές Αναφορές τύπου NOAA



Αναφορά για 2018 Ιούλιος
                   MONTHLY CLIMATOLOGICAL SUMMARY for JUL. 2018

NAME: meteokastro   CITY: ORAIOKASTRO   STATE: THESSALONIKI 
ELEV:   270 m  LAT:  40° 43' 53" N  LONG:  22° 55' 10" E

                   TEMPERATURE (°C), RAIN  (mm), WIND SPEED (km/hr)

                                      HEAT  COOL        AVG
    MEAN                              DEG   DEG         WIND                 DOM
DAY TEMP  HIGH   TIME   LOW    TIME   DAYS  DAYS  RAIN  SPEED HIGH   TIME    DIR
------------------------------------------------------------------------------------
 1  25.2  31.1   6:30p  20.0   6:30a   0.0   6.8   0.0   6.3  38.6  10:30a     N
 2  24.9  29.1   2:00p  21.0   6:30a   0.0   6.6   0.0   1.0  19.3   2:30p     S
 3  25.5  30.2   3:00p  21.1   6:00a   0.0   7.2   0.0   0.6  19.3   4:30p     S
 4  26.5  31.0   4:00p  22.8   6:30a   0.0   8.2   0.4   1.0  19.3   3:30p     S
 5  27.5  33.4   4:00p  21.9   7:00a   0.0   9.2   0.0   4.0  29.0  11:30a     N
 6  26.6  30.2   4:00p  23.3   7:00a   0.0   8.3   0.0   0.5  17.7   3:30p   SSW
 7  23.8  29.4   2:00p  19.6   5:30p   0.0   5.5  10.8   2.1  46.7   4:30p     N
 8  23.7  29.1   4:30p  19.2   6:30a   0.0   5.4   0.0   7.2  35.4   5:00p     N
 9  21.2  28.4   4:00p  16.3  11:30p   0.3   3.2   7.2   7.9  37.0   1:00a     N
10  22.1  28.6   6:00p  16.0   1:30a   0.5   4.3   0.0   3.4  30.6   9:30a     N
11  24.8  29.9   3:30p  20.3   4:30a   0.0   6.5   0.0   1.6  20.9   6:00a     N
12  26.4  32.4   2:30p  21.2   6:30a   0.0   8.1   0.0   0.8  22.5   3:30p     S
13  27.4  33.6   5:00p  22.9   7:00a   0.0   9.1   0.0   0.8  27.4   8:30p     N
14  27.1  31.9   3:30p  22.2   7:00a   0.0   8.8   0.0   7.6  40.2   6:30p     N
15  26.7  31.9   4:00p  21.1   7:00a   0.0   8.3   0.0   6.8  35.4  12:30p     N
16  26.8  32.7   5:00p  21.1   7:00a   0.0   8.6   0.0   7.9  48.3   4:00p     N
17  26.5  32.9   4:00p  23.1   6:00a   0.0   8.2   0.0   2.4  32.2   5:30p     S
18  22.0  23.6  12:30a  20.8   5:30a   0.0   0.9   0.0   8.7  37.0   5:30a     N
19
20
21
22
23
24
25
26
27
28
29
30
31
-------------------------------------------------------------------------------------
    25.3  33.6    13    16.0    10     0.7 123.1  18.4   3.9  48.3    16       N

Max >=  32.0:  5
Max <=   0.0:  0
Min <=   0.0:  0
Min <= -18.0:  0
Max Rain: 10.80 ON 07/07/18
Days of Rain: 3 (> .2 mm) 2 (> 2 mm) 0 (> 20 mm)
Heat Base:  18.3  Cool Base:  18.3  Method: Integration