Κλιματικές Αναφορές τύπου NOAA



Αναφορά για 2018 Μάϊος
                   MONTHLY CLIMATOLOGICAL SUMMARY for MAY. 2018

NAME: meteokastro   CITY: ORAIOKASTRO   STATE: THESSALONIKI 
ELEV:   270 m  LAT:  40° 43' 53" N  LONG:  22° 55' 10" E

                   TEMPERATURE (°C), RAIN  (mm), WIND SPEED (km/hr)

                                      HEAT  COOL        AVG
    MEAN                              DEG   DEG         WIND                 DOM
DAY TEMP  HIGH   TIME   LOW    TIME   DAYS  DAYS  RAIN  SPEED HIGH   TIME    DIR
------------------------------------------------------------------------------------
 1  21.3  27.7   4:00p  16.7   3:00a   0.3   3.3   0.0   0.6  19.3   5:00p     S
 2  20.2  25.2   2:00p  16.8  12:00m   0.3   2.2   0.0   1.3  24.1   2:30p     E
 3  19.1  22.4   3:00p  16.3   6:00a   0.5   1.3   0.0   2.1  20.9   8:30p   ENE
 4  21.7  26.7   3:30p  18.0  12:30a   0.0   3.4   0.0   3.5  32.2   8:00a     E
 5  22.0  28.2   2:30p  18.4  11:00p   0.0   3.7   0.2   1.0  27.4   4:30p   WNW
 6  18.1  24.6   3:00p  14.2   7:00a   1.2   0.9  34.4   2.6  38.6   3:30p     N
 7  18.9  24.4   1:30p  16.1   6:00a   0.7   1.3   3.8   2.9  33.8  12:30a     N
 8  18.9  23.1   2:00p  15.5   6:00a   0.8   1.4   1.2   1.1  20.9   1:30a   SSW
 9  19.2  24.1  12:30p  15.4   6:30a   0.6   1.6   0.0   0.5  14.5  10:30a   ENE
10  16.9  21.8  12:00p  14.1  11:00p   1.7   0.3  15.4   1.0  32.2   5:00p    NE
11  17.7  21.4   1:30p  14.5  12:30a   1.2   0.6   1.6   1.9  25.7   3:00p     N
12  18.6  23.4   2:00p  13.9   6:00a   1.1   1.4   0.0   1.0  20.9   4:00p     S
13  17.1  21.5   2:00p  14.0   7:00a   1.7   0.5   6.0   1.0  19.3   3:30p     S
14  17.5  22.2   2:00p  13.5   6:00a   1.7   0.9   0.2   0.6  25.7   5:30p     S
15  20.1  24.8   3:30p  15.8   7:00a   0.6   2.3   0.2   0.8  20.9   4:30p     S
16  22.2  26.7   5:00p  17.7   7:00a   0.0   4.0   0.0   0.8  17.7   1:30p     S
17  21.9  26.5   4:00p  18.2   7:00a   0.0   3.6   0.0   1.0  17.7   2:00p     S
18  20.7  27.2   3:30p  16.1  10:30p   0.2   2.5   2.8   2.6  35.4   4:30p     N
19  19.7  24.9   4:30p  15.5   2:00a   0.7   2.1   4.4   3.1  24.1   1:30a     N
20  20.8  25.1   3:30p  17.6   6:30a   0.0   2.5   0.0   2.1  22.5   4:30a     N
21  18.3  21.1   6:00p  15.4   1:30a   0.7   0.6   3.4   1.3  30.6   1:30a   NNW
22  18.7  19.0  12:30a  18.5   1:00a   0.0   0.0   0.0   0.0   0.0     ---   ---
23
24
25
26
27
28
29
30
31
-------------------------------------------------------------------------------------
    19.5  28.2     5    13.5    14    13.9  40.6  73.6   1.5  38.6     6       S

Max >=  32.0:  0
Max <=   0.0:  0
Min <=   0.0:  0
Min <= -18.0:  0
Max Rain: 34.39 ON 06/05/18
Days of Rain: 12 (> .2 mm) 7 (> 2 mm) 1 (> 20 mm)
Heat Base:  18.3  Cool Base:  18.3  Method: Integration