Κλιματικές Αναφορές τύπου NOAA



Αναφορά για 2019 Ιούλιος
                   MONTHLY CLIMATOLOGICAL SUMMARY for JUL. 2019

NAME: meteokastro   CITY: ORAIOKASTRO   STATE: THESSALONIKI 
ELEV:   270 m  LAT:  40° 43' 53" N  LONG:  22° 55' 10" E

                   TEMPERATURE (°C), RAIN  (mm), WIND SPEED (km/hr)

                                      HEAT  COOL        AVG
    MEAN                              DEG   DEG         WIND                 DOM
DAY TEMP  HIGH   TIME   LOW    TIME   DAYS  DAYS  RAIN  SPEED HIGH   TIME    DIR
------------------------------------------------------------------------------------
 1  25.8  31.7   4:30p  20.6   4:30a   0.0   7.5   0.0   0.5  37.0   1:30p   WSW
 2  27.5  34.4   5:00p  22.3   6:00a   0.0   9.2   0.0   0.6  22.5   2:00p   WSW
 3  29.8  36.6   4:30p  24.1   5:00a   0.0  11.5   0.0   0.5  20.9   2:30p     S
 4  28.3  32.8   4:00p  23.7  11:30p   0.0  10.0   0.0   1.8  37.0  11:00p   SSW
 5  25.8  31.0   4:00p  20.8   3:00a   0.0   7.5   0.0   1.9  41.8  12:30a   SSW
 6  27.5  34.1   6:00p  21.8   6:00a   0.0   9.2   0.0   4.2  33.8   1:30p     N
 7  27.4  32.5   4:30p  22.7   6:30a   0.0   9.1   0.0   0.3  16.1   3:00p   SSW
 8  29.1  35.7   4:00p  23.3   6:30a   0.0  10.8   0.0   3.2  29.0   6:30p     N
 9  27.3  32.4   4:30p  23.7   6:30a   0.0   9.1   0.0   0.8  17.7   2:30p     S
10  24.9  31.9   2:30p  17.3  10:00p   0.0   6.7   4.8   6.3  56.3   9:30p     N
11  19.7  26.3   5:30p  13.6   7:00a   1.2   2.6  11.4   7.6  43.5   8:00a     N
12  22.6  27.7   5:30p  18.3   6:30a   0.0   4.3   0.0   2.6  29.0  12:30p     N
13  23.2  27.9   3:30p  19.1   6:00a   0.0   4.9   1.0   0.5  20.9   8:30p   SSW
14  21.3  26.7   4:00p  17.0   3:30a   0.3   3.2   6.0   4.3  37.0   4:30p     N
15  22.0  27.5   6:00p  16.7   7:00a   0.1   3.7   0.0   3.2  37.0   6:00a     N
16  19.1  21.7   1:30p  17.3   8:30p   0.2   1.0  11.0   1.3  27.4  10:30a   NNW
17  22.2  27.8   4:00p  17.9  12:30a   0.0   3.9   0.0   1.6  25.7   5:00a     N
18  24.3  29.3   5:30p  19.9   5:00a   0.0   6.0   0.0   1.3  24.1   7:30a     S
19  24.5  28.5   1:30p  21.3   2:00a   0.0   6.2   0.0   0.6  37.0   2:00p   ENE
20  25.7  30.6   5:30p  20.7   6:00a   0.0   7.4   0.0   0.6  19.3   2:30p   NNE
21  25.6  30.9   3:00p  22.3   6:30a   0.0   4.7   0.0   0.3  17.7   3:30p   NNE
22
23
24
25
26
27
28
29
30
31
-------------------------------------------------------------------------------------
    24.9  36.6     3    13.6    11     1.8 138.7  34.2   2.1  56.3    10       N

Max >=  32.0:  7
Max <=   0.0:  0
Min <=   0.0:  0
Min <= -18.0:  0
Max Rain: 11.40 ON 11/07/19
Days of Rain: 5 (> .2 mm) 4 (> 2 mm) 0 (> 20 mm)
Heat Base:  18.3  Cool Base:  18.3  Method: Integration