Κλιματικές Αναφορές τύπου NOAA



Αναφορά για 2021 Φεβρουάριος
                   MONTHLY CLIMATOLOGICAL SUMMARY for FEB. 2021

NAME: meteokastro   CITY: ORAIOKASTRO   STATE: THESSALONIKI 
ELEV:   290 m  LAT:  40° 43' 53" N  LONG:  22° 55' 10" E

                   TEMPERATURE (°C), RAIN  (mm), WIND SPEED (km/hr)

                                      HEAT  COOL        AVG
    MEAN                              DEG   DEG         WIND                 DOM
DAY TEMP  HIGH   TIME   LOW    TIME   DAYS  DAYS  RAIN  SPEED HIGH   TIME    DIR
------------------------------------------------------------------------------------
 1  11.9  15.7   1:55p   9.4   1:55a   6.3   0.0   3.2   0.6  37.0   1:30a     S
 2  12.2  16.3   3:00p   9.9   9:10p   6.1   0.0   0.0   1.3  16.1   3:15a    NE
 3  11.8  16.3   2:15p   8.9   7:20a   6.5   0.0   0.0   0.0   6.4   2:35p     S
 4  12.1  17.4   4:00p   9.3  12:05a   6.2   0.0   0.0   0.5  19.3  11:55p    NW
 5  12.9  16.2   2:40p  11.4   8:05a   5.4   0.0   0.0   0.5  17.7  12:10a     S
 6  11.3  14.9   2:20p   9.2  10:30p   7.0   0.0   0.0   0.0   8.0   1:20p     S
 7   9.2  10.9   3:25p   6.6   5:05a   9.1   0.0   0.2   0.0  12.9  10:15p    NE
 8  11.5  15.7   1:20p   9.9  11:25p   6.8   0.0   1.2   0.6  38.6   3:05p   ENE
 9  12.7  16.6  12:40p   9.2   5:35a   5.6   0.0   0.0   0.8  22.5   1:40p     S
10  12.3  16.1   4:20p   8.7   5:10a   6.0   0.0   0.0   0.2  19.3   1:20a    SE
11  11.7  16.9  10:45a   3.0  12:00m   6.6   0.0   1.6   6.8  67.6   7:00p     S
12   1.4   4.0   2:40p  -0.6  11:40p  16.9   0.0   0.0  21.7  66.0   1:00a     N
13  -3.2  -0.4  12:15a  -5.4  11:10p  21.5   0.0   0.0  15.8  46.7   5:40a   NNW
14  -5.6  -4.6  12:45p  -6.9   7:30a  23.9   0.0   0.0  14.2  43.5   4:05a   NNW
15  -2.9   1.9   3:25p  -6.8   7:30a  21.2   0.0   0.0  12.7  38.6   6:25a    NW
16  -0.8   3.0   4:30p  -4.0   6:25a  19.1   0.0   0.0   9.5  37.0   8:40a    NW
17   1.2   5.2   4:55p  -2.7   7:15a  17.1   0.0   0.0   2.1  17.7  11:25p     N
18   7.2  12.4   2:30p   2.0   3:15a  11.1   0.0   0.0  10.1  53.1  12:05p    NW
19   8.1  12.3   2:35p   5.0   7:15a  10.2   0.0   0.0   3.5  19.3  12:50a   NNW
20   8.1  11.6   1:25p   6.3   6:30a  10.2   0.0   0.2   1.1  19.3   1:20a    NE
21   7.6  11.7   2:40p   5.5  12:00m  10.7   0.0   0.0   1.8  19.3  10:25a    NE
22   8.5  14.0   3:40p   5.2   3:40a   9.8   0.0   0.2   0.2  16.1  12:25p     S
23  11.7  19.8   2:45p   6.4   3:55a   6.6   0.0   0.0   0.8  30.6  11:00a     N
24  12.6  17.9   3:05p   9.4  11:30p   5.8   0.0   0.0   5.5  33.8   6:55a     N
25   9.2  10.1   3:15a   8.1   4:50a   2.4   0.0   0.0   0.2   9.7   6:20a   NNE
26
27
28
-------------------------------------------------------------------------------------
     7.7  19.8    23    -6.9    14   258.2   0.0   6.6   4.4  67.6    11     NNW

Max >=  32.0:  0
Max <=   0.0:  2
Min <=   0.0:  6
Min <= -18.0:  0
Max Rain: 3.20 ON 01/02/21
Days of Rain: 6 (> .2 mm) 1 (> 2 mm) 0 (> 20 mm)
Heat Base:  18.3  Cool Base:  18.3  Method: Integration