Κλιματικές Αναφορές τύπου NOAA



Αναφορά για 2019 Νοέμβριος
                   MONTHLY CLIMATOLOGICAL SUMMARY for NOV. 2019

NAME: meteokastro   CITY: ORAIOKASTRO   STATE: THESSALONIKI 
ELEV:   290 m  LAT:  40° 43' 53" N  LONG:  22° 55' 10" E

                   TEMPERATURE (°C), RAIN  (mm), WIND SPEED (km/hr)

                                      HEAT  COOL        AVG
    MEAN                              DEG   DEG         WIND                 DOM
DAY TEMP  HIGH   TIME   LOW    TIME   DAYS  DAYS  RAIN  SPEED HIGH   TIME    DIR
------------------------------------------------------------------------------------
 1  11.2  12.2   1:50p   9.8   7:55a   7.1   0.0   1.6   3.2  27.4   5:50a     N
 2  11.2  12.4  10:45p  10.1   4:55a   7.1   0.0   0.8   3.4  25.7   9:50a   ENE
 3  14.3  17.3   3:30p  12.3  12:10a   4.0   0.0   0.2   1.4  27.4  12:00m   ENE
 4  16.6  21.2  12:10p  13.7  11:50p   2.0   0.3   1.4   1.8  24.1  12:55a   ENE
 5  16.8  21.9   2:50p  12.6   5:10a   2.2   0.7   0.0   0.0   9.7   2:15p   SSW
 6  17.2  21.0   2:10p  15.0   6:25a   1.6   0.4   0.0   0.3  14.5   7:20a   NNE
 7  17.4  21.7  12:00p  14.8   7:50a   1.6   0.6   1.2   0.8  24.1  12:00m   ENE
 8  15.5  19.4  12:45p  12.6   5:05a   2.8   0.0   8.8   1.4  27.4   1:05a   ENE
 9  15.3  19.6   1:50p  12.4   4:55a   3.0   0.1   0.2   0.2  14.5   1:50p   ENE
10  15.9  20.3   1:30p  13.1  11:50p   2.5   0.2   0.4   1.4  27.4   2:30a   ENE
11  15.2  19.8   1:15p  12.1   5:15a   3.2   0.1   0.0   0.3  17.7  11:25a    NE
12  16.4  17.8  11:05a  15.1  12:05a   1.9   0.0   2.6   4.5  33.8   2:20p   ENE
13  15.0  16.6   3:00a  13.3   7:35a   3.3   0.0   5.4   3.4  35.4   2:05a   ENE
14  15.2  19.2   1:25p  13.4   9:15a   3.1   0.0   0.0   0.2  19.3   6:50a    NE
15  15.3  19.7   2:20p  13.2   6:35a   3.1   0.1   0.0   0.0   9.7   9:40a   NNE
16  14.6  18.5   2:05p  12.6   7:30a   3.7   0.0   0.0   0.3  16.1   7:10a    NE
17  14.1  16.2  10:30a  12.6   6:05a   4.2   0.0   0.0   1.1  20.9  10:10p   ENE
18  15.3  18.9   2:25p  13.5  12:00m   3.0   0.0   0.6   2.3  32.2   6:55a   ENE
19  14.3  17.2   2:25p  11.6   6:55a   4.0   0.0   0.4   2.9  27.4   8:00p   ENE
20  14.7  14.8   2:40a  14.4   6:00a   0.9   0.0   2.0   9.5  40.2   5:30a   ENE
21
22
23
24
25
26
27
28
29
30
-------------------------------------------------------------------------------------
    15.1  21.9     5     9.8     1    64.3   2.4  25.6   1.9  40.2    20     ENE

Max >=  32.0:  0
Max <=   0.0:  0
Min <=   0.0:  0
Min <= -18.0:  0
Max Rain: 8.79 ON 08/11/19
Days of Rain: 13 (> .2 mm) 4 (> 2 mm) 0 (> 20 mm)
Heat Base:  18.3  Cool Base:  18.3  Method: Integration