Κλιματικές Αναφορές τύπου NOAA



Αναφορά για 2018 Νοέμβριος
                   MONTHLY CLIMATOLOGICAL SUMMARY for NOV. 2018

NAME: meteokastro   CITY: ORAIOKASTRO   STATE: THESSALONIKI 
ELEV:   270 m  LAT:  40° 43' 53" N  LONG:  22° 55' 10" E

                   TEMPERATURE (°C), RAIN  (mm), WIND SPEED (km/hr)

                                      HEAT  COOL        AVG
    MEAN                              DEG   DEG         WIND                 DOM
DAY TEMP  HIGH   TIME   LOW    TIME   DAYS  DAYS  RAIN  SPEED HIGH   TIME    DIR
------------------------------------------------------------------------------------
 1  18.8  22.5   2:30p  16.2   7:30a   0.5   1.0   0.0   0.3  14.5   6:00a   ENE
 2  19.6  24.6   2:00p  16.7   6:00a   0.2   1.5   0.0   1.1  20.9  12:30p   ENE
 3  16.2  20.0   1:00p  13.5  12:00m   2.2   0.1   0.0   0.2  17.7   8:00p    NE
 4  14.8  19.1   1:00p  12.4   7:00a   3.5   0.0   0.0   1.3  24.1   3:30p   NNE
 5  14.5  18.9   1:30p  11.9  12:00m   3.8   0.0   0.0   1.3  20.9  11:00a     N
 6  13.9  18.3   2:30p  10.7   7:30a   4.4   0.0   0.0   0.6  14.5  11:00a     N
 7  13.9  17.2   1:00p  11.4   4:30a   4.4   0.0   0.0   0.0   9.7   2:00p    NE
 8  13.2  15.0  12:30p  11.6  11:00p   5.1   0.0   1.4   0.3  16.1  10:00a   ENE
 9  13.6  17.9   1:30p  10.9   7:30a   4.7   0.0   0.0   0.3  14.5  12:30p   ENE
10  12.4  15.4   3:30p  10.4   6:30a   5.8   0.0   0.0   0.6  17.7   9:30a   ENE
11  13.2  17.8   2:30p  10.4  12:30a   5.2   0.0   0.0   0.3  14.5  11:30a   ENE
12  13.1  17.8   3:00p   9.8   7:00a   5.2   0.0   0.0   0.0   0.0     ---   ---
13  12.4  16.7   2:00p  10.5   7:30a   5.9   0.0   0.0   0.0   0.0     ---   ---
14  12.4  16.7   2:00p   9.6   5:00a   5.9   0.0   0.0   2.1  29.0   3:30p     N
15   9.8  10.0  12:30a   9.7  12:30a   0.5   0.0   0.0   8.5  35.4   1:00a     N
16
17
18
19
20
21
22
23
24
25
26
27
28
29
30
-------------------------------------------------------------------------------------
    14.1  24.6     2     9.6    14    57.3   2.5   1.4   1.1  35.4    15     ENE

Max >=  32.0:  0
Max <=   0.0:  0
Min <=   0.0:  0
Min <= -18.0:  0
Max Rain: 1.40 ON 08/11/18
Days of Rain: 1 (> .2 mm) 0 (> 2 mm) 0 (> 20 mm)
Heat Base:  18.3  Cool Base:  18.3  Method: Integration