Κλιματικές Αναφορές τύπου NOAA



Αναφορά για 2020 Νοέμβριος
                   MONTHLY CLIMATOLOGICAL SUMMARY for NOV. 2020

NAME: meteokastro   CITY: ORAIOKASTRO   STATE: THESSALONIKI 
ELEV:   290 m  LAT:  40° 43' 53" N  LONG:  22° 55' 10" E

                   TEMPERATURE (°C), RAIN  (mm), WIND SPEED (km/hr)

                                      HEAT  COOL        AVG
    MEAN                              DEG   DEG         WIND                 DOM
DAY TEMP  HIGH   TIME   LOW    TIME   DAYS  DAYS  RAIN  SPEED HIGH   TIME    DIR
------------------------------------------------------------------------------------
 1  15.4  19.9   2:50p  12.4   7:15a   3.0   0.2   0.0   6.1  37.0  12:15p   NNW
 2  14.6  17.7   2:05p  12.2   5:20a   3.7   0.0   0.0   0.2   9.7   5:10a   NNE
 3  14.9  18.5   2:40p  12.3   6:55a   3.4   0.0   2.4   0.0  12.9   2:30p     N
 4  16.1  20.3   2:35p  12.8  11:35p   2.4   0.1   1.2   0.3  20.9  11:30p   ENE
 5  11.9  13.5   3:25p  10.9   4:05a   6.3   0.0   5.8   0.6  20.9  12:40a   ENE
 6  13.1  17.2   2:50p  10.1   5:05a   5.2   0.0   0.0   7.9  35.4  10:20a     N
 7  12.5  17.2   1:25p   9.4   6:55a   5.8   0.0   0.0   6.1  27.4   6:10a     N
 8  12.2  16.4   1:55p   9.2   7:15a   6.2   0.0   0.0   1.8  19.3   4:25a   NNE
 9  12.5  17.1   2:50p  10.1   4:50a   5.8   0.0   0.0   0.6  16.1  10:15a   NNE
10  13.6  16.6   3:45p  10.6  12:05a   4.7   0.0   0.0   1.6  16.1   9:35a    NE
11  13.5  15.7   1:50p  12.4  11:10p   4.8   0.0   0.0   2.4  19.3   7:00a   ENE
12  12.3  14.7   2:20p   9.9   5:10a   6.0   0.0   0.0   1.4  20.9  12:15p    NE
13  12.6  16.8   2:40p   9.5   7:00a   5.7   0.0   0.0   0.0   9.7  11:05p   WNW
14  12.9  17.7   2:30p  10.1   7:35a   5.4   0.0   0.0   5.3  24.1   9:40a     N
15  12.4  16.8   2:05p   9.6   6:40a   5.9   0.0   0.0   0.0   9.7  12:25p   NNE
16  12.4  16.8   2:00p   9.3   6:50a   5.9   0.0   0.0   0.0   6.4   9:55a   SSW
17  13.4  17.5   2:15p  11.9   8:00a   4.8   0.0   0.0   0.2  12.9   9:35a    NE
18  12.6  14.1   4:00p  10.8  11:45p   5.8   0.0   0.0   3.7  20.9   8:30a     N
19  11.1  15.7   2:30p   8.4   7:20a   7.2   0.0   0.0   4.5  20.9   8:20a     N
20   8.7  12.8   1:35p   6.9   6:20a   9.6   0.0   0.0   3.4  22.5  11:20p     N
21   7.7  11.4   2:20p   6.1   6:05a  10.6   0.0   0.0   7.7  30.6   8:00p     N
22   8.7  12.8   2:30p   6.1   5:15a   9.7   0.0   0.0   3.9  22.5  12:40a     N
23   9.2  14.1   2:45p   6.0   5:35a   9.1   0.0   0.0   0.0   6.4  12:05p   WSW
24   9.7  13.4   2:25p   6.6   6:25a   8.6   0.0   0.0   3.9  30.6  10:30a   ENE
25   8.4  12.8   1:55p   5.7   7:50a   9.8   0.0   0.0   4.7  24.1   4:25a     N
26   9.4  14.6   3:00p   5.9   7:25a   6.1   0.0   0.0   1.6  16.1   3:30a   NNE
27
28
29
30
-------------------------------------------------------------------------------------
    12.0  20.3     4     5.7    25   161.5   0.3   9.4   2.6  37.0     1       N

Max >=  32.0:  0
Max <=   0.0:  0
Min <=   0.0:  0
Min <= -18.0:  0
Max Rain: 5.79 ON 05/11/20
Days of Rain: 3 (> .2 mm) 2 (> 2 mm) 0 (> 20 mm)
Heat Base:  18.3  Cool Base:  18.3  Method: Integration