Κλιματικές Αναφορές τύπου NOAA



Αναφορά για 2019 Μάρτιος
                   MONTHLY CLIMATOLOGICAL SUMMARY for MAR. 2019

NAME: meteokastro   CITY: ORAIOKASTRO   STATE: THESSALONIKI 
ELEV:   270 m  LAT:  40° 43' 53" N  LONG:  22° 55' 10" E

                   TEMPERATURE (°C), RAIN  (mm), WIND SPEED (km/hr)

                                      HEAT  COOL        AVG
    MEAN                              DEG   DEG         WIND                 DOM
DAY TEMP  HIGH   TIME   LOW    TIME   DAYS  DAYS  RAIN  SPEED HIGH   TIME    DIR
------------------------------------------------------------------------------------
 1  12.8  19.1   2:30p   6.4   4:00a   5.5   0.0   0.0   4.3  38.6  12:00p     N
 2  12.4  16.1   2:30p   9.7  11:00p   5.9   0.0   0.4   7.6  37.0   7:30p     N
 3   9.3  14.1   1:30p   5.2   7:00a   9.0   0.0   0.0   6.4  37.0   1:30p   NNW
 4   8.8  13.8   2:30p   5.2   7:30a   9.5   0.0   0.0   0.3  16.1  12:30p   SSW
 5  10.6  16.1   3:30p   6.2   7:00a   7.7   0.0   0.0   0.3  11.3  12:30p     S
 6  13.8  19.8   3:00p   9.4   5:00a   4.7   0.1   0.0   0.6  20.9   3:00p     S
 7  13.0  18.3   2:00p  10.1   7:30a   5.3   0.0   0.0   1.4  24.1   7:00a    NE
 8  11.2  16.5   2:30p   8.2   8:30a   7.1   0.0   0.0   0.3  11.3   2:30p     S
 9  11.6  17.2   2:30p   8.1   7:30a   6.7   0.0   0.4   0.2  12.9   3:00p     S
10  15.4  22.2   3:00p   9.8   4:30a   3.5   0.6   0.0   1.1  25.7   9:30a     N
11  15.7  21.7   3:00p  12.1   5:30a   3.0   0.4   0.0   1.4  32.2   9:00a     N
12   6.3  13.6   3:30a   2.2   7:30p  12.0   0.0  26.4  15.9  61.2   9:00a   NNW
13   6.4  11.5   3:30p   2.9  12:30a  11.9   0.0   0.0   4.2  30.6   9:00a   NNW
14   6.7   7.9   5:00p   5.4   6:30a  11.6   0.0   0.4   1.3  17.7   8:30a    NE
15   9.2  13.8   5:00p   5.7   6:00a   9.1   0.0   0.0   4.3  29.0  12:30p    NW
16  12.3  17.1   2:00p   6.0   7:00a   6.0   0.0   0.0   1.6  22.5  12:30a   SSW
17  15.7  21.1   1:30p  10.8   5:30a   3.1   0.5   0.0   0.6  14.5  12:00p     S
18  14.0  18.8   3:00p  11.2   4:00a   4.3   0.0   0.0   1.3  17.7   8:30a   NNE
19  13.7  20.2   3:30p  10.2   7:00a   4.7   0.1   0.0   1.3  16.1   2:00a    NE
20  13.9  19.4   3:00p  10.3   6:30a   4.4   0.0   7.8   2.4  35.4   7:00p     N
21  12.4  17.1   3:00p   9.3   7:00a   5.9   0.0   0.0   0.6  16.1  10:30a   ENE
22  11.3  15.4   2:00p   8.7   6:30a   7.0   0.0   0.0   0.8  17.7   3:00a    NE
23  13.0  19.2   3:30p   8.8   3:30a   5.4   0.0   0.0   1.1  38.6   2:00p     N
24  11.3  15.9   4:00p   7.7   6:30a   7.0   0.0   0.0   1.4  35.4   1:00a     S
25  11.2  15.7   3:30p   7.4   6:30a   7.0   0.0   0.0   0.6  20.9  12:00p   SSW
26
27
28
29
30
31
-------------------------------------------------------------------------------------
    11.7  22.2    10     2.2    12   167.3   1.8  35.4   2.5  61.2    12       N

Max >=  32.0:  0
Max <=   0.0:  0
Min <=   0.0:  0
Min <= -18.0:  0
Max Rain: 26.39 ON 12/03/19
Days of Rain: 5 (> .2 mm) 2 (> 2 mm) 1 (> 20 mm)
Heat Base:  18.3  Cool Base:  18.3  Method: Integration