Κλιματικές Αναφορές τύπου NOAA



Αναφορά για 2020 Σεπτέμβριος
                   MONTHLY CLIMATOLOGICAL SUMMARY for SEP. 2020

NAME: meteokastro   CITY: ORAIOKASTRO   STATE: THESSALONIKI 
ELEV:   290 m  LAT:  40° 43' 53" N  LONG:  22° 55' 10" E

                   TEMPERATURE (°C), RAIN  (mm), WIND SPEED (km/hr)

                                      HEAT  COOL        AVG
    MEAN                              DEG   DEG         WIND                 DOM
DAY TEMP  HIGH   TIME   LOW    TIME   DAYS  DAYS  RAIN  SPEED HIGH   TIME    DIR
------------------------------------------------------------------------------------
 1  26.4  29.9   2:10p  23.1   7:30a   0.0   8.2   0.0   0.3  17.7   7:20a   SSW
 2  26.2  32.0   3:30p  21.7   7:10a   0.0   7.9   0.0   4.5  49.9   6:10a     N
 3  26.5  31.7   3:10p  22.4   5:25a   0.0   8.2   0.0   4.2  33.8  10:05p     N
 4  22.9  27.9   4:00p  19.3   7:30a   0.0   4.7   0.0  17.1  49.9   3:05a   NNW
 5  22.9  29.3   3:30p  17.9   6:00a   0.0   4.7   0.0   6.4  37.0   3:15a     N
 6  23.4  28.2   4:05p  19.9   7:20a   0.0   5.1   0.0   1.0  19.3   9:05a   SSW
 7  24.6  29.7   3:30p  20.7   4:25a   0.0   6.3   0.0   0.2  16.1   9:00a     S
 8  26.7  32.7   3:10p  21.6   7:15a   0.0   8.4   0.0   1.3  27.4  10:00p     S
 9  26.3  31.7   3:45p  22.6   6:50a   0.0   8.0   0.0   2.6  27.4  12:15a     N
10  25.2  29.7   4:30p  21.7   7:00a   0.0   6.9   0.0   0.2  16.1   3:05p   WSW
11  25.0  30.7   3:20p  21.5   7:05a   0.0   6.7   0.0   0.5  17.7   4:00p     N
12  25.1  30.7   2:55p  20.7   7:20a   0.0   6.8   0.0   0.2  17.7   3:55p     S
13  25.7  31.1   3:55p  21.6   4:00a   0.0   7.4   0.0   0.6  19.3   4:50p     N
14  25.0  29.3   2:05p  22.1   6:30a   0.0   6.7   0.0   1.6  20.9   7:55a     N
15  24.9  29.6   2:55p  21.8   7:10a   0.0   6.6   0.0   0.5  19.3   2:20p   NNE
16  23.7  27.8   1:55p  20.3   7:25a   0.0   5.4   0.0   0.3  16.1  12:45p   SSW
17  23.3  28.1   1:35p  20.8   4:25a   0.0   5.0   0.0   0.2  16.1   2:10p     S
18  23.3  26.9   3:05p  21.4   5:30a   0.0   5.0   0.0   5.1  46.7   2:15p   ENE
19  22.1  25.8   2:15p  19.7   8:40a   0.0   3.8   0.0   3.4  45.1   3:00a   ENE
20  19.9  23.8   3:55p  17.0   7:40a   0.2   1.8   0.0   0.5  17.7   6:05a   ENE
21  19.8  24.7   4:30p  16.8   6:35a   0.4   1.5   0.0   0.8  17.7  12:30p   ENE
22
23
24
25
26
27
28
29
30
-------------------------------------------------------------------------------------
    24.2  32.7     8    16.8    21     0.6 125.1   0.0   2.4  49.9     2       N

Max >=  32.0:  2
Max <=   0.0:  0
Min <=   0.0:  0
Min <= -18.0:  0
Max Rain: 0.00 ON 01/09/20
Days of Rain: 0 (> .2 mm) 0 (> 2 mm) 0 (> 20 mm)
Heat Base:  18.3  Cool Base:  18.3  Method: Integration