Κλιματικές Αναφορές τύπου NOAA



Αναφορά για 2019 Ιανουάριος
                   MONTHLY CLIMATOLOGICAL SUMMARY for JAN. 2019

NAME: meteokastro   CITY: ORAIOKASTRO   STATE: THESSALONIKI 
ELEV:   270 m  LAT:  40° 43' 53" N  LONG:  22° 55' 10" E

                   TEMPERATURE (°C), RAIN  (mm), WIND SPEED (km/hr)

                                      HEAT  COOL        AVG
    MEAN                              DEG   DEG         WIND                 DOM
DAY TEMP  HIGH   TIME   LOW    TIME   DAYS  DAYS  RAIN  SPEED HIGH   TIME    DIR
------------------------------------------------------------------------------------
 1   4.9   8.4   2:30p   2.2  12:00m  13.4   0.0   0.0   6.1  27.4   3:00a     N
 2   3.3   7.6   3:30p   0.2   6:30a  15.0   0.0   0.0   8.9  35.4  11:30p     N
 3  -0.1   2.7  12:30a  -2.1  12:00m  18.4   0.0   0.6  12.6  51.5  11:30p   NNW
 4  -3.0  -2.1  12:30a  -4.0  12:00m  21.3   0.0   0.0  14.3  46.7   1:00a   NNW
 5  -4.2  -2.9   2:30p  -5.2  12:00m  22.5   0.0   0.0  14.6  45.1   7:30a     N
 6  -2.1   1.4   3:00p  -5.7   2:30a  20.4   0.0   0.2  11.1  51.5   4:30p   NNW
 7  -2.7  -0.4   3:00a  -5.8  11:30p  21.0   0.0   0.0  16.4  49.9  12:30p   NNW
 8  -4.9  -0.9   3:00p  -7.4   7:30a  23.2   0.0   0.0   9.3  38.6   1:00a     N
 9  -2.0   0.0   8:00p  -4.5  12:30a  20.3   0.0   0.0   4.0  29.0   2:30p   ENE
10   2.9   5.9   4:00p  -0.6  12:30a  15.4   0.0  10.0   0.2  11.3   8:30p   ENE
11   1.3   3.4   1:30a  -0.6  12:00m  17.0   0.0   0.2  15.3  45.1  10:30a     N
12  -0.6   2.1   2:00p  -2.4  11:30p  18.8   0.0   0.0  15.3  46.7   7:00p     N
13   0.5   4.5   3:30p  -2.8   5:30a  17.8   0.0   0.0   4.2  38.6   2:00a     N
14   2.6   6.3   2:00p  -0.9   4:30a  15.8   0.0   0.0   1.8  32.2  11:00p   WNW
15   1.3   3.1  12:30a  -1.4  10:30p  17.0   0.0   0.0  19.5  56.3  12:30p    NW
16   3.8   8.5   2:30p  -1.3  12:30a  14.5   0.0   0.0   9.0  48.3   3:30a    NW
17   7.1  11.2   3:00p   3.3   7:00a   7.7   0.0   0.0   3.4  30.6   1:30a     N
18
19
20
21
22
23
24
25
26
27
28
29
30
31
-------------------------------------------------------------------------------------
     0.5  11.2    17    -7.4     8   299.7   0.0  11.0   9.8  56.3    15       N

Max >=  32.0:  0
Max <=   0.0:  5
Min <=   0.0: 14
Min <= -18.0:  0
Max Rain: 10.01 ON 10/01/19
Days of Rain: 4 (> .2 mm) 1 (> 2 mm) 0 (> 20 mm)
Heat Base:  18.3  Cool Base:  18.3  Method: Integration