Κλιματικές Αναφορές τύπου NOAA



Αναφορά για 2020 Ιούλιος
                   MONTHLY CLIMATOLOGICAL SUMMARY for JUL. 2020

NAME: meteokastro   CITY: ORAIOKASTRO   STATE: THESSALONIKI 
ELEV:   290 m  LAT:  40° 43' 53" N  LONG:  22° 55' 10" E

                   TEMPERATURE (°C), RAIN  (mm), WIND SPEED (km/hr)

                                      HEAT  COOL        AVG
    MEAN                              DEG   DEG         WIND                 DOM
DAY TEMP  HIGH   TIME   LOW    TIME   DAYS  DAYS  RAIN  SPEED HIGH   TIME    DIR
------------------------------------------------------------------------------------
 1  28.3  33.3   2:05p  24.3   6:35a   0.0  10.0   0.0   2.6  27.4   9:00a     N
 2  27.6  31.8   2:50p  23.8   4:55a   0.0   9.3   0.0   0.3  17.7   1:30p   SSW
 3  27.4  31.4   2:20p  24.4   6:35a   0.0   9.1   0.0   0.6  29.0   8:45p   SSW
 4  26.7  32.9   3:55p  21.8   6:10a   0.0   8.4   0.0   4.8  37.0   7:40a     N
 5  24.6  30.8   2:00p  21.6   6:05a   0.0   6.3   2.6   5.5  37.0   2:15a     N
 6  24.6  31.4   5:10p  17.7   5:40a   0.1   6.4  16.8   4.2  29.0   4:50a   WNW
 7  25.2  30.8   2:05p  18.5  12:00m   0.0   6.9   0.0  12.2  59.5  11:00p   NNW
 8  21.1  27.8   2:30p  16.3   6:15a   0.4   3.2   0.0   9.5  54.7   1:20a     N
 9  22.9  27.8   3:55p  19.5   5:55a   0.0   4.7   0.0   0.5  17.7   2:50p     N
10  24.4  28.6   4:40p  20.0   5:45a   0.0   6.2   0.0   0.2  16.1  12:40p   WSW
11  24.4  29.2   2:50p  20.6   5:50a   0.0   6.1   0.0   0.6  19.3   4:10a   ENE
12  26.2  33.4   4:45p  21.3  12:00m   0.0   7.9   0.0   4.0  53.1  11:25p   NNW
13  22.5  28.1   5:45p  18.1   6:30a   0.0   4.2   0.0  16.3  56.3  12:35a     N
14  21.2  21.4  12:05a  20.9  12:40a   0.0   0.3   0.0   1.4  14.5  12:05a     N
15
16
17
18
19
20
21
22
23
24
25
26
27
28
29
30
31
-------------------------------------------------------------------------------------
    24.8  33.4    12    16.3     8     0.4  88.9  19.4   4.5  59.5     7       N

Max >=  32.0:  3
Max <=   0.0:  0
Min <=   0.0:  0
Min <= -18.0:  0
Max Rain: 16.79 ON 06/07/20
Days of Rain: 2 (> .2 mm) 2 (> 2 mm) 0 (> 20 mm)
Heat Base:  18.3  Cool Base:  18.3  Method: Integration