Κλιματικές Αναφορές τύπου NOAA



Αναφορά για 2018 Σεπτέμβριος
                   MONTHLY CLIMATOLOGICAL SUMMARY for SEP. 2018

NAME: meteokastro   CITY: ORAIOKASTRO   STATE: THESSALONIKI 
ELEV:   270 m  LAT:  40° 43' 53" N  LONG:  22° 55' 10" E

                   TEMPERATURE (°C), RAIN  (mm), WIND SPEED (km/hr)

                                      HEAT  COOL        AVG
    MEAN                              DEG   DEG         WIND                 DOM
DAY TEMP  HIGH   TIME   LOW    TIME   DAYS  DAYS  RAIN  SPEED HIGH   TIME    DIR
------------------------------------------------------------------------------------
 1  27.4  32.4   5:00p  24.2   6:30a   0.0   9.1   0.0   0.6  29.0   5:00p   ENE
 2  27.9  33.4   3:00p  24.1   6:30a   0.0   9.6   0.0   1.3  24.1   3:00p     S
 3  27.0  31.2   2:30p  23.7  12:00m   0.0   8.7   0.0   0.6  19.3   1:00p    NE
 4  26.2  31.4   3:00p  22.7   5:30a   0.0   7.9   0.0   2.3  24.1  11:00a     N
 5  24.9  29.9   4:00p  21.0   7:30a   0.0   6.6   0.0   8.5  40.2   8:30a     N
 6  23.6  29.0   5:30p  18.7   7:00a   0.0   5.3   0.0   8.5  40.2   9:30a    NW
 7  25.1  31.1   3:00p  21.1   7:00a   0.0   6.8   0.0   2.9  22.5   2:30a     N
 8  23.6  29.8   4:00p  20.6   5:00p   0.0   5.3   5.6   1.9  37.0   4:30p     N
 9  24.0  29.6   5:00p  19.2   7:30a   0.0   5.7   0.0   8.0  40.2  10:00p     N
10  23.7  28.8   5:00p  18.5   7:30a   0.0   5.4   0.0   9.2  41.8   1:00a     N
11  22.9  28.4   5:00p  18.4   7:30a   0.0   4.7   0.0   9.5  37.0   6:00p     N
12  22.7  28.5   4:00p  18.6   7:00a   0.0   4.4   0.0   5.1  41.8   8:30p     N
13  21.9  27.3   4:00p  17.8   7:00a   0.0   3.6   0.0   1.0  19.3   9:30a     N
14  22.7  27.6   5:00p  18.7   7:30a   0.0   4.4   0.0   0.6  20.9   3:00p     S
15  23.8  30.7   4:30p  19.0   7:00a   0.0   5.5   0.0   1.0  25.7   3:00p     W
16  24.4  29.6   4:00p  20.4   7:30a   0.0   6.1   0.0   9.3  38.6   9:00a   NNW
17  22.7  26.4   4:00p  19.9   8:30a   0.0   4.4   0.0   2.1  22.5   1:30a    NE
18  21.8  25.9   3:00p  19.6   5:30a   0.0   3.5   0.0   1.0  19.3   4:30p    NE
19  21.2  26.1   3:30p  18.6   5:30a   0.0   2.9   0.0   1.1  19.3   2:00p     S
20  22.0  27.5   4:00p  18.1   5:30a   0.0   3.7   0.0   0.5  22.5   3:30p     S
21  22.2  27.8   3:00p  18.1   8:00a   0.0   3.8   0.0   0.5  17.7   2:00p    NE
22  22.4  28.1   3:30p  18.5   5:30a   0.0   4.1   0.0   0.3  16.1  12:30p     S
23  22.3  30.1   2:30p  18.8   7:30a   0.0   2.4   0.0   0.2  16.1   2:00p     S
24
25
26
27
28
29
30
-------------------------------------------------------------------------------------
    23.8  33.4     2    17.8    13     0.0 124.0   5.6   3.3  41.8    10       N

Max >=  32.0:  2
Max <=   0.0:  0
Min <=   0.0:  0
Min <= -18.0:  0
Max Rain: 5.59 ON 08/09/18
Days of Rain: 1 (> .2 mm) 1 (> 2 mm) 0 (> 20 mm)
Heat Base:  18.3  Cool Base:  18.3  Method: Integration