Κλιματικές Αναφορές τύπου NOAA



Αναφορά για 2022
                            ANNUAL CLIMATOLOGICAL SUMMARY

NAME: meteokastro  CITY: ORAIOKASTRO   STATE: THESSALONIKI  
ELEV:   290 m  LAT:  40° 43' 53" N  LONG:  22° 55' 10" E

               TEMPERATURE (°C), HEAT BASE 18.3, COOL BASE 18.3
                          DEP.  HEAT  COOL                                          
        MEAN  MEAN        FROM  DEG   DEG                        MAX  MAX  MIN  MIN 
 YR MO  MAX   MIN   MEAN  NORM  DAYS  DAYS  HI  DATE  LOW  DATE  >=32 <=0  <=0  <=-18 
------------------------------------------------------------------------------------
 22  1   8.3   1.7   4.7   0.0   420     0  16.1   2  -6.7   25    0    0   11    0
 22  2  11.5   4.3   7.3   0.0   310     0  16.6  22   0.3   27    0    0    0    0
 22  3  10.7   3.0   6.3   0.0   372     1  20.8  25  -3.1   11    0    0    9    0
 22  4  18.7   9.5  13.5   0.0   158    14  26.2  26   4.5   19    0    0    0    0
 22  5  25.3  15.2  19.7   0.0    43    85  34.3  26   9.3    3    1    0    0    0
 22  6  29.5  19.8  24.1   0.0     1   176  34.8   5  16.6   10    8    0    0    0
 22  7  31.2  21.6  26.1   0.0     2   244  34.8  16  16.1    9   16    0    0    0
 22  8  31.6  21.6  25.9   0.0     0   235  36.6  19  17.3   25   18    0    0    0
 22  9  25.4  16.7  20.5   0.0    23    90  31.1  11   9.5   22    0    0    0    0
 22 10  22.5  13.8  17.2   0.0    64    30  28.7   1  11.0   15    0    0    0    0
 22 11  16.9  10.7  13.3   0.0   158     8  27.2   2   3.5   28    0    0    0    0
 22 12  11.3   7.8   9.4   0.0    25     0  13.0   2   7.4    2    0    0    0    0
------------------------------------------------------------------------------------
        21.0  12.5  16.2   0.0  1574   883  36.6 AUG  -6.7  JAN   43    0   20    0

                                PRECIPITATION (mm)

               DEP.   MAX        DAYS OF RAIN 
               FROM   OBS.          OVER
 YR MO  TOTAL  NORM   DAY  DATE  .2   2   20
---------------------------------------------
 22  1  32.0    0.0  12.0   10    8    4    0
 22  2  42.8    0.0  23.8   27    8    5    1
 22  3  47.4    0.0  13.4    8    9    5    0
 22  4  33.2    0.0   9.8   17   10    5    0
 22  5  22.4    0.0   8.2    3    9    3    0
 22  6  77.8    0.0  16.2   18   13    9    0
 22  7  35.6    0.0  18.6    9    3    2    0
 22  8  41.2    0.0  11.8   24   10    8    0
 22  9  92.6    0.0  64.4    5    5    4    2
 22 10  10.0    0.0   5.6   14    2    2    0
 22 11  52.8    0.0  15.2   30    9    5    0
 22 12  31.2    0.0  31.2    1    1    1    1
---------------------------------------------
       518.9   0.0  64.4  SEP   87   53    4

                                WIND SPEED (km/hr)
                          DOM
 YR MO   AVG.  HI   DATE  DIR
---------------------------------
 22  1   7.6  56.3   15   NNW
 22  2   5.3  62.8    8   NNW
 22  3   3.8  45.1   25    NW
 22  4   3.5  67.6   10   NNW
 22  5   2.2  49.9   18   NNW
 22  6   2.6  45.1   23   NNW
 22  7   3.4  46.7    9   NNW
 22  8   2.9  46.7   11   NNW
 22  9   3.3  57.9   18   NNW
 22 10   2.1  48.3    2    NW
 22 11   2.9  54.7   25    NW
 22 12   3.4  45.1    1   NNW
---------------------------------
         3.6  67.6  APR  NNW