Κλιματικές Αναφορές τύπου NOAA



Αναφορά για 2019
                            ANNUAL CLIMATOLOGICAL SUMMARY

NAME: meteokastro  CITY: ORAIOKASTRO   STATE: THESSALONIKI  
ELEV:   290 m  LAT:  40° 43' 53" N  LONG:  22° 55' 10" E

               TEMPERATURE (°C), HEAT BASE 18.3, COOL BASE 18.3
                          DEP.  HEAT  COOL                                          
        MEAN  MEAN        FROM  DEG   DEG                        MAX  MAX  MIN  MIN 
 YR MO  MAX   MIN   MEAN  NORM  DAYS  DAYS  HI  DATE  LOW  DATE  >=32 <=0  <=0  <=-18 
------------------------------------------------------------------------------------
 19  1   6.5   1.0   3.5   0.0   459     0  13.4  24  -7.4    8    0    5   16    0
 19  2  11.3   3.7   7.0   0.0   317     0  17.6  20  -4.1   24    0    1    4    0
 19  3  16.6   7.7  11.5   0.0   214     2  22.2  10   2.2   12    0    0    0    0
 19  4  17.6   9.7  13.1   0.0   162     5  23.4  26   6.8    4    0    0    0    0
 19  5  22.8  13.8  17.8   0.0    57    43  27.2  30   7.2    8    0    0    0    0
 19  6  30.2  19.9  24.4   0.0     4   190  34.8   8  13.7    1   10    0    0    0
 19  7  30.8  21.0  25.5   0.0     2   225  36.6   3  13.6   11   11    0    0    0
 19  8  32.3  22.7  26.9   0.0     0   266  36.3   1  19.0   16   17    0    0    0
 19  9  27.3  18.2  22.1   0.0    11   125  31.4   4  10.6   20    0    0    0    0
 19 10  22.8  14.9  18.1   0.0    46    40  27.9   1  11.1   31    0    0    0    0
 19 11  17.5  12.1  14.3   0.0   123     2  21.9   5   5.9   30    0    0    0    0
 19 12   8.0   2.9   5.3   0.0    64     0  10.5   2   0.3    4    0    0    0    0
------------------------------------------------------------------------------------
        21.3  13.1  16.6   0.0  1458   899  36.6 JUL  -7.4  JAN   38    6   20    0

                                PRECIPITATION (mm)

               DEP.   MAX        DAYS OF RAIN 
               FROM   OBS.          OVER
 YR MO  TOTAL  NORM   DAY  DATE  .2   2   20
---------------------------------------------
 19  1  63.7    0.0  18.0   25   12    6    0
 19  2   6.0    0.0   3.6    6    5    1    0
 19  3  35.4    0.0  26.4   12    5    2    1
 19  4  84.0    0.0  35.8   14   14    8    1
 19  5  31.6    0.0  11.4    5    8    4    0
 19  6  31.0    0.0   6.0   16    9    6    0
 19  7  34.2    0.0  11.4   11    5    4    0
 19  8  13.4    0.0  13.4   15    1    1    0
 19  9  64.8    0.0  51.0   19    5    2    1
 19 10  25.2    0.0  10.4    4   10    4    0
 19 11  47.4    0.0  14.6   25   17    6    0
 19 12  25.4    0.0  19.2    4    2    2    0
---------------------------------------------
       462.1   0.0  51.0  SEP   93   46    3

                                WIND SPEED (km/hr)
                          DOM
 YR MO   AVG.  HI   DATE  DIR
---------------------------------
 19  1   7.8  57.9   26     N
 19  2   6.1  64.4   26     N
 19  3   2.9  61.2   12     N
 19  4   1.4  41.8   17   SSW
 19  5   3.0  61.2    7     N
 19  6   2.4  49.9   26     N
 19  7   2.3  56.3   10     N
 19  8   2.1  48.3    4     S
 19  9   2.1  54.7   20     N
 19 10   1.3  48.3    4     N
 19 11   2.4  54.7   30   ENE
 19 12   7.0  53.1    1     N
---------------------------------
         3.1  64.4  FEB    N