Κλιματικές Αναφορές τύπου NOAA



Αναφορά για 2020 Φεβρουάριος
                   MONTHLY CLIMATOLOGICAL SUMMARY for FEB. 2020

NAME: meteokastro   CITY: ORAIOKASTRO   STATE: THESSALONIKI 
ELEV:   290 m  LAT:  40° 43' 53" N  LONG:  22° 55' 10" E

                   TEMPERATURE (°C), RAIN  (mm), WIND SPEED (km/hr)

                                      HEAT  COOL        AVG
    MEAN                              DEG   DEG         WIND                 DOM
DAY TEMP  HIGH   TIME   LOW    TIME   DAYS  DAYS  RAIN  SPEED HIGH   TIME    DIR
------------------------------------------------------------------------------------
 1  12.3  18.1   2:35p   7.6  12:35a   6.0   0.0   0.0   5.6  38.6  10:55a     N
 2  12.0  16.6   2:10p   8.8   6:00a   6.3   0.0   0.0   0.6  19.3   2:15p     W
 3  11.6  15.4   1:45p   8.4   8:00a   6.7   0.0   0.0   0.0  11.3   1:50p   SSW
 4  13.2  16.2   2:40p  10.4   8:00a   5.1   0.0   0.0   1.8  24.1   5:45a    NE
 5   3.5  11.9  12:25a   1.1   7:30p  14.8   0.0  17.6  18.5  62.8   4:20p    NW
 6   1.3   3.0  10:50a  -1.1  11:40p  17.0   0.0   0.0  16.6  57.9  10:20a    NW
 7   2.3   6.3   1:50p  -1.7   4:20a  16.0   0.0   0.0  14.2  46.7   1:15p    NW
 8   4.3   8.4   1:35p   2.1   7:00a  14.0   0.0   0.0   5.8  43.5   3:30a     S
 9   5.2   9.4   3:15p   1.9   5:40a  13.1   0.0   0.0   0.3  16.1   1:55p   NNE
10   7.4  11.5   1:30p   4.1   7:40a  10.8   0.0   0.0   0.6  19.3  11:10p     S
11  11.3  16.8   3:20p   5.6   3:50a   7.0   0.0   0.0   0.2  16.1   8:20a     S
12   8.8  12.3  12:10a   7.2   1:20p   9.5   0.0   0.2   6.9  37.0   6:40a     N
13   8.5  12.9   3:10p   3.9   6:10a   9.8   0.0   0.0   2.3  32.2   3:40a     N
14   8.6  10.4   3:25p   7.6  11:55p   9.7   0.0   7.4   5.5  22.5   7:20a   ENE
15   8.8  12.3   3:45p   6.6   5:25a   9.5   0.0   0.4  10.8  40.2  10:50a   NNW
16   8.3  12.1   2:30p   5.9  11:15p  10.0   0.0   0.0   2.9  17.7   1:05a     S
17   8.3  12.7   3:25p   4.9   6:35a  10.0   0.0   0.0   0.3  14.5   2:40p     S
18   9.3  14.3   4:15p   5.1   4:40a   9.0   0.0   0.0   0.0   6.4   1:20p     S
19  10.1  14.2   1:45p   7.8   6:10a   8.3   0.0   0.0   4.7  38.6   6:30a   NNW
20   8.7   9.6  12:05a   7.9   4:15a   2.9   0.0   0.0   0.2  12.9   7:20a   NNE
21
22
23
24
25
26
27
28
29
-------------------------------------------------------------------------------------
     8.2  18.1     1    -1.7     7   195.5   0.0  25.6   4.9  62.8     5     NNW

Max >=  32.0:  0
Max <=   0.0:  0
Min <=   0.0:  2
Min <= -18.0:  0
Max Rain: 17.60 ON 05/02/20
Days of Rain: 4 (> .2 mm) 2 (> 2 mm) 0 (> 20 mm)
Heat Base:  18.3  Cool Base:  18.3  Method: Integration