Κλιματικές Αναφορές τύπου NOAA



Αναφορά για 2019 Οκτώβριος
                   MONTHLY CLIMATOLOGICAL SUMMARY for OCT. 2019

NAME: meteokastro   CITY: ORAIOKASTRO   STATE: THESSALONIKI 
ELEV:   290 m  LAT:  40° 43' 53" N  LONG:  22° 55' 10" E

                   TEMPERATURE (°C), RAIN  (mm), WIND SPEED (km/hr)

                                      HEAT  COOL        AVG
    MEAN                              DEG   DEG         WIND                 DOM
DAY TEMP  HIGH   TIME   LOW    TIME   DAYS  DAYS  RAIN  SPEED HIGH   TIME    DIR
------------------------------------------------------------------------------------
 1  22.8  27.9   2:55p  18.7   5:05a   0.0   4.5   0.0   1.4  27.4   8:35a     E
 2  21.8  25.9   2:05p  19.0   5:35a   0.0   3.5   0.0   0.3  17.7   2:45p   SSW
 3  20.5  24.6   1:25p  17.9   6:15a   0.0   2.2   0.2   0.5  22.5   5:20p     S
 4  15.2  18.9   1:50a  12.9  11:15p   3.1   0.0  10.4   8.4  48.3   8:50p     N
 5  16.1  22.2   4:15p  12.1   6:05a   2.8   0.6   0.0   7.6  43.5   1:10a     N
 6  17.8  22.9   4:10p  13.9   7:00a   1.6   1.1   0.0   5.0  37.0  10:20a   NNW
 7  13.3  15.7  12:05a  12.6  11:55p   4.9   0.0   6.0   5.1  27.4  12:45a     N
 8  13.7  16.9   4:30p  11.3   7:40a   4.6   0.0   4.0   4.5  25.7   8:55a     N
 9  16.4  20.9   3:05p  13.8   7:00a   2.2   0.3   0.0   0.2  14.5   1:20p   SSW
10  17.9  22.5   2:30p  14.9   4:50a   1.1   0.8   0.0   0.2  14.5   5:10p     S
11  20.1  24.8   4:45p  17.4   1:50a   0.2   2.0   0.0   1.1  30.6   8:55a     N
12  19.3  23.4   3:35p  16.7  11:30p   0.2   1.2   0.0   0.3  16.1  10:45a   NNW
13  19.3  24.7   3:20p  15.7   6:30a   0.7   1.7   0.0   0.0  11.3  12:55p   SSW
14  19.9  25.3   2:00p  15.9   7:05a   0.5   2.1   0.0   0.0  11.3   2:50p     S
15  19.6  25.1   4:05p  15.7   7:30a   0.7   2.0   0.0   0.0   8.0   4:05p     S
16  19.1  25.3   3:30p  15.1   8:00a   1.0   1.7   0.0   0.0   8.0  12:10p     S
17  18.3  23.1   2:25p  14.9   8:10a   1.1   1.0   0.0   0.0   9.7  12:35p     S
18  18.8  23.8   3:10p  16.1   7:15a   0.6   1.2   0.2   0.0   8.0   4:15a     S
19  18.3  22.6   2:40p  15.2   8:10a   1.0   1.0   0.4   0.0   9.7   2:45p     S
20  18.4  23.7   3:15p  14.9   7:55a   1.1   1.2   0.2   0.0   3.2   6:15a   NNW
21  19.7  25.2   3:30p  16.1   4:15a   0.6   2.0   0.0   0.0   9.7   6:25a     N
22  20.7  26.3   4:35p  16.9   2:40a   0.2   2.5   0.0   0.8  19.3   8:00a     N
23  17.9  18.2  12:30a  17.5  12:05a   0.0   0.0   0.0   0.0   3.2  12:10a   NNE
24
25
26
27
28
29
30
31
-------------------------------------------------------------------------------------
    18.5  27.9     1    11.3     8    28.4  32.8  21.4   1.5  48.3     4       N

Max >=  32.0:  0
Max <=   0.0:  0
Min <=   0.0:  0
Min <= -18.0:  0
Max Rain: 10.39 ON 04/10/19
Days of Rain: 7 (> .2 mm) 3 (> 2 mm) 0 (> 20 mm)
Heat Base:  18.3  Cool Base:  18.3  Method: Integration