Κλιματικές Αναφορές τύπου NOAA



Αναφορά για 2022 Ιανουάριος
                   MONTHLY CLIMATOLOGICAL SUMMARY for JAN. 2022

NAME: meteokastro   CITY: ORAIOKASTRO   STATE: THESSALONIKI 
ELEV:   290 m  LAT:  40° 43' 53" N  LONG:  22° 55' 10" E

                   TEMPERATURE (°C), RAIN  (mm), WIND SPEED (km/hr)

                                      HEAT  COOL        AVG
    MEAN                              DEG   DEG         WIND                 DOM
DAY TEMP  HIGH   TIME   LOW    TIME   DAYS  DAYS  RAIN  SPEED HIGH   TIME    DIR
------------------------------------------------------------------------------------
 1  11.7  15.4   2:00p   7.1   7:15a   6.6   0.0   0.0   7.1  45.1   8:00p    NW
 2  12.3  16.1   2:00p   9.7  11:55p   6.0   0.0   0.0   6.0  37.0   2:50a    NW
 3  10.5  13.7  12:20p   7.8   8:05a   7.8   0.0   0.0   0.5  27.4  11:20p    NW
 4  11.0  15.4  12:20p   8.3   5:45a   7.3   0.0   0.0   1.9  25.7   1:35a   NNW
 5   9.6  13.3   2:40p   7.3   8:15a   8.7   0.0   0.0   0.5  17.7  11:50p     N
 6  10.4  14.5   1:55p   7.6  12:20a   7.9   0.0   0.0   1.3  16.1   6:10a     N
 7   8.6  10.2   2:00p   5.7   7:45a   9.8   0.0   0.0   9.0  38.6   8:55a   NNW
 8   7.8   8.7   2:35p   6.9   7:50a  10.5   0.0   0.8   3.4  27.4   3:55a   ENE
 9   7.8   9.1   1:35p   6.7   6:25a  10.5   0.0   6.4   0.0  16.1  11:10p   ENE
10   7.6   8.2   3:20a   6.9   8:50a  10.7   0.0  12.0   3.4  30.6   9:35p    NE
11   5.7   7.8   2:30a   1.7  11:55p  12.6   0.0   2.4   7.7  35.4   7:15a   NNE
12   0.7   3.6   3:25p  -1.6  12:00m  17.6   0.0   1.2  10.9  32.2  10:30a   NNW
13  -2.1   0.9   3:00p  -4.1  11:20p  20.4   0.0   0.2  12.4  38.6   8:20p   NNE
14   1.6   6.3  10:45p  -4.1   1:50a  16.7   0.0   0.0  13.8  53.1   9:20p    NW
15   6.7   9.8   1:40p   3.2  11:55p  11.6   0.0   0.0  16.6  56.3   4:05a   NNW
16   4.4   9.1   1:25p   1.1   8:10a  13.9   0.0   0.0   3.9  30.6   7:15a   NNE
17   5.3   9.9   2:40p   2.4   8:15a  13.0   0.0   0.0   7.7  40.2   5:30p   NNW
18   4.5   6.7   3:10p   0.9  11:50p  13.8   0.0   0.0  18.7  56.3   9:30a    NW
19   1.4   6.0   3:45p  -1.6   7:45a  14.8   0.0   7.4   4.8  53.1  12:05a   NNE
20   3.8   8.8   4:15p   0.6   6:40a  14.5   0.0   0.0   0.0  12.9   1:30p    SW
21   3.2   8.2   9:50a   0.7  11:30p  15.1   0.0   0.0  10.8  49.9   3:25p   NNW
22  -0.6   2.3   3:10p  -3.5   8:00a  18.9   0.0   0.0  15.3  49.9   7:00a    NW
23  -1.2   2.3   1:35p  -3.3   8:00a  19.5   0.0   0.0  15.3  53.1   3:05a    NW
24  -2.4   1.9   2:15p  -5.0   7:05a  20.7   0.0   0.0   6.4  32.2   2:00a   NNE
25  -3.2   0.8   2:40p  -6.7   8:00a  21.5   0.0   0.0  12.6  43.5   9:35p    NW
26  -3.3  -2.9  12:05a  -3.6   1:05a   1.0   0.0   0.0  18.5  46.7  12:55a   NNW
27
28
29
30
31
-------------------------------------------------------------------------------------
     4.7  16.1     2    -6.7    25   331.3   0.0  30.4   8.0  56.3    15     NNW

Max >=  32.0:  0
Max <=   0.0:  1
Min <=   0.0:  9
Min <= -18.0:  0
Max Rain: 11.99 ON 10/01/22
Days of Rain: 7 (> .2 mm) 4 (> 2 mm) 0 (> 20 mm)
Heat Base:  18.3  Cool Base:  18.3  Method: Integration