Κλιματικές Αναφορές τύπου NOAA



Αναφορά για 2021 Ιανουάριος
                   MONTHLY CLIMATOLOGICAL SUMMARY for JAN. 2021

NAME: meteokastro   CITY: ORAIOKASTRO   STATE: THESSALONIKI 
ELEV:   290 m  LAT:  40° 43' 53" N  LONG:  22° 55' 10" E

                   TEMPERATURE (°C), RAIN  (mm), WIND SPEED (km/hr)

                                      HEAT  COOL        AVG
    MEAN                              DEG   DEG         WIND                 DOM
DAY TEMP  HIGH   TIME   LOW    TIME   DAYS  DAYS  RAIN  SPEED HIGH   TIME    DIR
------------------------------------------------------------------------------------
 1   9.9  14.0   2:25p   6.8   4:45a   8.4   0.0   0.0   1.0  20.9   1:05p   WNW
 2   9.7  12.7   2:20p   7.9   7:00a   7.9   0.0   0.4   5.0  30.6  11:10p   ENE
 3  11.8  15.3   2:00p   9.6   1:05a   6.5   0.0   9.2   2.7  32.2   2:10a   ENE
 4  10.5  13.0   7:50a   7.9   9:45p   7.8   0.0  28.4   2.6  27.4  12:40a   ENE
 5   9.2  13.0   3:00p   5.8   8:00a   9.1   0.0   0.2   0.8  16.1   5:50a   WSW
 6  10.6  13.7   3:15p   8.4   4:00a   7.7   0.0   0.0   2.1  16.1   4:15a    NE
 7  11.9  13.7   2:25p  10.4   6:45a   6.3   0.0   0.0   0.2   9.7   2:15a   ESE
 8  14.6  16.4  12:40p  11.2  12:05a   3.7   0.0   0.0   1.3  25.7   5:20p     S
 9  10.7  16.0  12:05a   7.6  10:10p   7.6   0.0   8.8  10.3  41.8   7:55a     N
10   8.6   9.5   2:30p   7.6   5:40a   9.7   0.0  11.0   5.3  27.4   6:25a   ENE
11  11.9  15.2   2:55p   9.1  12:15a   6.4   0.0  13.8   2.3  24.1   8:50a   ENE
12   7.3  11.4  12:05a   3.0   9:40p  11.0   0.0  30.6  13.7  48.3   9:50p   NNW
13   4.4   8.0   2:10p   2.8   2:05a  13.9   0.0   0.0  15.3  43.5  12:40a   NNW
14   2.5   6.6  12:40p  -0.2   7:50a  15.8   0.0   0.2  10.3  45.1   4:05a   NNW
15   1.1   4.3   2:40p  -1.6   7:50a  17.2   0.0   1.4   8.5  40.2   1:05a   NNW
16  -2.1   1.4  12:05a  -4.3  11:50p  20.4   0.0   0.0  13.7  51.5   6:30p    NW
17  -2.8   0.7   3:05p  -5.6   6:40a  21.1   0.0   0.0   9.7  49.9  12:30a   NNW
18  -2.2   1.1   2:20p  -4.7   7:10a  20.5   0.0   0.0   6.6  33.8   9:15a     N
19  -0.8   3.7   2:55p  -4.4   6:10a  19.1   0.0   0.0  10.9  41.8   9:05a   NNW
20   1.6   6.3  11:45a  -0.8   1:35a   8.2   0.0   0.0   1.9  17.7  12:15a   NNW
21
22
23
24
25
26
27
28
29
30
31
-------------------------------------------------------------------------------------
     6.4  16.4     8    -5.6    17   228.4   0.0 104.0   6.2  51.5    16     NNW

Max >=  32.0:  0
Max <=   0.0:  0
Min <=   0.0:  7
Min <= -18.0:  0
Max Rain: 30.61 ON 12/01/21
Days of Rain: 10 (> .2 mm) 6 (> 2 mm) 2 (> 20 mm)
Heat Base:  18.3  Cool Base:  18.3  Method: Integration