Κλιματικές Αναφορές τύπου NOAA



Αναφορά για 2017 Δεκέμβριος
                   MONTHLY CLIMATOLOGICAL SUMMARY for DEC. 2017

NAME: meteokastro   CITY: ORAIOKASTRO   STATE: THESSALONIKI 
ELEV:   240 m  LAT:  40° 43' 19" N  LONG:  22° 55' 00" E

                   TEMPERATURE (°C), RAIN  (mm), WIND SPEED (km/hr)

                                      HEAT  COOL        AVG
    MEAN                              DEG   DEG         WIND                 DOM
DAY TEMP  HIGH   TIME   LOW    TIME   DAYS  DAYS  RAIN  SPEED HIGH   TIME    DIR
------------------------------------------------------------------------------------
 1  15.7  16.8   9:30a  14.5  12:30a   2.6   0.0   3.4   4.5  35.4   7:30p   SSE
 2  13.7  16.0  12:30a  12.4   6:00p   4.6   0.0  13.6   1.4  27.4  12:30a   ENE
 3  14.7  17.8   1:30p  11.2  12:00m   3.6   0.0   0.0   2.3  27.4  11:30a     S
 4   9.8  13.1   3:00p   4.4  11:30p   8.5   0.0   0.2   4.5  51.5  12:00m   NNW
 5   4.0   7.9   2:00p   1.6  12:00m  14.3   0.0   0.0  17.7  54.7   1:00a   NNW
 6   5.4   8.9   2:00p   1.2   1:30a  12.9   0.0   0.0  13.2  53.1   1:30p   NNW
 7   9.2  14.7   2:30p   4.1   2:00a   9.1   0.0   0.0   6.4  37.0   6:00a   NNW
 8   8.7  12.9   3:00p   5.2   7:30a   9.6   0.0   0.0   0.0  12.9   2:00p     W
 9  10.1  13.6   3:00p   5.9   7:00a   8.2   0.0   0.0   1.6  24.1   3:00p     W
10   6.7  11.3  12:30a   2.8   8:00a  11.6   0.0   0.2   8.0  53.1   9:00a   NNW
11   5.1   8.6   9:30a   4.1   7:00a   5.2   0.0   0.0   0.0   0.0     ---   ---
12
13
14
15
16
17
18
19
20
21
22
23
24
25
26
27
28
29
30
31
-------------------------------------------------------------------------------------
     9.4  17.8     3     1.2     6    90.2   0.0  17.4   5.4  54.7     5     NNW

Max >=  32.0:  0
Max <=   0.0:  0
Min <=   0.0:  0
Min <= -18.0:  0
Max Rain: 13.59 ON 02/12/17
Days of Rain: 4 (> .2 mm) 2 (> 2 mm) 0 (> 20 mm)
Heat Base:  18.3  Cool Base:  18.3  Method: Integration