Κλιματικές Αναφορές τύπου NOAA



Αναφορά για 2017 Μάϊος
                   MONTHLY CLIMATOLOGICAL SUMMARY for MAY. 2017

NAME: meteokastro   CITY: ORAIOKASTRO   STATE: THESSALONIKI 
ELEV:   240 m  LAT:  40° 43' 19" N  LONG:  22° 55' 00" E

                   TEMPERATURE (°C), RAIN  (mm), WIND SPEED (km/hr)

                                      HEAT  COOL        AVG
    MEAN                              DEG   DEG         WIND                 DOM
DAY TEMP  HIGH   TIME   LOW    TIME   DAYS  DAYS  RAIN  SPEED HIGH   TIME    DIR
------------------------------------------------------------------------------------
 1  18.8  24.6   2:00p  15.3   5:00a   0.9   1.4   0.0   6.1  27.4  12:30a   SSE
 2  20.5  26.3   2:30p  16.3   5:30a   0.5   2.7   0.0   3.2  22.5  12:30p     S
 3  20.9  27.3   2:30p  16.7  12:00m   0.4   3.0   0.0   4.2  24.1   2:30p     S
 4  20.8  27.1   2:30p  15.8   6:30a   0.5   3.0   0.0   3.7  22.5   2:00p     S
 5  20.7  26.8   3:30p  16.9  10:30p   0.3   2.7   0.0   4.0  20.9   5:00a     S
 6  19.3  22.8   3:30p  14.5   6:30a   0.5   1.6   0.0  13.7  54.7   5:30p     N
 7  19.7  26.6   4:00p  14.6   6:00a   0.9   2.3   0.0   9.2  33.8   6:30p   NNE
 8  19.6  25.0   4:00p  14.3   7:00a   0.7   2.0   0.0   6.4  37.0  10:30p     W
 9  16.8  19.4   5:00p  13.7   1:00p   1.5   0.1   0.0  16.7  62.8  12:00p     N
10  17.1  24.3   5:00p  13.4  12:00m   2.2   1.0   2.2  10.0  46.7   4:00a     N
11  16.5  22.1   3:30p  12.9   7:00a   2.3   0.6   0.2   2.4  22.5   3:00p   SSW
12  18.1  23.5   4:30p  13.9   9:30a   1.5   1.3   0.2   2.6  29.0   9:00a    NE
13  21.6  29.2   4:30p  15.7   6:30a   0.5   3.8   0.0   2.3  24.1   2:00a    NE
14  24.6  29.0   5:00p  19.8   7:00a   0.0   6.3   0.0  18.2  49.9   4:30a   NNW
15  21.6  26.6   1:30p  17.1  12:00m   0.0   3.3   0.4   8.5  33.8  12:30a   NNE
16  17.4  20.1   6:30p  15.8   3:00a   1.1   0.3   2.6   2.1  17.7   2:30p   WSW
17  18.1  22.4   2:30p  14.4  12:00m   0.9   0.6   1.0   3.1  37.0   5:00p   WSW
18  18.3  23.7   2:00p  13.9   1:30a   1.3   1.3   0.8   8.0  40.2  12:00p   NNE
19  18.4  24.7   4:30p  13.3   6:30a   1.3   1.4   0.0   2.7  22.5   4:30p     S
20  18.7  24.9   3:30p  13.0   4:00a   1.6   1.9   0.6   2.3  22.5   4:00p   SSE
21  18.1  26.7   1:00p  14.9  12:00m   1.3   1.1   2.4   6.8  41.8   4:30p    SW
22  19.1  25.0   4:00p  13.3   5:00a   1.5   2.2   0.2   7.9  41.8   6:30p     N
23  21.2  26.2   3:30p  18.0   6:30a   0.0   2.9   0.0   5.0  30.6   2:30a     N
24  19.1  24.9   3:00p  16.2   6:30a   0.6   1.3   0.6   5.6  30.6   2:00a     S
25
26
27
28
29
30
31
-------------------------------------------------------------------------------------
    19.4  29.2    13    12.9    11    22.5  48.0  11.2   6.4  62.8     9       S

Max >=  32.0:  0
Max <=   0.0:  0
Min <=   0.0:  0
Min <= -18.0:  0
Max Rain: 2.59 ON 16/05/17
Days of Rain: 11 (> .2 mm) 3 (> 2 mm) 0 (> 20 mm)
Heat Base:  18.3  Cool Base:  18.3  Method: Integration