Κλιματικές Αναφορές τύπου NOAA



Αναφορά για 2021 Απρίλιος
                   MONTHLY CLIMATOLOGICAL SUMMARY for APR. 2021

NAME: meteokastro   CITY: ORAIOKASTRO   STATE: THESSALONIKI 
ELEV:   290 m  LAT:  40° 43' 53" N  LONG:  22° 55' 10" E

                   TEMPERATURE (°C), RAIN  (mm), WIND SPEED (km/hr)

                                      HEAT  COOL        AVG
    MEAN                              DEG   DEG         WIND                 DOM
DAY TEMP  HIGH   TIME   LOW    TIME   DAYS  DAYS  RAIN  SPEED HIGH   TIME    DIR
------------------------------------------------------------------------------------
 1  10.2  14.8  12:35p   7.1   8:00a   8.1   0.0   0.0   0.8  20.9   2:45p     S
 2  11.6  17.4   3:45p   7.1   6:50a   6.7   0.0   0.0   0.2  14.5  11:50a     S
 3  14.8  20.9   4:55p   9.7   5:40a   3.7   0.3   0.0   0.3  19.3   4:35p     S
 4   9.9  15.6  12:05a   5.2   9:55p   8.3   0.0   0.6  16.4  69.2  10:30p   NNW
 5   8.0  12.5   3:35p   4.7   1:10a  10.3   0.0   0.0  10.1  51.5  12:50a   NNW
 6   9.5  13.6   5:00p   7.3   7:05a   8.8   0.0   2.8   0.5  16.1   9:25a    NE
 7  11.1  17.2   1:25p   5.6  11:50p   7.2   0.0   0.0   8.2  51.5  11:45p   NNW
 8   5.4   9.5   5:35p   2.6   4:10a  12.9   0.0   0.2  13.8  61.2   2:40a   NNW
 9   7.8  13.3   6:00p   2.2   5:40a  10.5   0.0   0.0   4.2  25.7  12:55p   NNW
10   9.4  14.5   2:55p   5.5   7:00a   8.9   0.0   0.0   0.8  19.3   5:30p     S
11  10.6  15.3   3:40p   6.4   6:40a   7.7   0.0   0.0   0.3  14.5   4:50p     S
12  11.6  16.4   5:05p   7.7   6:00a   6.7   0.0   0.0   0.3  12.9   1:40p     S
13  11.8  15.0   6:20p  10.2  11:30p   6.5   0.0   1.0   0.2  14.5  10:50a   NNE
14  13.7  18.9   4:10p   8.8   6:50a   4.7   0.0   0.2   2.7  43.5  10:55p     S
15  10.3  16.6   3:55p   5.1   6:55a   7.9   0.0   0.0  12.9  45.1   4:40a   NNW
16   9.1  12.3   4:40p   5.9   7:05a   9.2   0.0   2.6   6.9  38.6   1:35a   NNW
17   9.9  12.4   3:15p   7.8   1:25a   8.4   0.0   0.2   2.7  22.5   1:10a     N
18  12.1  17.2   5:20p   9.9   8:40a   6.3   0.0   5.4   0.8  14.5   5:45a    NE
19  11.3  15.7   1:00p   8.7  12:00m   6.9   0.0   6.0   3.1  40.2   3:30p     S
20  11.4  17.6   4:20p   6.9   6:50a   6.9   0.0   1.4   9.3  45.1   8:50p   NNW
21  12.7  18.7   4:05p   7.7   7:05a   5.6   0.0   0.0   1.3  22.5   3:00p     S
22  10.6  11.0  12:05a  10.2   2:30a   1.8   0.0   0.0   0.0   0.0     ---   ---
23
24
25
26
27
28
29
30
-------------------------------------------------------------------------------------
    10.6  20.9     3     2.2     9   164.1   0.3  20.4   4.4  69.2     4     NNW

Max >=  32.0:  0
Max <=   0.0:  0
Min <=   0.0:  0
Min <= -18.0:  0
Max Rain: 5.99 ON 19/04/21
Days of Rain: 10 (> .2 mm) 4 (> 2 mm) 0 (> 20 mm)
Heat Base:  18.3  Cool Base:  18.3  Method: Integration