Κλιματικές Αναφορές τύπου NOAA



Αναφορά για 2022 Ιούνιος
                   MONTHLY CLIMATOLOGICAL SUMMARY for JUN. 2022

NAME: meteokastro   CITY: ORAIOKASTRO   STATE: THESSALONIKI 
ELEV:   290 m  LAT:  40° 43' 53" N  LONG:  22° 55' 10" E

                   TEMPERATURE (°C), RAIN  (mm), WIND SPEED (km/hr)

                                      HEAT  COOL        AVG
    MEAN                              DEG   DEG         WIND                 DOM
DAY TEMP  HIGH   TIME   LOW    TIME   DAYS  DAYS  RAIN  SPEED HIGH   TIME    DIR
------------------------------------------------------------------------------------
 1  24.8  30.6   14:20  19.8    2:50   0.0   6.5   0.0   1.3  19.3    2:45   NNW
 2  26.3  32.2   15:10  22.1    6:40   0.0   8.0   0.0   0.8  16.1   15:15     S
 3  27.6  34.0   17:25  22.8    6:35   0.0   9.3   0.0   4.5  30.6    7:55   NNW
 4  27.2  31.9   17:00  24.2    5:55   0.0   8.9   0.0   1.0  19.3   12:05     S
 5  28.7  34.8   17:50  23.2    6:45   0.0  10.4   0.0   4.7  30.6   11:15   NNW
 6  24.7  31.9   15:25  18.3   19:40   0.0   6.4   2.6   3.7  41.8   17:25   NNW
 7  21.9  26.5   16:05  17.6    6:00   0.0   3.6   0.0   1.9  20.9    3:35     S
 8  21.2  25.2   16:50  18.6   23:40   0.0   2.9   3.4   0.5  20.9   16:05     S
 9  20.9  26.5   15:20  17.6    6:00   0.1   2.7   5.2   0.8  19.3   15:35     S
10  18.6  21.5   17:30  16.6    5:10   0.3   0.5  11.2   1.9  20.9    8:30    NE
11  19.7  25.4   17:00  17.1    6:15   0.3   1.7  13.8   3.7  32.2   22:30    NW
12  21.7  26.8   14:35  18.3    6:55   0.0   3.4   0.4   9.0  37.0    9:05   NNW
13  23.8  30.6   16:00  19.9    5:50   0.0   5.5   0.0   5.5  33.8   17:55   NNW
14  23.4  29.6   14:35  17.6   16:50   0.0   5.1   6.2   4.2  30.6   16:25   NNW
15  23.3  28.2   13:55  18.9    6:20   0.0   5.0   0.0   5.3  33.8    7:55   NNW
16  22.1  25.1   17:25  19.7    6:35   0.0   3.8   0.2   0.8  14.5    0:50     S
17  22.8  27.5   15:55  18.3   00:00   0.0   4.6   6.0   1.1  19.3   22:50     S
18  19.2  23.8   16:45  17.3   12:35   0.1   1.0  16.2   4.0  41.8   19:20   NNW
19  21.9  27.4   16:55  17.3    4:15   0.1   3.7   0.0   2.1  29.0   13:35   NNW
20  23.3  27.5   14:50  19.2    6:30   0.0   5.0   0.0   0.6  16.1   13:25     S
21  27.3  33.9   16:15  19.7    5:10   0.0   9.0   0.0   4.2  32.2   15:05   WNW
22  29.3  34.6   15:30  24.6    1:25   0.0  11.0   0.0   3.4  24.1    7:05    NW
23  27.4  33.4   14:45  21.6   20:00   0.0   9.1   1.0   3.5  45.1   17:50   NNW
24  23.0  28.6   14:55  19.7   10:40   0.0   4.7  10.0   1.9  24.1    5:00    NE
25  22.1  26.1   10:35  20.5    6:10   0.0   1.7   0.0   0.0   8.0    9:15    SW
26
27
28
29
30
-------------------------------------------------------------------------------------
    23.7  34.8     5    16.6    10     0.9 133.6  76.2   2.8  45.1    23     NNW

Max >=  32.0:  6
Max <=   0.0:  0
Min <=   0.0:  0
Min <= -18.0:  0
Max Rain: 16.21 ON 18/06/22
Days of Rain: 12 (> .2 mm) 9 (> 2 mm) 0 (> 20 mm)
Heat Base:  18.3  Cool Base:  18.3  Method: Integration