Κλιματικές Αναφορές τύπου NOAA



Αναφορά για 2017 Αύγουστος
                   MONTHLY CLIMATOLOGICAL SUMMARY for AUG. 2017

NAME: meteokastro   CITY: ORAIOKASTRO   STATE: THESSALONIKI 
ELEV:   240 m  LAT:  40° 43' 19" N  LONG:  22° 55' 00" E

                   TEMPERATURE (°C), RAIN  (mm), WIND SPEED (km/hr)

                                      HEAT  COOL        AVG
    MEAN                              DEG   DEG         WIND                 DOM
DAY TEMP  HIGH   TIME   LOW    TIME   DAYS  DAYS  RAIN  SPEED HIGH   TIME    DIR
------------------------------------------------------------------------------------
 1  26.5  31.7   5:00p  22.2   5:30a   0.0   8.2   0.0   1.1  20.9  12:30p   SSE
 2  27.7  33.4   6:00p  22.5   7:00a   0.0   9.4   0.0   1.0  20.9   1:30p   SSW
 3  29.2  34.8   5:30p  24.2   2:30a   0.0  10.9   0.0   1.6  24.1   2:30p   SSW
 4  30.1  35.1   4:00p  26.0   3:30a   0.0  11.8   0.0   1.6  20.9   5:30p   SSW
 5  30.4  34.7   3:00p  27.0   1:30a   0.0  12.1   0.0   1.4  20.9   5:30p     S
 6  31.2  35.7   4:00p  26.9   7:00a   0.0  12.9   0.0   1.0  25.7   3:30p     S
 7  31.1  35.2   2:00p  28.4   6:30a   0.0  12.8   0.0   0.8  19.3   3:00p   SSE
 8  29.8  33.3   1:00p  26.8   6:30a   0.0  11.5   0.0   1.6  22.5  11:30a   SSW
 9  29.8  34.7   3:00p  25.8   4:00a   0.0  11.6   0.0   1.3  22.5   4:00p     S
10  29.0  32.8   3:30p  25.4   7:00a   0.0  10.7   0.0   1.0  20.9   4:00p     S
11  28.8  33.1   3:00p  25.8   3:00a   0.0  10.5   0.0   1.3  22.5   2:30p   WSW
12  28.6  32.4   2:00p  25.2   7:30a   0.0  10.3   0.0   1.6  25.7   1:30p     S
13  23.6  28.4   3:30p  18.4  12:00m   0.0   5.3   0.0  16.1  56.3   4:30p   NNW
14  23.1  30.4   5:30p  17.3   5:30a   0.2   5.0   0.0  12.7  54.7   3:30a   NNW
15  25.1  32.1   5:30p  19.6   6:30a   0.0   6.7   0.0   6.9  38.6   6:30a     N
16  27.9  33.5   5:30p  23.3   7:30a   0.0   9.6   0.0   2.7  30.6  10:00a   NNW
17  28.1  33.2   3:30p  23.4   7:00a   0.0   9.8   0.0   2.4  30.6   1:00p   NNE
18  28.1  33.3   5:00p  23.9   7:00a   0.0   9.7   0.0   1.8  29.0   1:00p   NNW
19  28.5  33.3   4:30p  23.8   5:00a   0.0  10.2   0.0   1.3  22.5   2:00p   NNE
20  27.0  31.7   4:00p  23.3   7:30a   0.0   8.7   0.0   1.1  24.1   1:00p   ESE
21  24.6  24.8   1:00a  24.3  12:30a   0.0   0.4   0.0   0.0   3.2   1:00a     S
22
23
24
25
26
27
28
29
30
31
-------------------------------------------------------------------------------------
    28.0  35.7     6    17.3    14     0.2 198.1   0.0   2.9  56.3    13       S

Max >=  32.0: 16
Max <=   0.0:  0
Min <=   0.0:  0
Min <= -18.0:  0
Max Rain: 0.00 ON 01/08/17
Days of Rain: 0 (> .2 mm) 0 (> 2 mm) 0 (> 20 mm)
Heat Base:  18.3  Cool Base:  18.3  Method: Integration