Κλιματικές Αναφορές τύπου NOAA



Αναφορά για 2019 Φεβρουάριος
                   MONTHLY CLIMATOLOGICAL SUMMARY for FEB. 2019

NAME: meteokastro   CITY: ORAIOKASTRO   STATE: THESSALONIKI 
ELEV:   270 m  LAT:  40° 43' 53" N  LONG:  22° 55' 10" E

                   TEMPERATURE (°C), RAIN  (mm), WIND SPEED (km/hr)

                                      HEAT  COOL        AVG
    MEAN                              DEG   DEG         WIND                 DOM
DAY TEMP  HIGH   TIME   LOW    TIME   DAYS  DAYS  RAIN  SPEED HIGH   TIME    DIR
------------------------------------------------------------------------------------
 1   8.4  13.4   3:30p   3.6   1:30a   9.9   0.0   0.0   0.5  14.5  10:30a   SSW
 2  10.4  14.3   3:00p   8.2   6:30a   7.9   0.0   0.0   1.8  24.1  10:30p    NE
 3  11.3  14.3   2:00p   9.4  12:30a   7.0   0.0   0.0   8.4  27.4  12:30a     E
 4  12.1  15.0   2:00p  10.2  11:30p   6.2   0.0   0.0   4.7  29.0   1:00a   ENE
 5  11.7  15.6   3:30p   8.9   8:00a   6.6   0.0   0.0   3.2  29.0  12:30p     N
 6   7.3  10.3  12:30a   5.8   9:30p  11.0   0.0   3.6   7.6  54.7   8:00a     N
 7   5.9   8.5   2:30p   4.4   6:30a  12.4   0.0   0.0   3.7  27.4   7:30a     N
 8   5.3   7.7   3:00p   3.8  12:00m  12.9   0.0   0.6   0.8  14.5   1:00a   NNE
 9   5.7   9.7   3:00p   3.6   2:30a  12.6   0.0   0.0   1.3  20.9   2:00a   NNW
10   6.7  11.6   2:30p   2.4   8:00a  11.6   0.0   0.2   0.0   9.7  12:00p   SSW
11   9.4  12.7   2:00p   5.6   7:30a   8.9   0.0   0.0   1.0  30.6  12:00m    NE
12   6.5  11.8  12:30a   2.1  12:00m  11.8   0.0   0.4  16.9  57.9   8:30p   NNW
13   3.1   6.9   2:30p   1.0   8:00a  15.2   0.0   0.0  14.8  56.3   9:00a   NNW
14   3.7   8.9   2:30p  -0.2   7:30a  14.6   0.0   0.0  16.9  57.9   5:00a   NNW
15   5.0   8.7  12:30p   2.5   7:30a  13.3   0.0   0.0   9.2  38.6   1:00a     N
16   3.8   4.2   1:30a   2.9   3:00a   1.8   0.0   0.0   6.4  22.5   2:30a   NNW
17
18
19
20
21
22
23
24
25
26
27
28
-------------------------------------------------------------------------------------
     7.3  15.6     5    -0.2    14   163.8   0.0   4.8   6.1  57.9    12     NNW

Max >=  32.0:  0
Max <=   0.0:  0
Min <=   0.0:  1
Min <= -18.0:  0
Max Rain: 3.61 ON 06/02/19
Days of Rain: 4 (> .2 mm) 1 (> 2 mm) 0 (> 20 mm)
Heat Base:  18.3  Cool Base:  18.3  Method: Integration