Κλιματικές Αναφορές τύπου NOAA



Αναφορά για 2019 Ιούνιος
                   MONTHLY CLIMATOLOGICAL SUMMARY for JUN. 2019

NAME: meteokastro   CITY: ORAIOKASTRO   STATE: THESSALONIKI 
ELEV:   270 m  LAT:  40° 43' 53" N  LONG:  22° 55' 10" E

                   TEMPERATURE (°C), RAIN  (mm), WIND SPEED (km/hr)

                                      HEAT  COOL        AVG
    MEAN                              DEG   DEG         WIND                 DOM
DAY TEMP  HIGH   TIME   LOW    TIME   DAYS  DAYS  RAIN  SPEED HIGH   TIME    DIR
------------------------------------------------------------------------------------
 1  19.3  26.3   3:30p  13.7   6:00a   1.4   2.4   0.0   6.4  41.8   2:30a     N
 2  19.2  24.0  12:30p  16.5   5:30a   0.4   1.3   1.4   6.6  41.8   1:00p     N
 3  18.6  23.7   3:30p  14.0   7:00a   1.1   1.4   0.0   1.6  33.8  12:30a     W
 4  18.9  24.6   2:00p  14.5   6:00a   0.9   1.5   0.0   0.5  19.3   3:00p   SSW
 5  19.8  25.1   1:30p  17.4   2:00a   0.2   1.8   0.0   0.8  20.9   7:30p   ENE
 6  21.4  26.3   3:30p  17.0   5:30a   0.2   3.3   3.8   0.3  17.7   2:30p   SSW
 7  24.2  31.7   4:00p  17.3   2:00a   0.1   6.0   0.0   1.0  22.5  12:00p   NNW
 8  28.2  34.8   4:30p  21.1   5:00a   0.0   9.9   0.0   2.9  32.2   2:30p    NW
 9  27.1  33.4   5:30p  22.8   8:30p   0.0   8.8   0.4   6.8  38.6   9:30a     N
10  23.9  29.3   1:00p  20.0  12:00m   0.0   5.6   1.8   1.8  24.1   9:30p    NE
11  23.7  27.7   2:00p  19.4   3:00a   0.0   5.4   0.0   0.8  19.3  12:30a     S
12  25.2  30.8   5:30p  20.9   5:00a   0.0   6.9   0.0   1.1  25.7  10:00a     S
13  26.7  32.4   4:30p  21.1   6:00a   0.0   8.4   0.0   0.5  17.7   5:00p     S
14  27.7  34.2   3:30p  23.2   6:30a   0.0   9.4   0.0   0.6  46.7   7:00p     S
15  26.6  34.8   4:30p  22.7   4:30a   0.0  11.1   0.0   1.3  38.6   8:30p     N
16  24.5  31.2   3:00p  19.4   6:30p   0.0   6.2   6.0   1.4  48.3   6:00p   SSW
17  24.2  30.3   1:30p  20.2   4:00a   0.0   5.9   0.0   2.4  35.4  11:00p     N
18  24.2  30.3   4:00p  19.6  11:30p   0.0   5.9   3.4   5.5  32.2   3:00a     N
19  20.6  21.1  12:30a  20.0   2:00a   0.0   0.2   0.0   2.4  24.1   2:00a     N
20
21
22
23
24
25
26
27
28
29
30
-------------------------------------------------------------------------------------
    23.4  34.8     8    13.7     1     4.3 101.2  16.8   2.4  48.3    16       N

Max >=  32.0:  5
Max <=   0.0:  0
Min <=   0.0:  0
Min <= -18.0:  0
Max Rain: 5.99 ON 16/06/19
Days of Rain: 6 (> .2 mm) 3 (> 2 mm) 0 (> 20 mm)
Heat Base:  18.3  Cool Base:  18.3  Method: Integration