Κλιματικές Αναφορές τύπου NOAA



Αναφορά για 2018 Οκτώβριος
                   MONTHLY CLIMATOLOGICAL SUMMARY for OCT. 2018

NAME: meteokastro   CITY: ORAIOKASTRO   STATE: THESSALONIKI 
ELEV:   270 m  LAT:  40° 43' 53" N  LONG:  22° 55' 10" E

                   TEMPERATURE (°C), RAIN  (mm), WIND SPEED (km/hr)

                                      HEAT  COOL        AVG
    MEAN                              DEG   DEG         WIND                 DOM
DAY TEMP  HIGH   TIME   LOW    TIME   DAYS  DAYS  RAIN  SPEED HIGH   TIME    DIR
------------------------------------------------------------------------------------
 1  17.8  23.9   3:30p  12.4   8:00a   1.8   1.2   0.2   0.5  16.1   1:30p   SSW
 2  18.6  24.2   3:30p  14.9   7:30a   0.9   1.2   0.0   0.8  16.1  10:30a    NE
 3  18.9  23.4   2:00p  16.1   7:00a   0.7   1.3   0.0   1.0  22.5   8:30a     S
 4  18.4  23.1   5:00p  15.4   8:00a   0.7   0.9   0.0   4.7  40.2   5:30a     N
 5  16.6  18.8   3:30p  14.5  12:00m   1.7   0.0   0.0   0.8  22.5   9:00a     E
 6  16.3  21.3   4:00p  13.4   6:30a   2.4   0.4   0.0   1.3  20.9   9:30a    NE
 7  16.7  21.7   2:30p  13.5   5:30a   2.1   0.6   0.0   0.5  16.1   3:00p     S
 8  17.8  23.2   3:00p  14.4   7:00a   1.5   0.9   0.0   0.3  16.1   1:30p     S
 9  17.8  21.9   3:00p  15.4  12:00m   1.2   0.6   0.0   0.8  17.7  10:00a    NE
10  17.8  23.2   4:00p  14.7   3:00a   1.5   1.0   0.0   1.3  19.3   2:00p     N
11  18.1  23.2   4:30p  14.1   7:30a   1.4   1.2   0.0   0.6  16.1   1:00p    NE
12  17.9  21.8   1:30p  14.6   7:30a   1.0   0.6   0.0   0.6  16.1   1:00a     S
13  18.2  22.7   1:30p  14.9   8:00a   0.9   0.8   0.0   1.0  17.7  11:00a    NE
14  17.1  21.6   1:30p  14.9   5:30a   1.5   0.2   0.0   0.3  16.1   3:30p   ENE
15  17.7  22.8   2:30p  15.2   8:30a   1.3   0.7   0.0   0.3  19.3   4:30p     S
16  18.2  23.1   3:30p  14.8   7:30a   1.3   1.1   0.0   0.5  19.3   2:00p     S
17  18.1  23.4   3:30p  14.3   6:00a   1.3   1.0   0.0   0.5  16.1   2:30p     S
18  17.4  22.1   3:00p  14.5   8:30a   1.6   0.7   0.0   0.5  16.1   3:30p     S
19  17.4  22.2   3:30p  13.8   8:00a   1.8   0.8   0.0   0.3  16.1   4:00p     S
20  15.7  16.1   1:00a  15.3   2:30a   0.3   0.0   0.0   0.0   0.0     ---   ---
21
22
23
24
25
26
27
28
29
30
31
-------------------------------------------------------------------------------------
    17.6  24.2     2    12.4     1    26.7  15.4   0.2   0.8  40.2     4       S

Max >=  32.0:  0
Max <=   0.0:  0
Min <=   0.0:  0
Min <= -18.0:  0
Max Rain: 0.20 ON 01/10/18
Days of Rain: 1 (> .2 mm) 0 (> 2 mm) 0 (> 20 mm)
Heat Base:  18.3  Cool Base:  18.3  Method: Integration