Κλιματικές Αναφορές τύπου NOAA



Αναφορά για 2019 Αύγουστος
                   MONTHLY CLIMATOLOGICAL SUMMARY for AUG. 2019

NAME: meteokastro   CITY: ORAIOKASTRO   STATE: THESSALONIKI 
ELEV:   270 m  LAT:  40° 43' 53" N  LONG:  22° 55' 10" E

                   TEMPERATURE (°C), RAIN  (mm), WIND SPEED (km/hr)

                                      HEAT  COOL        AVG
    MEAN                              DEG   DEG         WIND                 DOM
DAY TEMP  HIGH   TIME   LOW    TIME   DAYS  DAYS  RAIN  SPEED HIGH   TIME    DIR
------------------------------------------------------------------------------------
 1  29.8  36.3   4:45p  24.8   6:45a   0.0  11.5   0.0   3.2  30.6   2:25p     N
 2  27.9  32.3  12:10p  25.3   5:20a   0.0   9.7   0.0   2.1  25.7   8:15a   SSW
 3  27.4  32.1   3:15p  23.9   6:35a   0.0   9.1   0.0   0.8  25.7  11:30p   SSW
 4  25.7  31.1   4:05p  20.8   6:55a   0.0   7.4   0.0  11.7  48.3   1:05p     N
 5  24.6  30.9   3:30p  20.1   6:55a   0.0   6.3   0.0   3.5  35.4   8:05a     N
 6  24.8  30.6   4:55p  20.8   5:25a   0.0   6.5   0.0   0.6  19.3  12:40p   NNW
 7  25.7  30.6   4:35p  21.9   7:00a   0.0   7.4   0.0   0.6  19.3   1:10p     S
 8  26.9  32.2   2:05p  22.5   4:25a   0.0   8.6   0.0   0.3  16.1   1:10p     S
 9  28.6  34.8   2:55p  23.7   4:55a   0.0  10.3   0.0   0.3  19.3   2:35p     W
10  29.5  34.2   3:00p  25.4   5:25a   0.0  11.2   0.0   0.5  17.7   1:55p     S
11  28.9  32.5   2:10p  25.5   6:25a   0.0  10.7   0.0   0.8  19.3   1:30p     S
12  28.7  35.1   4:05p  23.3   6:55a   0.0  10.4   0.0   0.6  20.9   1:20p   SSE
13  29.2  34.8   3:20p  23.6   6:40a   0.0  10.9   0.0   0.3  19.3  12:35p     S
14  26.6  30.6   2:10p  23.4  12:00m   0.0   8.2   0.0   1.4  40.2  11:05p   SSE
15  23.6  28.9   3:25p  19.3   3:10a   0.0   5.3  13.4  13.2  41.8   2:50a     N
16  24.0  30.1   5:00p  19.0   7:00a   0.0   5.7   0.0   8.0  46.7   4:45a     N
17  23.9  30.1   4:40p  19.2   7:30a   0.0   5.6   0.0   6.4  35.4   2:25a   NNW
18  23.9  29.7   4:35p  20.0   6:50a   0.0   5.7   0.0   0.5  20.9   4:35p     S
19  24.8  30.4   2:35p  20.8   7:15a   0.0   6.5   0.0   0.6  20.9   3:30p     S
20  25.0  30.6   3:00p  21.5   7:05a   0.0   6.7   0.0   0.5  17.7  12:30p     S
21  26.4  32.3   4:35p  21.9   2:35a   0.0   8.1   0.0   0.6  24.1   1:30p     S
22  28.7  34.1   4:25p  24.1   4:45a   0.0  10.4   0.0   0.6  20.9   1:50p     N
23  28.8  34.3   2:40p  24.1   6:45a   0.0  10.5   0.0   0.8  22.5   1:30p     S
24  28.6  33.6   3:00p  24.8   5:35a   0.0   9.9   0.0   0.6  24.1   3:05p   NNE
25
26
27
28
29
30
31
-------------------------------------------------------------------------------------
    26.8  36.3     1    19.0    16     0.0 202.6  13.4   2.5  48.3     4       S

Max >=  32.0: 13
Max <=   0.0:  0
Min <=   0.0:  0
Min <= -18.0:  0
Max Rain: 13.41 ON 15/08/19
Days of Rain: 1 (> .2 mm) 1 (> 2 mm) 0 (> 20 mm)
Heat Base:  18.3  Cool Base:  18.3  Method: Integration