Κλιματικές Αναφορές τύπου NOAA



Αναφορά για 2020 Μάρτιος
                   MONTHLY CLIMATOLOGICAL SUMMARY for MAR. 2020

NAME: meteokastro   CITY: ORAIOKASTRO   STATE: THESSALONIKI 
ELEV:   290 m  LAT:  40° 43' 53" N  LONG:  22° 55' 10" E

                   TEMPERATURE (°C), RAIN  (mm), WIND SPEED (km/hr)

                                      HEAT  COOL        AVG
    MEAN                              DEG   DEG         WIND                 DOM
DAY TEMP  HIGH   TIME   LOW    TIME   DAYS  DAYS  RAIN  SPEED HIGH   TIME    DIR
------------------------------------------------------------------------------------
 1   8.8  13.6   3:20p   5.3   4:40a   9.5   0.0   0.0   1.8  19.3  11:45a     S
 2  12.1  17.8   2:55p   7.2   5:45a   6.2   0.0   0.0   1.6  20.9  10:30p    NE
 3  15.2  20.9   2:35p  11.6   7:30a   3.4   0.3   0.0   8.2  32.2   9:40p   ENE
 4  12.3  14.5   4:30p   7.3  12:00m   5.9   0.0   6.2   8.9  38.6  10:05p     E
 5   8.7  12.6   2:50p   5.9   7:25a   9.6   0.0   0.0  13.8  56.3  10:40a   NNW
 6   9.4  13.6   3:25p   4.8   6:55a   8.9   0.0   0.0   1.0  17.7   3:55a     N
 7  12.7  16.7   2:15p  10.0   6:10a   5.6   0.0   0.0   5.6  30.6   7:45p   ENE
 8  12.1  14.4  10:50a   7.8  11:55p   6.2   0.0  17.6   2.9  24.1   3:45a   ENE
 9   6.8   8.3   3:15p   5.7  10:40a  11.5   0.0  16.6  11.9  38.6  10:40p     N
10   6.9  10.6   4:10p   4.8   7:25a  11.3   0.0   3.8  17.5  64.4   2:35p   NNW
11   9.8  15.1   3:20p   5.3   4:55a   8.4   0.0   0.0  10.6  43.5   8:10a   NNW
12  13.9  19.9   3:00p   9.4   2:10a   4.5   0.1   0.0   1.8  20.9  12:05a     N
13  15.8  21.7   3:50p  11.7   3:20a   2.9   0.5   0.0   0.3  11.3   3:30a     S
14  15.3  20.0   3:10p  11.8   6:20a   3.2   0.1   0.0   4.3  33.8   5:45a     N
15   7.6  12.5   1:20a   3.9  11:50p  10.7   0.0  15.6   9.5  40.2   6:30a     N
16   6.4  11.4   3:05p   3.6   5:15a  11.9   0.0   0.4   1.9  17.7   1:50a     E
17   7.5  12.8   3:10p   2.9   6:30a  10.8   0.0   0.0   0.5  17.7   1:45p   WSW
18   9.7  17.5   2:40p   5.2   6:20a   8.6   0.0   0.0   3.1  37.0   9:50a     N
19  10.1  15.7   2:55p   6.4   4:00a   8.2   0.0   0.0   0.3  16.1   1:00p     S
20  13.2  19.8   2:50p   7.4   5:50a   5.2   0.1   0.0   0.8  20.9  10:50a     S
21  14.2  18.4   1:05p  10.5   6:50a   4.1   0.0   0.0   0.3  12.9   2:20p   SSW
22  12.4  16.0  10:30a   7.2  12:00m   5.9   0.0   6.2   2.1  33.8  11:05p     N
23   2.5   7.1  12:05a   0.3  11:40p  15.7   0.0  14.4  17.4  49.9   6:55a     N
24   3.7   6.1   6:05p   0.3  12:05a  14.6   0.0   1.8   9.2  33.8   6:45p   ENE
25   6.5   8.1   2:20p   5.1   3:25a  11.8   0.0   0.2  10.5  37.0   9:15a     E
26   6.8   8.1   5:00p   5.4   6:20a  11.5   0.0   1.0   7.4  40.2   3:55a   ENE
27   6.4   7.7   1:10p   5.6   7:40p  11.9   0.0   0.0   1.8  20.9   9:35p   WNW
28   6.8   8.4  11:20a   5.7  12:05a  11.5   0.0   0.0   0.5  19.3   1:30a    NW
29   9.9  15.1   4:40p   6.1   1:40a   8.0   0.0   0.0   1.3  27.4   2:35p    NW
30  12.8  20.3   3:45p   8.3   4:30a   5.6   0.1   0.0   1.0  20.9   5:00p   SSW
31  11.1  17.3   2:40p   6.4   6:50a   5.7   0.0   0.0   6.1  33.8   8:25a   NNW
-------------------------------------------------------------------------------------
     9.9  21.7    13     0.3    23   258.9   1.3  83.8   5.3  64.4    10       N

Max >=  32.0:  0
Max <=   0.0:  0
Min <=   0.0:  0
Min <= -18.0:  0
Max Rain: 17.60 ON 08/03/20
Days of Rain: 11 (> .2 mm) 7 (> 2 mm) 0 (> 20 mm)
Heat Base:  18.3  Cool Base:  18.3  Method: Integration