Κλιματικές Αναφορές τύπου NOAA



Αναφορά για 2023 Ιανουάριος
                   MONTHLY CLIMATOLOGICAL SUMMARY for JAN. 2023

NAME: meteokastro   CITY: ORAIOKASTRO   STATE: THESSALONIKI 
ELEV:   290 m  LAT:  40° 43' 53" N  LONG:  22° 55' 10" E

                   TEMPERATURE (°C), RAIN  (mm), WIND SPEED (km/hr)

                                      HEAT  COOL        AVG
    MEAN                              DEG   DEG         WIND                 DOM
DAY TEMP  HIGH   TIME   LOW    TIME   DAYS  DAYS  RAIN  SPEED HIGH   TIME    DIR
------------------------------------------------------------------------------------
 1  11.2  15.7   14:20   8.4    6:00   7.1   0.0   0.0   0.3  12.9    2:10   NNE
 2  10.4  14.2   15:15   7.9    7:10   7.9   0.0   0.0   0.3  11.3   13:00    SW
 3   9.9  14.3   15:05   7.7    7:55   8.4   0.0   0.0   0.3   9.7   13:00    SW
 4  10.8  15.3   14:55   8.4   00:00   7.5   0.0   0.0   3.9  33.8    6:55     N
 5  10.2  14.0   13:55   8.0   22:00   8.1   0.0   0.0   0.8  17.7   23:20    NW
 6  10.0  13.7   14:15   7.1    7:40   8.3   0.0   0.0  12.2  51.5   10:20   NNW
 7   9.9  14.1   16:10   7.0    5:00   8.4   0.0   0.0   2.6  27.4    2:00   NNE
 8   9.2  12.6   14:20   6.4    8:10   9.1   0.0   0.0   0.2  12.9   14:05    SW
 9   9.2  12.1   14:30   8.2    0:15   9.1   0.0   0.6   0.6  17.7   22:45   SSW
10   9.3  11.4   15:20   5.8   23:45   8.9   0.0  19.2   2.1  37.0   22:45   NNW
11   6.4  10.4   13:55   4.5    5:30  11.8   0.0   0.0  12.6  40.2    3:15   NNW
12   5.6   9.3   14:45   3.1    6:40  12.7   0.0   0.0  11.3  32.2   20:10     N
13   6.7  11.3   14:35   3.8    5:45  11.6   0.0   0.0   4.3  30.6    1:20    NW
14   7.1  11.2   14:25   4.8    6:45  11.2   0.0   0.0   2.7  29.0   20:25   NNW
15   6.8  10.7   15:15   4.3    6:45  11.5   0.0   0.0   2.7  22.5    1:25     N
16   7.9  10.4   15:50   6.1    6:45  10.4   0.0   0.0   0.5  17.7   13:10   SSW
17  12.0  14.5   13:30   8.5    0:05   6.3   0.0   0.0   1.9  30.6   20:55   SSE
18  15.1  17.7   14:25  13.7    2:25   3.2   0.0   0.0  10.0  43.5   14:05   SSE
19  15.3  17.9   14:45  13.6    7:45   3.0   0.0   0.0  10.1  46.7   23:45    SE
20  10.2  14.3    0:05   6.6   23:00   7.6   0.0  13.4   3.5  38.6    0:05    SW
21  10.2  13.2   12:05   7.0    7:10   8.1   0.0   0.0   4.5  33.8   12:10   SSW
22  10.9  15.3   13:30   8.3    6:05   7.3   0.0   0.0   0.3  19.3   00:00   SSW
23  10.1  12.6   13:30   8.5   23:20   8.2   0.0   0.0   6.3  40.2   15:10    SE
24   6.2   8.5    0:05   5.0   00:00  12.1   0.0  19.8   3.7  35.4    3:25     W
25   4.6   6.2   12:25   3.1   00:00  13.7   0.0   0.6   1.9  20.9    9:35     W
26   2.2   3.1    0:05   1.3    6:00  16.1   0.0   9.0   4.2  24.1   21:40   NNE
27   3.4   5.3   13:45   1.6   00:00  14.9   0.0   0.2   9.0  48.3   20:45   NNW
28   3.0   6.8   13:55   1.0    7:05  15.3   0.0   0.0  13.7  43.5    6:00     N
29   2.8   6.6   13:30   0.4    7:05  15.5   0.0   0.0   9.8  32.2    4:05     N
30
31
-------------------------------------------------------------------------------------
     8.5  17.9    19     0.4    29   283.5   0.0  62.8   4.7  51.5     6     NNW

Max >=  32.0:  0
Max <=   0.0:  0
Min <=   0.0:  0
Min <= -18.0:  0
Max Rain: 19.81 ON 24/01/23
Days of Rain: 7 (> .2 mm) 4 (> 2 mm) 0 (> 20 mm)
Heat Base:  18.3  Cool Base:  18.3  Method: Integration