Κλιματικές Αναφορές τύπου NOAA



Αναφορά για 2018 Δεκέμβριος
                   MONTHLY CLIMATOLOGICAL SUMMARY for DEC. 2018

NAME: meteokastro   CITY: ORAIOKASTRO   STATE: THESSALONIKI 
ELEV:   270 m  LAT:  40° 43' 53" N  LONG:  22° 55' 10" E

                   TEMPERATURE (°C), RAIN  (mm), WIND SPEED (km/hr)

                                      HEAT  COOL        AVG
    MEAN                              DEG   DEG         WIND                 DOM
DAY TEMP  HIGH   TIME   LOW    TIME   DAYS  DAYS  RAIN  SPEED HIGH   TIME    DIR
------------------------------------------------------------------------------------
 1   5.2   8.4   2:00p   2.7   7:00a  13.1   0.0   0.0   1.6  14.5   6:30p     N
 2   6.1   9.0   2:30p   4.5   7:30a  12.3   0.0   0.0   1.8  16.1   3:30a    NE
 3   6.8  11.7   2:00p   3.6   6:30a  11.4   0.0   0.0   0.0   8.0  12:30a    NE
 4   8.1  11.9   2:00p   4.7   4:30a  10.2   0.0   0.0   0.2  16.1  12:00m    NE
 5   8.4  12.0  12:30p   3.8  12:00m   9.9   0.0   0.0  15.1  54.7   1:00p   NNW
 6   4.7   8.8   2:30p   1.8   8:30a  13.6   0.0   0.0  11.9  45.1   1:00a     N
 7   4.8   9.1   3:00p   2.3   7:30a  13.4   0.0   0.0   3.2  19.3   2:00a     N
 8   5.8   9.3   2:30p   3.1  12:30a  12.5   0.0   0.0   0.2   6.4   1:30a     N
 9   7.6  11.4   3:00p   4.7   6:30a  10.7   0.0   0.6   6.4  41.8  11:30a     N
10   6.7   8.2  10:30a   4.2  12:30p  11.6   0.0   0.4  10.8  56.3   8:30p    NW
11   4.7   7.9   1:30p   1.8  11:00p  13.6   0.0   0.0  13.4  51.5   1:00p   NNW
12   4.0   8.2   2:30p   0.9   5:00a  14.3   0.0   0.0   9.0  41.8   3:00a    NW
13   3.6   5.3  11:30a   2.0   3:00a  14.7   0.0   0.8   3.1  20.9  11:30p     N
14   5.0   7.0  12:00m   3.2  12:30a  13.3   0.0   1.6   3.9  20.9  10:00a   ENE
15   9.0  10.9   3:30p   6.9  12:30a   9.3   0.0   0.4   1.0  22.5  10:00a   ENE
16  10.4  10.6   1:00a  10.1   3:00a   1.0   0.0   0.0   0.0   9.7   1:30a   ENE
17
18
19
20
21
22
23
24
25
26
27
28
29
30
31
-------------------------------------------------------------------------------------
     6.3  12.0     5     0.9    12   185.1   0.0   3.8   5.1  56.3    10       N

Max >=  32.0:  0
Max <=   0.0:  0
Min <=   0.0:  0
Min <= -18.0:  0
Max Rain: 1.60 ON 14/12/18
Days of Rain: 5 (> .2 mm) 0 (> 2 mm) 0 (> 20 mm)
Heat Base:  18.3  Cool Base:  18.3  Method: Integration