Κλιματικές Αναφορές τύπου NOAA



Αναφορά για 2018 Απρίλιος
                   MONTHLY CLIMATOLOGICAL SUMMARY for APR. 2018

NAME: meteokastro   CITY: ORAIOKASTRO   STATE: THESSALONIKI 
ELEV:   270 m  LAT:  40° 43' 53" N  LONG:  22° 55' 10" E

                   TEMPERATURE (°C), RAIN  (mm), WIND SPEED (km/hr)

                                      HEAT  COOL        AVG
    MEAN                              DEG   DEG         WIND                 DOM
DAY TEMP  HIGH   TIME   LOW    TIME   DAYS  DAYS  RAIN  SPEED HIGH   TIME    DIR
------------------------------------------------------------------------------------
 1  13.9  18.8   3:30p  11.0   3:30a   4.4   0.0   0.0   5.3  41.8   5:00p   ENE
 2  13.2  18.5   4:30p   8.7   6:30a   5.1   0.0   0.0   5.6  35.4   1:00a   NNW
 3  13.6  18.4   4:00p  10.1   6:00a   4.7   0.0   0.0   1.3  19.3   2:00p     S
 4  13.5  18.8   2:30p   9.3   7:30a   4.8   0.0   0.0   0.8  17.7   3:30p     S
 5  14.8  20.2   3:30p  11.1   5:00a   3.7   0.1   0.0   0.6  17.7   3:00p   SSW
 6  14.8  18.4   4:30p  12.0  12:00m   3.5   0.0   0.0   9.5  40.2  12:00p   NNW
 7  14.2  20.4   4:30p   9.9   5:00a   4.2   0.1   6.0   9.3  41.8   3:30a   NNW
 8  18.2  25.0   5:00p  13.4   4:30a   1.8   1.7   0.0   3.4  24.1   6:30a   NNW
 9  16.2  20.4   3:30p  12.6   6:00a   2.4   0.3   0.0   0.8  19.3   1:30p     S
10  15.7  20.7   3:30p  12.1   7:00a   2.9   0.2   0.0   0.6  17.7   4:00p    SE
11  15.1  18.8   5:30p  12.2   7:00a   3.3   0.0   0.0   0.3  17.7   3:30p     S
12  15.9  20.7   2:00p  12.0   2:30a   2.8   0.4   0.0   1.0  17.7   3:00p     S
13  16.8  21.7   3:30p  12.8   7:30a   2.1   0.6   0.0   0.5  17.7   3:30p     S
14  18.9  24.4   3:30p  14.4   7:30a   0.9   1.6   0.0   0.8  16.1   1:00p     S
15  18.2  21.8   2:00p  15.3  11:00p   0.8   0.7   0.0   2.6  27.4   1:30p   ENE
16  14.7  17.9   1:30p  11.7  11:30p   3.6   0.0   1.2   2.4  33.8  12:30p     N
17  16.9  23.0   3:30p  11.7  12:30a   2.2   0.8   0.0   0.8  17.7   5:00a     N
18  18.1  23.0   2:00p  14.7   3:30a   1.2   1.0   0.0   2.1  22.5   9:30a     N
19  18.7  22.8   6:00p  15.8   7:30a   0.8   1.1   0.0   1.1  24.1   2:30a     N
20  16.3  23.6   1:30p  12.2  12:00m   2.4   0.5   1.0  10.0  45.1   8:00a     N
21  12.2  12.2  12:30a  12.2  12:30a   0.1   0.0   0.0   0.0   0.0     ---   ---
22
23
24
25
26
27
28
29
30
-------------------------------------------------------------------------------------
    15.7  25.0     8     8.7     2    57.8   9.2   8.2   2.8  45.1    20       S

Max >=  32.0:  0
Max <=   0.0:  0
Min <=   0.0:  0
Min <= -18.0:  0
Max Rain: 5.99 ON 07/04/18
Days of Rain: 3 (> .2 mm) 1 (> 2 mm) 0 (> 20 mm)
Heat Base:  18.3  Cool Base:  18.3  Method: Integration