Κλιματικές Αναφορές τύπου NOAA



Αναφορά για 2018 Φεβρουάριος
                   MONTHLY CLIMATOLOGICAL SUMMARY for FEB. 2018

NAME: meteokastro   CITY: ORAIOKASTRO   STATE: THESSALONIKI 
ELEV:   270 m  LAT:  40° 43' 53" N  LONG:  22° 55' 10" E

                   TEMPERATURE (°C), RAIN  (mm), WIND SPEED (km/hr)

                                      HEAT  COOL        AVG
    MEAN                              DEG   DEG         WIND                 DOM
DAY TEMP  HIGH   TIME   LOW    TIME   DAYS  DAYS  RAIN  SPEED HIGH   TIME    DIR
------------------------------------------------------------------------------------
 1   9.7  13.8   2:00p   7.2   3:30a   8.7   0.0   0.0   0.8  14.5  11:00a   SSE
 2  11.2  14.9   3:30p   8.9   2:00a   7.1   0.0   1.2   2.4  22.5   3:30p   ENE
 3  13.2  16.2   3:00p  11.1   2:30a   5.1   0.0   0.0   5.0  35.4   3:30p     S
 4  11.2  13.8  12:30a   7.7  12:00m   7.1   0.0   4.0   2.1  27.4  10:30p     N
 5   8.3  12.5   2:00p   5.4   7:30a  10.0   0.0   0.0   1.6  24.1   4:00a     N
 6   7.4   9.1   3:30p   6.1   7:30a  10.9   0.0   0.8   1.9  20.9  12:00m   ENE
 7   7.2   9.2  12:00p   5.3   6:30a  11.2   0.0   0.2   3.2  30.6   8:30p     E
 8   9.9  13.6   4:30p   6.6   7:00a   8.4   0.0   5.0   0.3  19.3   1:30a     S
 9  10.3  15.4   3:00p   6.5   7:00a   8.0   0.0   0.0   1.0  19.3   2:30p   NNW
10   7.4   9.3   2:00a   5.4  11:00p  10.9   0.0  18.0   7.6  45.1   7:00p   ENE
11   4.0   5.7  12:30a   2.4   8:00a  14.3   0.0  11.0  11.7  40.2  10:00a     N
12   6.0  10.8   3:00p   2.5   5:30a  12.3   0.0   0.0   3.5  29.0   1:30a     N
13   6.1   7.8   2:00p   4.8   2:30a  12.2   0.0   0.8   5.0  35.4  11:00p     E
14   7.6  10.7   3:30p   4.5  12:00m  10.7   0.0   2.4   7.4  43.5  10:30a     N
15   4.6   7.2   1:00p   2.7   8:00a  13.8   0.0   0.0  12.9  41.8  10:30a   NNW
16   6.5  11.6   3:00p   3.0   4:00a  11.8   0.0   0.0   6.6  33.8   1:00a   NNW
17   8.3  13.6   4:00p   5.1   7:00a  10.0   0.0   0.0   2.9  38.6  10:00a     N
18   8.2   9.9   3:30p   6.7  12:30a  10.1   0.0   0.0   0.3  12.9  12:30a    NE
19   7.8  10.9   2:30p   6.1  12:00m  10.5   0.0   0.0   3.5  32.2  10:30a     E
20   6.3   8.4   4:00p   4.9   7:00a   9.7   0.0   0.0   9.5  33.8   5:30a     E
21
22
23
24
25
26
27
28
-------------------------------------------------------------------------------------
     8.1  16.2     3     2.4    11   202.7   0.0  43.4   4.5  45.1    10       N

Max >=  32.0:  0
Max <=   0.0:  0
Min <=   0.0:  0
Min <= -18.0:  0
Max Rain: 18.01 ON 10/02/18
Days of Rain: 9 (> .2 mm) 5 (> 2 mm) 0 (> 20 mm)
Heat Base:  18.3  Cool Base:  18.3  Method: Integration