Κλιματικές Αναφορές τύπου NOAA



Αναφορά για 2018 Ιούνιος
                   MONTHLY CLIMATOLOGICAL SUMMARY for JUN. 2018

NAME: meteokastro   CITY: ORAIOKASTRO   STATE: THESSALONIKI 
ELEV:   270 m  LAT:  40° 43' 53" N  LONG:  22° 55' 10" E

                   TEMPERATURE (°C), RAIN  (mm), WIND SPEED (km/hr)

                                      HEAT  COOL        AVG
    MEAN                              DEG   DEG         WIND                 DOM
DAY TEMP  HIGH   TIME   LOW    TIME   DAYS  DAYS  RAIN  SPEED HIGH   TIME    DIR
------------------------------------------------------------------------------------
 1  24.2  29.9   3:00p  19.2   5:00a   0.0   5.9   0.0   1.3  24.1  12:30p     S
 2  24.9  28.9  12:30p  21.4  12:00m   0.0   6.6   0.0   1.9  22.5   4:00p     S
 3  23.5  28.6   3:30p  19.4   7:00a   0.0   5.2   0.0   1.1  37.0   8:00p     N
 4  25.4  31.4   4:30p  20.2   5:30a   0.0   7.1   0.6   3.1  32.2   4:00p     N
 5  25.9  31.7   4:00p  21.7   6:00a   0.0   7.6   0.0   2.3  22.5   2:30a     N
 6  24.4  29.8   5:30p  20.7   6:30a   0.0   6.1   0.0   1.3  19.3  12:00p     S
 7  24.2  29.6   2:00p  20.9   6:00a   0.0   5.9   2.8   1.4  24.1   6:30p   NNE
 8  24.0  28.5   2:30p  20.3   6:00a   0.0   5.7   0.0   0.6  20.9   4:00p   ENE
 9  24.2  29.2   2:30p  20.6  10:00p   0.0   5.9   0.0   2.9  40.2  10:00p   NNE
10  22.8  27.4   3:30p  20.1   6:00a   0.0   4.5   0.0   8.5  35.4  12:30a     N
11  25.1  29.7   2:30p  21.0   6:00a   0.0   6.8   0.0   1.4  22.5  12:30a     N
12  25.0  28.9   3:30p  21.8   6:00a   0.0   6.7   0.0   1.0  19.3   2:00p     S
13  24.7  28.9   1:30p  21.4   4:30a   0.0   6.4   0.0   1.3  24.1  11:30p     S
14  22.9  27.8   3:00p  18.4   8:00p   0.0   4.6   6.6   2.4  25.7   3:30p   NNE
15  19.8  23.9   3:00p  17.4   5:00p   0.0   1.5  10.8   4.3  30.6  11:00a     N
16  19.4  24.1   5:30p  15.9   8:30a   0.4   1.5  25.0   2.1  33.8   5:30a     N
17  21.2  26.2   3:30p  18.3   7:30a   0.0   2.8   3.2   0.8  22.5   7:30a   NNE
18  21.7  28.1   2:30p  18.6   1:30a   0.0   3.4   2.0   2.1  29.0   3:30p     N
19  22.2  28.4   3:30p  19.6   3:00a   0.0   3.8   5.6   2.4  24.1   4:00p     N
20  24.7  29.7   2:30p  20.3   6:30a   0.0   6.3   0.0   2.9  24.1   8:30a     N
21  25.1  29.1   2:00p  19.7   3:00a   0.0   6.8   2.6   2.6  27.4   2:30a     N
22  24.8  30.2   2:30p  20.2   6:00a   0.0   6.5   0.0   1.3  20.9   5:30p     S
23  19.2  23.3  12:30a  15.4   7:00a   0.4   1.1   0.0  16.9  54.7   6:30a     N
24
25
26
27
28
29
30
-------------------------------------------------------------------------------------
    23.4  31.7     5    15.4    23     0.8 118.8  59.2   2.9  54.7    23       N

Max >=  32.0:  0
Max <=   0.0:  0
Min <=   0.0:  0
Min <= -18.0:  0
Max Rain: 24.99 ON 16/06/18
Days of Rain: 9 (> .2 mm) 8 (> 2 mm) 1 (> 20 mm)
Heat Base:  18.3  Cool Base:  18.3  Method: Integration