Κλιματικές Αναφορές τύπου NOAA



Αναφορά για 2018
                            ANNUAL CLIMATOLOGICAL SUMMARY

NAME: meteokastro  CITY: ORAIOKASTRO   STATE: THESSALONIKI  
ELEV:   270 m  LAT:  40° 43' 53" N  LONG:  22° 55' 10" E

               TEMPERATURE (°C), HEAT BASE 18.3, COOL BASE 18.3
                          DEP.  HEAT  COOL                                          
        MEAN  MEAN        FROM  DEG   DEG                        MAX  MAX  MIN  MIN 
 YR MO  MAX   MIN   MEAN  NORM  DAYS  DAYS  HI  DATE  LOW  DATE  >=32 <=0  <=0  <=-18 
------------------------------------------------------------------------------------
 18  1  10.2   4.1   6.7   0.0   359     0  17.2  30  -0.2   25    0    0    1    0
 18  2   9.8   4.7   6.9   0.0   318     0  16.2   3  -2.8   28    0    0    3    0
 18  3  14.8   7.0  10.5   0.0   242     0  20.9  17  -5.2    1    0    0    1    0
 18  4  22.4  13.3  17.3   0.0    66    34  28.9  27   8.7    2    0    0    0    0
 18  5  25.2  16.5  20.2   0.0    15    73  29.6  26  13.5   14    0    0    0    0
 18  6  27.1  18.8  22.4   0.0     6   130  31.7   5  14.3   24    0    0    0    0
 18  7  30.7  20.9  25.3   0.0     1   217  33.6  13  16.0   10    8    0    0    0
 18  8  30.3  21.9  25.7   0.0     0   228  33.3  19  18.4   28    5    0    0    0
 18  9  27.0  18.1  21.9   0.0    24   132  33.4   2   8.3   27    2    0    0    0
 18 10  21.4  13.8  16.9   0.0    63    18  24.2   2   6.9   25    0    0    0    0
 18 11  14.5   9.3  11.6   0.0   193     3  24.6   2   1.5   30    0    0    0    0
 18 12   9.4   3.8   6.3   0.0   185     0  12.0   5   0.9   12    0    0    0    0
------------------------------------------------------------------------------------
        20.8  13.1  16.4   0.0  1471   835  33.6 JUL  -5.2  MAR   15    0    5    0

                                PRECIPITATION (mm)

               DEP.   MAX        DAYS OF RAIN 
               FROM   OBS.          OVER
 YR MO  TOTAL  NORM   DAY  DATE  .2   2   20
---------------------------------------------
 18  1  24.6    0.0  17.0   22   11    2    0
 18  2  78.0    0.0  18.0   10   17   11    0
 18  3  52.6    0.0   7.4   23   16   10    0
 18  4   8.8    0.0   6.0    7    5    1    0
 18  5  83.8    0.0  34.4    6   18    9    1
 18  6  89.8    0.0  25.0   16   14   10    1
 18  7  37.6    0.0  10.8    7    9    6    0
 18  8  57.0    0.0  33.4    1    4    3    1
 18  9   8.0    0.0   5.6    8    4    1    0
 18 10   1.2    0.0   0.6   21    4    0    0
 18 11  36.2    0.0  10.6   18   11    5    0
 18 12   3.8    0.0   1.6   14    5    0    0
---------------------------------------------
       481.3   0.0  34.4  MAY  118   58    3

                                WIND SPEED (km/hr)
                          DOM
 YR MO   AVG.  HI   DATE  DIR
---------------------------------
 18  1   4.2  80.5   18   NNW
 18  2   5.6  45.1   10     E
 18  3   3.6  56.3   25   ENE
 18  4   2.3  45.1   20     S
 18  5   1.6  46.7   25     N
 18  6   3.0  59.5   30     N
 18  7   4.3  56.3   23     N
 18  8   1.9  45.1   27     N
 18  9   4.2  72.4   25     N
 18 10   1.8  69.2   25     S
 18 11   2.9  51.5   28     N
 18 12   5.1  56.3   10     N
---------------------------------
         3.3  80.5  JAN    N