Κλιματικές Αναφορές τύπου NOAA



Αναφορά για 2019
                            ANNUAL CLIMATOLOGICAL SUMMARY

NAME: meteokastro  CITY: ORAIOKASTRO   STATE: THESSALONIKI  
ELEV:   270 m  LAT:  40° 43' 53" N  LONG:  22° 55' 10" E

               TEMPERATURE (°C), HEAT BASE 18.3, COOL BASE 18.3
                          DEP.  HEAT  COOL                                          
        MEAN  MEAN        FROM  DEG   DEG                        MAX  MAX  MIN  MIN 
 YR MO  MAX   MIN   MEAN  NORM  DAYS  DAYS  HI  DATE  LOW  DATE  >=32 <=0  <=0  <=-18 
------------------------------------------------------------------------------------
 19  1   6.5   1.0   3.5   0.0   459     0  13.4  24  -7.4    8    0    5   16    0
 19  2  11.3   3.7   7.0   0.0   317     0  17.6  20  -4.1   24    0    1    4    0
 19  3  16.6   7.7  11.5   0.0   214     2  22.2  10   2.2   12    0    0    0    0
 19  4  17.6   9.7  13.1   0.0   162     5  23.4  26   6.8    4    0    0    0    0
 19  5  22.8  13.8  17.8   0.0    57    43  27.2  30   7.2    8    0    0    0    0
 19  6  30.2  19.9  24.4   0.0     4   190  34.8   8  13.7    1   10    0    0    0
 19  7  30.1  20.0  24.7   0.0     2   116  36.6   3  13.6   11    7    0    0    0
 19  8
 19  9
 19 10
 19 11
 19 12
------------------------------------------------------------------------------------
        18.7  10.3  14.0   0.0  1215   356  36.6 JUL  -7.4  JAN   17    6   20    0

                                PRECIPITATION (mm)

               DEP.   MAX        DAYS OF RAIN 
               FROM   OBS.          OVER
 YR MO  TOTAL  NORM   DAY  DATE  .2   2   20
---------------------------------------------
 19  1  63.7    0.0  18.0   25   12    6    0
 19  2   6.0    0.0   3.6    6    5    1    0
 19  3  35.4    0.0  26.4   12    5    2    1
 19  4  84.0    0.0  35.8   14   14    8    1
 19  5  31.6    0.0  11.4    5    8    4    0
 19  6  31.0    0.0   6.0   16    9    6    0
 19  7  34.2    0.0  11.4   11    5    4    0
 19  8
 19  9
 19 10
 19 11
 19 12
---------------------------------------------
       285.9   0.0  35.8  APR   58   31    2

                                WIND SPEED (km/hr)
                          DOM
 YR MO   AVG.  HI   DATE  DIR
---------------------------------
 19  1   7.8  57.9   26     N
 19  2   6.1  64.4   26     N
 19  3   2.9  61.2   12     N
 19  4   1.4  41.8   17   SSW
 19  5   3.0  61.2    7     N
 19  6   2.4  49.9   26     N
 19  7   2.4  56.3   10     N
 19  8
 19  9
 19 10
 19 11
 19 12
---------------------------------
         3.8  64.4  FEB    N