Κλιματικές Αναφορές τύπου NOAA



Αναφορά για 2022 Φεβρουάριος
                   MONTHLY CLIMATOLOGICAL SUMMARY for FEB. 2022

NAME: meteokastro   CITY: ORAIOKASTRO   STATE: THESSALONIKI 
ELEV:   290 m  LAT:  40° 43' 53" N  LONG:  22° 55' 10" E

                   TEMPERATURE (°C), RAIN  (mm), WIND SPEED (km/hr)

                                      HEAT  COOL        AVG
    MEAN                              DEG   DEG         WIND                 DOM
DAY TEMP  HIGH   TIME   LOW    TIME   DAYS  DAYS  RAIN  SPEED HIGH   TIME    DIR
------------------------------------------------------------------------------------
 1   4.1   7.2   1:15p   0.8  11:05p  14.2   0.0   4.8   6.0  43.5  10:25p   NNW
 2   1.6   2.9   7:30p   0.4   4:40a  16.8   0.0   3.0  10.6  37.0  12:45a     N
 3   4.2   8.7   2:15p   1.8  12:00m  14.1   0.0   0.0  17.1  46.7   9:35p   NNW
 4   3.8   9.1   2:20p   0.6   8:00a  14.5   0.0   0.0   4.7  33.8   4:15a   NNE
 5   6.3  11.3   3:15p   2.4   8:00a  12.0   0.0   0.0   0.8  20.9  11:50p    SW
 6   8.8  13.5   1:00p   5.9   3:40a   9.5   0.0   0.0   3.4  27.4   1:35a   NNE
 7   8.1  12.7   2:55p   2.8  11:45p  10.2   0.0   0.8   3.2  57.9  10:45p   NNW
 8   3.6   6.5   2:55p   2.4   2:55a  14.7   0.0   0.0  22.0  62.8  12:50a    NW
 9   6.1  10.8   3:25p   2.1   4:40a  12.2   0.0   0.0  16.3  54.7   9:35a   NNW
10   8.3  14.1   3:05p   4.0   5:35a  10.0   0.0   0.0   1.8  19.3  12:25a   NNE
11   8.8  13.6   3:25p   5.9   5:30a   9.5   0.0   0.0   0.6  12.9   2:05p    SW
12   8.9  13.9   3:35p   5.6   6:15a   9.4   0.0   0.0   1.8  25.7   8:50a   NNE
13   7.3  10.9   1:55p   4.7  12:00m  11.0   0.0   0.0   1.6  29.0   3:45a     S
14   5.9   9.2   4:50p   4.5  12:30a  12.4   0.0   0.6   0.0   9.7   3:55p   ESE
15   7.9  11.6   2:30p   5.2   5:15a  10.4   0.0   0.0   1.0  22.5   1:15p    SW
16   9.3  12.3   3:15p   7.3   5:30a   8.9   0.0   0.0   0.2  19.3   8:35p     E
17  10.7  15.0   2:55p   8.5   5:55a   7.6   0.0   1.2   0.6  16.1  12:20a    SW
18  10.9  15.1   3:10p   7.8   3:30a   7.4   0.0   0.0   9.8  49.9   8:35a    NW
19  10.8  15.1   2:30p   8.1   7:35a   7.5   0.0   0.0   1.9  25.7  12:35p   SSW
20  10.6  13.8   2:50p   8.6   7:30a   7.8   0.0   0.0   0.0   6.4  12:00p    SE
21  11.6  16.2   1:45p   8.2   6:50a   6.7   0.0   0.0   1.1  19.3   4:45p    SW
22   8.7  16.6   2:35p   3.7   8:30p   9.6   0.0   5.4   6.6  48.3   7:30p   NNW
23   6.2   9.4   4:55p   4.2   4:05a  12.1   0.0   3.2  14.6  43.5  10:30a   NNW
24   7.6  12.6   4:05p   4.0   6:50a  10.7   0.0   0.0  10.6  49.9   2:00a    NW
25   7.6  12.4   3:25p   4.0   7:35a  10.8   0.0   0.0   0.8  20.9   1:30p    SW
26   8.3  13.1   2:35p   5.5   4:40a  10.0   0.0   0.0   1.0  19.3   3:55p   SSW
27   3.3   6.6  12:55a   0.3   1:35p  15.0   0.0  23.8   5.0  37.0   8:10a   NNW
28   3.8   7.2   2:45p   1.9   6:35a  14.5   0.0   0.0   4.3  33.8   7:50a   NNE
-------------------------------------------------------------------------------------
     7.3  16.6    22     0.3    27   309.5   0.0  42.8   5.3  62.8     8     NNW

Max >=  32.0:  0
Max <=   0.0:  0
Min <=   0.0:  0
Min <= -18.0:  0
Max Rain: 23.80 ON 27/02/22
Days of Rain: 8 (> .2 mm) 5 (> 2 mm) 1 (> 20 mm)
Heat Base:  18.3  Cool Base:  18.3  Method: Integration