Κλιματικές Αναφορές τύπου NOAA



Αναφορά για 2021 Δεκέμβριος
                   MONTHLY CLIMATOLOGICAL SUMMARY for DEC. 2021

NAME: meteokastro   CITY: ORAIOKASTRO   STATE: THESSALONIKI 
ELEV:   290 m  LAT:  40° 43' 53" N  LONG:  22° 55' 10" E

                   TEMPERATURE (°C), RAIN  (mm), WIND SPEED (km/hr)

                                      HEAT  COOL        AVG
    MEAN                              DEG   DEG         WIND                 DOM
DAY TEMP  HIGH   TIME   LOW    TIME   DAYS  DAYS  RAIN  SPEED HIGH   TIME    DIR
------------------------------------------------------------------------------------
 1   6.0  10.9   1:35p   2.1   1:20a  12.3   0.0   0.0   2.3  29.0   2:20a   NNW
 2   8.9  12.7   2:15p   5.4   3:00a   9.3   0.0   0.0   0.5  14.5  10:30p    NE
 3  12.3  15.8   1:05p  10.3   9:05p   6.0   0.0   1.4   1.0  16.1   9:55a    NE
 4  10.2  13.8   1:00p   7.2   7:40a   8.2   0.0   0.0   4.7  32.2   8:20a   NNW
 5   9.9  13.1   1:40p   7.4   7:25a   8.4   0.0   0.0   0.8  17.7  10:10p    NE
 6  12.2  14.8  12:50p   9.8  12:25a   6.1   0.0   3.4   4.8  25.7   2:15a    NE
 7   6.8  11.2   1:30a   3.1  12:00m  11.5   0.0   8.0  14.3  67.6   5:00p    NW
 8   5.0   8.0   2:15p   2.7   5:20a  13.3   0.0   0.0  14.6  64.4   1:15a    NW
 9   8.5  12.2  11:00p   4.6   1:00a   9.8   0.0   0.0   5.6  37.0   7:00p   ENE
10   9.3  13.1   1:20p   6.4  11:30p   9.0   0.0   7.0   0.6  37.0   2:20p   SSE
11  10.2  14.0  12:25p   6.5  12:15a   8.1   0.0  13.0   5.8  45.1  12:35p     E
12   7.8  10.7  10:40a   3.3  11:50p  10.5   0.0   0.2   6.8  45.1  11:25p   NNW
13   1.3   3.6  12:25a   0.2   4:55a  17.0   0.0  29.8  16.9  56.3   2:10a    NW
14   2.8   5.2   2:15p   1.3   1:05a  15.5   0.0  18.4  14.6  41.8  12:55p   NNW
15   3.6   6.6  12:30p   1.9   8:00a  14.7   0.0   0.0  15.3  54.7   8:40a   NNW
16   3.8   6.8   1:40p   2.0   4:20a  14.5   0.0   0.0  13.2  45.1  10:15a   NNW
17   5.3   9.4   2:40p   2.9   3:40a  13.0   0.0   0.0  13.2  56.3   5:40p    NW
18   3.8   7.5   2:20p   1.6  11:30p  14.5   0.0   0.0   9.7  37.0  12:05a    NW
19   2.7   5.8   1:35p   0.2   7:15a  15.6   0.0   0.0  10.6  41.8   2:15p    NW
20   6.0   9.5   2:25p   2.8  11:50p  12.3   0.0   0.0  12.2  51.5  11:30a    NW
21   2.2   5.6   1:15p  -0.3  12:00m  16.1   0.0   0.0  11.4  43.5  10:00a    NW
22   1.2   4.8   1:00p  -1.7   5:25a  17.1   0.0   0.0   5.8  24.1   2:20a   NNW
23   1.2   5.4   1:05p  -1.8   7:50a  17.1   0.0   0.0   4.8  29.0   2:45a     N
24   3.3   7.6   2:55p   0.3   6:45a  15.0   0.0   0.0   0.8   9.7  12:25p     N
25   6.9  11.2   2:40p   2.9  12:30a  11.4   0.0   0.0   0.0   0.0     ---   ---
26   9.3  11.4   1:45p   6.9  12:25a   9.0   0.0   0.6   0.2  12.9   9:30a   NNE
27  11.2  13.7  12:50p   9.3  11:50p   7.1   0.0   5.2   1.1  16.1   5:35a   NNE
28  10.6  11.9  11:45a   8.9   8:05a   7.7   0.0   0.2   1.3  16.1   1:00p   NNE
29  10.2  11.7   3:20p   8.2  11:55p   8.2   0.0   0.8   2.9  40.2  11:10p     N
30   8.1  11.1   1:55p   6.5   8:00a  10.2   0.0   0.0  15.3  48.3   8:10a    NW
31   8.8  12.2   3:00p   5.9   4:20a   9.5   0.0   0.0  12.9  48.3   5:55a   NNW
-------------------------------------------------------------------------------------
     6.8  15.8     3    -1.8    23   357.9   0.0  88.0   7.2  67.6     7     NNW

Max >=  32.0:  0
Max <=   0.0:  0
Min <=   0.0:  3
Min <= -18.0:  0
Max Rain: 29.79 ON 13/12/21
Days of Rain: 12 (> .2 mm) 7 (> 2 mm) 1 (> 20 mm)
Heat Base:  18.3  Cool Base:  18.3  Method: Integration