Κλιματικές Αναφορές τύπου NOAA



Αναφορά για 2021 Νοέμβριος
                   MONTHLY CLIMATOLOGICAL SUMMARY for NOV. 2021

NAME: meteokastro   CITY: ORAIOKASTRO   STATE: THESSALONIKI 
ELEV:   290 m  LAT:  40° 43' 53" N  LONG:  22° 55' 10" E

                   TEMPERATURE (°C), RAIN  (mm), WIND SPEED (km/hr)

                                      HEAT  COOL        AVG
    MEAN                              DEG   DEG         WIND                 DOM
DAY TEMP  HIGH   TIME   LOW    TIME   DAYS  DAYS  RAIN  SPEED HIGH   TIME    DIR
------------------------------------------------------------------------------------
 1  12.6  17.4   2:05p   9.4   6:10a   5.7   0.0   0.0   0.6  16.1  12:45p   NNW
 2  11.5  13.6   3:50p  10.1   7:25a   6.8   0.0   0.0   0.6  22.5  12:15p   NNE
 3  14.5  19.9   1:10p  10.9   8:25a   3.9   0.2   0.0   0.3  16.1   1:30p   SSW
 4  14.6  17.9   1:45p  12.2   6:50a   3.7   0.0   0.0   0.3  14.5   1:45p   ENE
 5  15.1  18.3   2:00p  12.8   7:40a   3.2   0.0   0.0   0.2  11.3   4:20p    NE
 6  16.8  23.1   2:40p  13.7   5:05a   2.1   0.6   0.0   0.2  17.7   8:00a   NNE
 7  17.4  20.4  11:20a  15.6  12:50a   1.1   0.2   0.0   0.3  11.3  11:15a   SSE
 8  14.1  15.9  12:40a  12.1   7:20a   4.3   0.0   0.0   0.2  11.3   4:05p    SW
 9  14.1  17.1   2:35p  10.9  10:40p   4.2   0.0   0.0   3.5  45.1   6:35p   NNW
10  10.3  12.5   1:55a   8.2  11:00p   8.0   0.0   0.4   5.0  29.0   5:25a   ENE
11   9.1  13.4  12:45p   6.4   5:55a   9.2   0.0   0.0   1.9  16.1  11:35a   NNE
12   9.8  14.4   2:35p   6.7   7:00a   8.4   0.0   0.0   0.0   6.4  12:20a     N
13  10.4  14.5   1:10p   7.1   6:20a   7.9   0.0   0.0   0.2   8.0  12:40a   NNW
14  11.2  13.7   1:25p   9.1   3:35a   7.1   0.0   0.0   0.8  19.3  10:05a   NNE
15  11.7  13.5   2:00p  10.9   7:55a   6.6   0.0   0.0   3.2  20.9   2:20p    NE
16  11.0  13.5   2:20p   9.6   7:50a   7.3   0.0   0.0   3.2  29.0   8:55a    NE
17   9.9  11.2   2:45p   9.0   6:50a   8.4   0.0   0.0   2.1  17.7  10:05a    NE
18  10.6  14.7   1:15p   8.5   7:20a   7.7   0.0   0.0   1.6  22.5   8:00p    NE
19   8.8  12.1   1:35p   6.8   7:20a   9.5   0.0   0.0   9.7  40.2  10:50a   NNW
20  10.9  15.6   2:00p   6.8  12:50a   7.4   0.0   0.0  10.6  45.1   3:20p   NNW
21  11.7  15.2   1:20p   8.8   7:30a   6.6   0.0   0.0   1.4  17.7   2:35a   NNW
22  12.3  14.7   1:40p  11.1   3:20a   6.0   0.0   0.0   1.6  16.1   9:35p    NE
23  11.6  14.4  11:45a   8.1  11:55p   6.7   0.0  12.2   5.1  37.0  12:00m   NNW
24   8.8  10.0   2:10p   7.6   2:10a   9.5   0.0   3.8   6.0  33.8  12:10a     N
25   7.8   8.8  12:05a   7.0   7:40a  10.5   0.0   0.0   3.5  22.5  12:20a    NE
26   8.2  10.1   6:20p   6.5   8:55a  10.1   0.0   2.8   5.5  33.8  11:20a   ENE
27  12.8  16.6   1:00p   9.2  12:15a   5.5   0.0   0.0   0.8  16.1   3:35a    NE
28  13.3  16.7  12:45p   9.2   7:50a   5.0   0.0   3.2   1.8  32.2   8:35p   SSE
29  12.2  14.7  11:20a   9.6   9:25p   6.1   0.0   3.0   2.1  38.6  11:45a    SW
30   5.2  11.2  12:05a   2.0  11:25p  13.1   0.0   2.0  15.4  64.4  12:20p    NW
-------------------------------------------------------------------------------------
    11.6  23.1     6     2.0    30   201.6   1.0  27.4   2.9  64.4    30      NE

Max >=  32.0:  0
Max <=   0.0:  0
Min <=   0.0:  0
Min <= -18.0:  0
Max Rain: 12.19 ON 23/11/21
Days of Rain: 7 (> .2 mm) 6 (> 2 mm) 0 (> 20 mm)
Heat Base:  18.3  Cool Base:  18.3  Method: Integration