Κλιματικές Αναφορές τύπου NOAA



Αναφορά για 2021 Οκτώβριος
                   MONTHLY CLIMATOLOGICAL SUMMARY for OCT. 2021

NAME: meteokastro   CITY: ORAIOKASTRO   STATE: THESSALONIKI 
ELEV:   290 m  LAT:  40° 43' 53" N  LONG:  22° 55' 10" E

                   TEMPERATURE (°C), RAIN  (mm), WIND SPEED (km/hr)

                                      HEAT  COOL        AVG
    MEAN                              DEG   DEG         WIND                 DOM
DAY TEMP  HIGH   TIME   LOW    TIME   DAYS  DAYS  RAIN  SPEED HIGH   TIME    DIR
------------------------------------------------------------------------------------
 1  15.9  19.3   5:00p  14.1  10:00p   2.4   0.0   0.0   0.2  12.9  10:45a   NNW
 2  15.8  20.2   4:20p  13.0   6:10a   2.7   0.2   0.0   0.5  19.3   1:50a   ENE
 3  15.9  20.6   3:40p  12.4   7:20a   2.7   0.3   0.0   0.2  14.5   6:30a   NNE
 4  16.7  21.5   2:55p  13.1   7:20a   2.2   0.5   0.0   0.2  16.1   4:15p     S
 5  17.0  21.6   3:05p  14.2   6:50a   1.8   0.5   0.0   0.3  16.1   6:30p     S
 6  15.8  18.6   4:00p  13.9   7:45a   2.5   0.0   0.0   1.9  24.1   6:25a   ENE
 7  14.5  15.7   2:20p  13.4   6:25a   3.8   0.0   0.6   7.2  32.2  11:30a   ENE
 8  13.2  14.6  12:40a  11.8   9:55a   5.1   0.0   7.6  12.1  49.9   5:55a   ENE
 9  12.8  13.4  11:50a  12.3   6:30a   5.5   0.0   1.0   4.3  27.4  10:30p    NE
10  12.8  13.7  11:10p  12.1  11:00a   5.5   0.0  20.4   9.0  43.5  10:35p   ENE
11  15.4  20.2   4:10p  12.7   4:15a   3.0   0.1  20.6   6.3  51.5   2:25a   ENE
12  11.8  15.6  12:05a   9.9  12:00m   6.5   0.0   8.4  12.6  51.5   9:45p   NNW
13  12.2  17.5   3:20p   8.9   5:35a   6.1   0.0   0.4   9.7  41.8   1:30a   NNW
14   7.8  10.8  12:20a   6.4  10:00p  10.5   0.0  43.6  13.0  45.1  11:15p   NNW
15   9.4  13.1   2:55p   6.4  12:30a   8.8   0.0  16.4   9.5  40.2   2:50a     N
16  11.2  13.7   2:00p   9.6   8:00a   7.1   0.0   3.6   9.8  45.1   8:15p   NNW
17  13.4  17.2   3:50p  10.8   3:00a   4.8   0.0   0.0   6.4  37.0   3:40a   NNW
18  14.5  17.1   5:30p  12.9   9:30p   3.8   0.0   0.2   0.0   1.6   6:20p   SSW
19  14.3  18.9   3:05p  10.9   5:30a   4.0   0.0   0.0   4.2  33.8  11:05a   NNW
20  14.0  18.8   2:55p  11.3   5:35a   4.3   0.0   0.2   0.3  11.3  12:35p   NNW
21  14.2  18.3   3:25p  11.7   3:45a   4.1   0.0   0.0   0.0  14.5   2:45p     S
22  15.4  20.2   3:05p  12.4   3:50a   3.1   0.2   0.0   0.0   8.0   2:15p     S
23  16.2  21.2   3:35p  12.8   7:15a   2.6   0.4   0.2   0.0  16.1  11:30p   NNW
24  13.1  16.3  12:05a  10.5   8:10a   5.3   0.0   0.0  11.6  51.5   9:25a   NNW
25  11.3  14.7   3:55p   8.6  11:50p   7.0   0.0   0.0   5.6  33.8  10:40a   ENE
26  10.4  14.5   3:35p   7.3   8:15a   7.9   0.0   0.0   1.0  14.5  11:50a   NNE
27  11.4  15.8   4:05p   8.4   5:45a   6.8   0.0   0.0   1.1  16.1   3:30p    NE
28  11.9  16.4   2:55p   9.2   7:40a   6.4   0.0   0.0   1.0  16.1  10:25a   NNE
29  12.0  16.6   3:00p   9.4   7:40a   6.3   0.0   0.0   0.6  16.1  10:30a   ENE
30  12.4  17.4   3:25p   8.8   5:30a   5.9   0.0   0.0   0.6  16.1  12:15p   NNE
31  12.1  16.8   2:20p   8.5   6:50a   6.2   0.0   0.0   1.0  16.1   3:25p   NNE
-------------------------------------------------------------------------------------
    13.4  21.6     5     6.4    15   154.7   2.3 123.2   4.2  51.5    11     ENE

Max >=  32.0:  0
Max <=   0.0:  0
Min <=   0.0:  0
Min <= -18.0:  0
Max Rain: 43.61 ON 14/10/21
Days of Rain: 13 (> .2 mm) 7 (> 2 mm) 3 (> 20 mm)
Heat Base:  18.3  Cool Base:  18.3  Method: Integration