Κλιματικές Αναφορές τύπου NOAA



Αναφορά για 2021 Σεπτέμβριος
                   MONTHLY CLIMATOLOGICAL SUMMARY for SEP. 2021

NAME: meteokastro   CITY: ORAIOKASTRO   STATE: THESSALONIKI 
ELEV:   290 m  LAT:  40° 43' 53" N  LONG:  22° 55' 10" E

                   TEMPERATURE (°C), RAIN  (mm), WIND SPEED (km/hr)

                                      HEAT  COOL        AVG
    MEAN                              DEG   DEG         WIND                 DOM
DAY TEMP  HIGH   TIME   LOW    TIME   DAYS  DAYS  RAIN  SPEED HIGH   TIME    DIR
------------------------------------------------------------------------------------
 1  24.4  30.5   4:50p  20.3   6:45a   0.0   6.1   0.0   6.8  37.0   6:35p   NNW
 2  21.7  26.8   5:20p  16.8   7:05a   0.1   3.5   0.0  13.0  46.7   4:35a    NW
 3  21.2  26.7   4:00p  16.8   6:10a   0.2   3.1   0.0   4.8  37.0  12:15a     N
 4  21.4  26.2   2:40p  18.4   4:50a   0.0   3.2   0.0   0.5  19.3   5:10p     S
 5  20.2  25.8   2:20p  16.5   8:30p   0.2   2.1   5.6   0.5  24.1   3:45p     S
 6  21.2  26.7   2:55p  17.8  12:50a   0.0   3.0   0.0   0.6  22.5  11:25p   ENE
 7  20.0  24.7   2:40p  16.4   7:35a   0.2   2.0   0.2   2.4  29.0   2:05a   ENE
 8  17.3  21.2  12:20p  14.0  11:25p   1.5   0.5   4.4   1.4  20.9   5:25p    NE
 9  16.8  21.2   1:10p  13.7   1:00a   1.8   0.4   1.8   1.8  16.1   1:40a   NNW
10  20.2  25.8   3:35p  15.6  12:50a   0.6   2.4   1.0   1.8  19.3   6:55a   NNW
11  21.1  25.4   4:00p  17.3   5:00a   0.1   2.8   0.0   0.0   8.0   2:35p     S
12  21.9  27.2   3:20p  18.5   4:55a   0.0   3.7   0.0   0.5  19.3   3:20p   NNW
13  23.3  28.4   4:10p  19.9   5:25a   0.0   5.0   0.0   2.1  22.5   7:40a     N
14  24.3  30.6   4:25p  20.2   5:35a   0.0   6.0   0.0   2.1  29.0   8:45a   NNW
15  23.8  29.1   3:30p  20.4   7:35a   0.0   5.6   0.0   0.6  16.1   8:10a     N
16  23.4  29.3   2:35p  19.2   6:30a   0.0   5.1   0.0   0.0  11.3   1:15p     S
17  23.7  28.8   3:20p  20.1   6:00a   0.0   5.4   0.0   0.0  12.9   1:00p     S
18  23.3  30.9   2:25p  19.0   3:20p   0.0   5.0   3.4   4.5  54.7   2:50p     N
19  23.2  29.1   4:15p  19.4   7:25a   0.0   4.9   0.0   0.5  19.3  12:25a     N
20  24.7  30.4   3:50p  20.5   7:10a   0.0   6.4   0.0   0.2  19.3  11:35p     S
21  22.1  27.7   4:25p  16.9   7:25a   0.1   3.9   0.0   9.5  38.6   7:50a     N
22  16.9  21.4   1:00p  12.3  12:00m   1.9   0.5   0.0  10.6  49.9   6:45p     N
23  14.6  20.9   5:05p   9.6   5:50a   4.1   0.3   0.0   8.4  46.7   1:45a   NNW
24  17.2  23.3   3:25p  12.7   6:25a   2.1   1.1   0.0   3.5  20.9   3:15a   NNW
25  21.2  29.7   3:05p  15.1   5:15a   0.6   3.6   0.0   2.7  33.8   9:50a     N
26  21.2  26.8   1:55p  16.6   7:35a   0.2   3.2   0.0   0.0  11.3  12:55p     S
27  21.7  27.6   2:40p  17.2   6:25a   0.1   3.5   0.0   0.0  14.5   3:40p     S
28  20.1  25.1   2:00p  15.8  11:50p   0.2   2.0   9.8   0.8  20.9  10:20p     S
29  17.2  19.9   1:55p  15.5  12:35a   1.2   0.1   0.0   1.0  22.5  11:50a   ENE
30  16.7  17.8   3:15p  16.0   8:20a   1.6   0.0   0.0   2.4  29.0   7:30a   ENE
-------------------------------------------------------------------------------------
    20.9  30.9    18     9.6    23    16.9  94.4  26.2   2.8  54.7    18       N

Max >=  32.0:  0
Max <=   0.0:  0
Min <=   0.0:  0
Min <= -18.0:  0
Max Rain: 9.80 ON 28/09/21
Days of Rain: 7 (> .2 mm) 4 (> 2 mm) 0 (> 20 mm)
Heat Base:  18.3  Cool Base:  18.3  Method: Integration