Κλιματικές Αναφορές τύπου NOAA



Αναφορά για 2021 Αύγουστος
                   MONTHLY CLIMATOLOGICAL SUMMARY for AUG. 2021

NAME: meteokastro   CITY: ORAIOKASTRO   STATE: THESSALONIKI 
ELEV:   290 m  LAT:  40° 43' 53" N  LONG:  22° 55' 10" E

                   TEMPERATURE (°C), RAIN  (mm), WIND SPEED (km/hr)

                                      HEAT  COOL        AVG
    MEAN                              DEG   DEG         WIND                 DOM
DAY TEMP  HIGH   TIME   LOW    TIME   DAYS  DAYS  RAIN  SPEED HIGH   TIME    DIR
------------------------------------------------------------------------------------
 1  30.7  36.3   4:00p  26.5   7:00a   0.0  12.3   0.0   1.4  20.9   4:40a   NNW
 2  31.1  37.6   4:40p  25.2   6:45a   0.0  12.8   0.0   0.0  14.5   8:40p     S
 3  33.9  39.4   3:50p  29.2  12:40a   0.0  15.6   0.0   3.9  30.6  10:40a     N
 4  31.7  37.0   5:15p  27.7   5:50a   0.0  13.4   0.0   1.0  17.7   8:00a    NE
 5  30.7  35.1   3:55p  26.2   6:20a   0.0  12.4   0.0   0.2  14.5   9:40p     S
 6  30.0  34.4   3:50p  26.2   7:40a   0.0  11.7   0.0   6.4  38.6   3:00p    NW
 7  27.6  33.6   4:35p  21.7   6:35a   0.0   9.2   0.0   6.4  37.0   8:45a    NW
 8  26.6  30.8   2:05p  22.8   6:55a   0.0   8.3   0.0   0.0  12.9   1:25p     S
 9  28.2  34.6   4:05p  23.1   4:50a   0.0   9.9   0.0   0.2  14.5   1:45p     S
10  29.4  36.1   3:20p  24.1   6:35a   0.0  11.1   0.0   0.6  14.5   3:20p     S
11  28.1  33.8   2:15p  21.9  10:25p   0.0   9.7   5.0   0.6  29.0   8:45p     N
12  27.0  32.4   4:35p  21.9   5:35a   0.0   8.7   0.0   1.0  17.7   3:00a   NNE
13  27.6  32.3   2:55p  24.4   6:30a   0.0   9.3   0.0   0.2  16.1   4:20p     N
14  25.7  29.8   3:30p  22.9   6:00a   0.0   7.4   0.0   0.8  20.9   7:20a    NE
15  26.1  31.8   3:20p  22.2   7:10a   0.0   7.7   0.0   0.0  14.5  12:45p   WSW
16  26.3  31.7   3:10p  22.5   6:05a   0.0   8.1   0.0   0.0   9.7   1:30p     S
17  26.8  32.1   3:25p  22.5   5:50a   0.0   8.5   0.0   0.2  20.9  11:50p     S
18  27.4  33.1   2:15p  23.2   7:10a   0.0   9.1   0.0   2.6  37.0  11:40p     N
19  23.8  28.5   3:45p  19.3   6:50a   0.0   5.5   0.0   8.4  45.1   1:05a     N
20  24.1  27.5   4:25p  21.9   7:15a   0.0   5.8   0.0   1.3  22.5   7:45a   ENE
21  23.7  28.3   2:45p  21.2   7:15a   0.0   5.4  11.4   2.1  25.7  10:30p    NW
22  25.2  30.6   3:50p  20.5   6:25a   0.0   6.9   0.0   1.9  25.7   3:55a     N
23  25.6  30.2   2:50p  21.8   4:50a   0.0   7.3   0.0   0.5  19.3   3:30p    NE
24  25.1  30.3   3:50p  21.6   6:40a   0.0   6.8   0.0   0.5  16.1   4:15a    NE
25  25.2  30.6   3:35p  21.8   6:55a   0.0   6.9   0.0   0.3  16.1   3:30p     S
26  24.6  29.6   3:40p  21.8   6:40a   0.0   6.3   0.0   0.2  17.7   6:40p     S
27  25.4  31.0   2:50p  20.9   7:05a   0.0   7.2   0.0   0.3  16.1   3:00p     S
28  26.2  30.9   3:40p  22.6   7:20a   0.0   7.9   0.0   0.6  24.1  11:10a     S
29  25.9  31.2   4:05p  22.4   5:55a   0.0   7.6   0.0   0.3  19.3   3:50p     S
30  24.6  31.2   5:10p  18.7   7:25a   0.0   6.3   0.0   6.8  37.0   8:45a   NNW
31  24.5  29.6   2:40p  20.5   6:45a   0.0   6.2   0.0   1.8  20.9  12:10a     S
-------------------------------------------------------------------------------------
    27.1  39.4     3    18.7    30     0.0 271.3  16.4   1.6  45.1    19       S

Max >=  32.0: 14
Max <=   0.0:  0
Min <=   0.0:  0
Min <= -18.0:  0
Max Rain: 11.40 ON 21/08/21
Days of Rain: 2 (> .2 mm) 2 (> 2 mm) 0 (> 20 mm)
Heat Base:  18.3  Cool Base:  18.3  Method: Integration