Κλιματικές Αναφορές τύπου NOAA



Αναφορά για 2021 Ιούλιος
                   MONTHLY CLIMATOLOGICAL SUMMARY for JUL. 2021

NAME: meteokastro   CITY: ORAIOKASTRO   STATE: THESSALONIKI 
ELEV:   290 m  LAT:  40° 43' 53" N  LONG:  22° 55' 10" E

                   TEMPERATURE (°C), RAIN  (mm), WIND SPEED (km/hr)

                                      HEAT  COOL        AVG
    MEAN                              DEG   DEG         WIND                 DOM
DAY TEMP  HIGH   TIME   LOW    TIME   DAYS  DAYS  RAIN  SPEED HIGH   TIME    DIR
------------------------------------------------------------------------------------
 1  28.6  34.3   2:50p  24.2   5:25a   0.0  10.3   0.0   0.0   9.7   4:20p     S
 2  28.2  32.7   4:55p  24.6  10:25p   0.0   9.9   0.6  10.9  43.5   7:55a    NW
 3  24.7  29.3   4:10p  20.4   6:15a   0.0   6.4   0.0  10.9  43.5  11:05a   NNW
 4  25.6  31.7   5:20p  19.7   4:25a   0.0   7.3   0.0   6.0  35.4   1:20p   NNW
 5  26.3  31.8   2:50p  22.6   3:10a   0.0   8.0   0.0   0.5  16.1  11:55a   NNW
 6  28.1  33.9   4:25p  22.8   6:45a   0.0   9.8   0.0   5.0  30.6   2:50p     N
 7  28.4  34.3   4:55p  23.3   6:30a   0.0  10.1   0.0   1.4  20.9  10:20a     N
 8  28.2  32.9   3:15p  25.3   6:05a   0.0   9.9   0.0   0.6  22.5   3:15p    NE
 9  26.6  30.3   3:55p  23.3   5:55a   0.0   8.3   0.0   0.5  16.1   7:30a     S
10  26.2  30.8   3:45p  23.1   6:25a   0.0   7.8   0.0   0.2  16.1   1:05p     S
11  26.7  31.4   1:55p  23.2   5:45a   0.0   8.3   0.0   0.3  19.3   4:35p    NE
12  27.4  32.8   4:00p  23.3   5:15a   0.0   9.1   0.0   0.5  14.5   1:25p     S
13  28.2  33.2   3:40p  24.1   5:35a   0.0   9.9   0.0   0.2  14.5  12:25p    NE
14  28.4  32.9   2:00p  24.1   6:25a   0.0  10.2   0.0   0.0   9.7   1:20p     S
15  28.2  32.3   2:00p  24.8   6:25a   0.0   9.9   0.0   0.2  14.5   9:00a     S
16  28.4  32.5   3:35p  24.6   5:30a   0.0  10.1   0.0   0.3  17.7   8:45a     S
17  28.0  33.1   3:00p  23.8   6:20a   0.0   9.7   0.0   0.5  20.9   1:50p   ENE
18  26.2  30.9   1:50p  22.0  11:45p   0.0   7.9   6.2   1.4  22.5  10:25a   ENE
19  25.1  30.2   5:00p  21.6   6:30a   0.0   6.8   9.4   1.1  22.5  12:10a   NNE
20  27.1  32.8   5:05p  21.9   4:55a   0.0   8.8   0.0   4.5  37.0  11:25p     N
21  26.7  32.2   4:10p  22.2   6:00a   0.0   8.4   0.0  13.2  46.7  12:50p   NNW
22  23.9  29.9   5:25p  19.2   6:25a   0.0   5.7   0.0   5.1  49.9   1:45a   NNW
23  24.4  28.9   3:05p  21.0   6:30a   0.0   6.1   0.0   0.0  14.5   9:40a    NE
24  23.3  27.8  12:50p  18.3   4:40p   0.0   5.0   4.6   0.6  29.0   4:05p    NE
25  24.9  30.1   4:40p  20.7   6:30a   0.0   6.6   0.0   0.3  16.1  12:20p     N
26  25.7  30.8   4:05p  21.6   2:20a   0.0   7.4   0.0   0.3  14.5   2:30p     S
27  27.3  33.3   2:30p  22.7   5:40a   0.0   9.0   0.0   0.3  12.9   2:35p     S
28  29.3  34.6   2:25p  24.6   6:50a   0.0  11.0   0.0   1.0  27.4   8:35p     S
29  30.4  35.9   2:25p  24.3   6:25a   0.0  12.1   0.0   0.0  11.3   9:00a     S
30  30.5  36.6   3:00p  25.3   5:45a   0.0  12.2   0.0   0.0  12.9   7:05a   WSW
31  31.4  38.5   4:05p  25.8   4:50a   0.0  13.1   0.0   1.1  24.1  12:50p     S
-------------------------------------------------------------------------------------
    27.2  38.5    31    18.3    24     0.0 275.3  20.8   2.2  49.9    22     NNW

Max >=  32.0: 18
Max <=   0.0:  0
Min <=   0.0:  0
Min <= -18.0:  0
Max Rain: 9.40 ON 19/07/21
Days of Rain: 4 (> .2 mm) 3 (> 2 mm) 0 (> 20 mm)
Heat Base:  18.3  Cool Base:  18.3  Method: Integration