Κλιματικές Αναφορές τύπου NOAA



Αναφορά για 2021 Ιούνιος
                   MONTHLY CLIMATOLOGICAL SUMMARY for JUN. 2021

NAME: meteokastro   CITY: ORAIOKASTRO   STATE: THESSALONIKI 
ELEV:   290 m  LAT:  40° 43' 53" N  LONG:  22° 55' 10" E

                   TEMPERATURE (°C), RAIN  (mm), WIND SPEED (km/hr)

                                      HEAT  COOL        AVG
    MEAN                              DEG   DEG         WIND                 DOM
DAY TEMP  HIGH   TIME   LOW    TIME   DAYS  DAYS  RAIN  SPEED HIGH   TIME    DIR
------------------------------------------------------------------------------------
 1  16.4  21.4   4:05p  12.1   3:50a   2.5   0.6   0.0  12.2  45.1   2:45p    NW
 2  17.4  24.8   5:10p  11.9   4:40a   2.3   1.4   0.0   5.0  33.8  12:30a     N
 3  19.9  25.9   3:50p  14.0   6:00a   1.2   2.7   0.0   5.1  38.6  12:15p     N
 4  20.3  26.3   5:05p  15.1   6:20a   0.6   2.7   0.0   2.9  27.4  10:10a   NNW
 5  20.4  26.1   3:25p  16.2   4:45a   0.5   2.6   0.0   0.2  17.7   3:20p   NNW
 6  21.4  26.8   4:20p  16.4   5:40a   0.3   3.4   1.2   0.2  17.7  11:00p   NNE
 7  21.2  27.8   2:25p  17.9   3:40a   0.0   2.9   0.2   0.5  16.1  10:35a   NNE
 8  19.9  24.3   1:05p  16.9   6:00a   0.2   1.8   0.2   0.3  20.9   1:05p     N
 9  20.4  25.9  11:40a  17.6   5:30a   0.1   2.2   0.8   2.1  24.1   5:50p     N
10  20.9  26.7   4:50p  17.4  11:35p   0.1   2.7   0.6   2.1  43.5   5:55p   NNW
11  20.1  26.6   3:00p  16.2  10:30p   0.3   2.0   1.8   3.2  30.6   3:50p     N
12  19.9  27.2   2:30p  16.0   3:55a   0.5   2.0   1.6   2.4  24.1   8:10a     N
13  20.9  28.7   3:20p  16.5   1:40a   0.3   3.0   0.0   8.4  48.3   6:50p   NNW
14  18.4  24.8   3:25p  14.5  11:25p   1.3   1.4   0.2   9.3  40.2   8:00a   NNW
15  18.5  24.2   5:00p  12.7   6:30a   1.7   1.9   0.0   9.5  37.0   4:30a    NW
16  22.9  30.6   5:00p  17.3   3:25a   0.2   4.8   0.0   7.6  41.8   9:40a    NW
17  22.7  27.6  12:05p  19.3   1:10p   0.0   4.4  11.2   0.8  27.4  12:35p     N
18  23.8  30.9   4:50p  18.0   6:15a   0.0   5.5   0.0   4.2  38.6   5:55p     N
19  24.5  30.4   3:30p  20.8   4:35a   0.0   6.2   0.0   6.3  38.6   4:25p     N
20  24.0  30.7   3:15p  19.7   6:30a   0.0   5.7   0.0   2.7  29.0   2:30p     N
21  23.7  28.4   1:45p  19.7   6:20a   0.0   5.4   0.8   0.3  38.6  11:10p   NNW
22  24.6  30.2   2:30p  20.3   4:35a   0.0   6.3   0.2   0.3  27.4  12:35a   WSW
23  28.3  35.6   4:40p  21.6   5:55a   0.0  10.0   0.0   0.8  20.9  12:30p     S
24  28.9  34.3   3:25p  23.6   6:30a   0.0  10.6   0.0   0.6  22.5  12:30p     S
25  29.7  36.3   5:05p  24.3   6:20a   0.0  11.4   0.0   0.6  16.1   2:50p     S
26  30.9  38.4   4:05p  24.4  11:40p   0.0  12.6   0.0   4.0  37.0  11:10p   NNW
27  28.0  35.5   3:55p  23.9   4:55a   0.0   9.7   0.0   3.1  32.2   8:50a   NNE
28  28.1  33.3   2:45p  24.4   6:20a   0.0   9.8   0.0   0.5  16.1   6:05a     N
29  27.3  31.6   3:45p  23.6   5:40a   0.0   9.0   0.0   0.0  12.9   2:20p     S
30  27.6  32.2   4:15p  23.5   6:20a   0.0   9.2   0.0   0.0  14.5   4:05p     S
-------------------------------------------------------------------------------------
    23.0  38.4    26    11.9     2    11.9 154.2  18.8   3.2  48.3    13       N

Max >=  32.0:  7
Max <=   0.0:  0
Min <=   0.0:  0
Min <= -18.0:  0
Max Rain: 11.20 ON 17/06/21
Days of Rain: 11 (> .2 mm) 1 (> 2 mm) 0 (> 20 mm)
Heat Base:  18.3  Cool Base:  18.3  Method: Integration