Κλιματικές Αναφορές τύπου NOAA



Αναφορά για 2019 Ιούνιος
                   MONTHLY CLIMATOLOGICAL SUMMARY for MAY. 2019

NAME: meteokastro   CITY: ORAIOKASTRO   STATE: THESSALONIKI 
ELEV:   270 m  LAT:  40° 43' 53" N  LONG:  22° 55' 10" E

                   TEMPERATURE (°C), RAIN  (mm), WIND SPEED (km/hr)

                                      HEAT  COOL        AVG
    MEAN                              DEG   DEG         WIND                 DOM
DAY TEMP  HIGH   TIME   LOW    TIME   DAYS  DAYS  RAIN  SPEED HIGH   TIME    DIR
------------------------------------------------------------------------------------
 1  15.2  19.8   1:00p  11.1   6:30a   3.2   0.1   0.0   3.1  32.2   7:00a     N
 2  16.6  22.3   5:30p  11.8   6:30a   2.6   0.9   0.0   8.4  41.8   2:00a   NNW
 3  17.6  22.7   4:00p  12.5   7:00a   1.8   1.1   0.0   1.0  19.3   4:30p   SSW
 4  15.6  18.3   3:30p  13.5   8:00a   2.7   0.0   0.0   0.6  16.1   9:30a   ENE
 5  14.7  18.3   1:00p  12.0   6:30a   3.6   0.0  11.4   2.4  46.7   6:30p     E
 6  15.8  20.7   3:00p  11.8   7:00a   2.8   0.3   0.2   1.1  33.8   6:30p     W
 7  11.7  16.1   5:00p   7.2   9:00a   6.6   0.0   1.0  15.6  61.2   9:30p   NNW
 8  12.3  18.9   6:00p   7.2   6:30a   6.0   0.0   0.0   5.6  45.1  12:30a     N
 9  12.8  16.9   1:00p   9.6   5:00a   5.5   0.0   0.0   0.5  19.3  12:30p   SSW
10  17.0  23.1   5:00p  10.9   6:30a   2.5   1.2   0.0   1.1  24.1   2:30p     N
11  18.3  24.9   5:00p  13.0   6:30a   1.8   1.7   0.0   2.4  27.4  12:00p     N
12  18.0  23.4   4:30p  14.5   6:30a   1.5   1.2   0.0   2.1  24.1   6:00p   ENE
13  16.1  19.7   4:00p  14.2  10:00a   2.3   0.0   0.0   2.3  37.0   8:00p     E
14  16.1  19.1   2:30p  14.2   6:30a   2.2   0.0  10.0   3.1  33.8   5:00p     E
15  16.9  22.0   2:30p  13.0   5:00a   2.1   0.8   0.6   1.0  19.3   5:00a   SSW
16  16.7  21.3   5:30p  13.4   5:00a   2.0   0.4   0.0   2.1  32.2   1:30p     N
17  18.1  24.1   3:30p  13.0   6:00a   1.7   1.5   0.0   5.0  32.2   7:00a     N
18  20.1  25.5   3:00p  15.2   6:30a   0.6   2.4   0.0   3.4  35.4   2:30a     N
19  19.4  22.7   2:30p  16.5  12:00m   0.3   1.4   0.0   2.1  29.0   7:30p   ENE
20  19.9  25.1   5:00p  15.3   6:30a   0.8   2.3   0.0   2.3  33.8   4:30p   SSW
21  20.5  25.8   5:00p  15.4   6:30a   0.3   2.5   0.0   2.6  37.0   1:00a     W
22  20.1  25.6   3:30p  16.1   6:00a   0.4   2.2   0.0   2.9  25.7   9:00a     N
23  20.4  27.1   3:00p  16.2   4:00a   0.5   2.6   1.0   1.3  29.0   4:00p     N
24  18.7  24.5   5:30p  13.4   3:30a   1.5   1.9   2.4   4.5  35.4  10:30a   NNW
25  20.2  26.3   4:30p  15.4   6:30a   0.5   2.5   0.0   6.8  33.8   4:30a   NNW
26  20.7  25.3   2:00p  16.9   6:00a   0.2   2.6   0.0   0.6  19.3   2:00p     S
27  19.8  24.2   6:00p  17.7   8:00a   0.1   1.6   0.0   0.8  25.7   3:30p     N
28  20.8  25.5   5:30p  16.7   6:30a   0.2   2.7   0.0   0.6  20.9   2:00p     S
29  21.8  26.9   2:30p  16.8   7:00a   0.1   3.7   0.0   1.0  19.3  10:00a     W
30  22.4  27.2   4:30p  17.8   4:30a   0.0   4.1   0.0   1.1  24.1   2:30p   SSW
31  19.1  22.9  10:30a  14.4  10:30p   0.5   1.2   5.0   6.0  41.8   9:30p     N
-------------------------------------------------------------------------------------
    17.8  27.2    30     7.2     8    56.8  42.9  31.6   3.0  61.2     7       N

Max >=  32.0:  0
Max <=   0.0:  0
Min <=   0.0:  0
Min <= -18.0:  0
Max Rain: 11.40 ON 05/05/19
Days of Rain: 8 (> .2 mm) 4 (> 2 mm) 0 (> 20 mm)
Heat Base:  18.3  Cool Base:  18.3  Method: Integration