Κλιματικές Αναφορές τύπου NOAA



Αναφορά για 2018 Μάρτιος
                   MONTHLY CLIMATOLOGICAL SUMMARY for MAR. 2018

NAME: meteokastro   CITY: ORAIOKASTRO   STATE: THESSALONIKI 
ELEV:   270 m  LAT:  40° 43' 53" N  LONG:  22° 55' 10" E

                   TEMPERATURE (°C), RAIN  (mm), WIND SPEED (km/hr)

                                      HEAT  COOL        AVG
    MEAN                              DEG   DEG         WIND                 DOM
DAY TEMP  HIGH   TIME   LOW    TIME   DAYS  DAYS  RAIN  SPEED HIGH   TIME    DIR
------------------------------------------------------------------------------------
 1  -0.3   3.7   1:00p  -5.2   4:30a  18.6   0.0   0.0   6.6  45.1   1:00a     N
 2   4.8   7.3   2:00p   2.1  12:30a  13.5   0.0   2.2   1.1  20.9   2:00a   ENE
 3  11.2  16.8   4:00p   5.4   8:00a   7.1   0.0   0.2   0.8  25.7   1:00p     S
 4  14.4  19.9   2:30p   9.6  12:00m   4.1   0.1   0.0   3.7  38.6  10:30p     W
 5   8.1   9.6  12:30a   7.4   7:30a  10.2   0.0   4.2   8.0  33.8   1:00a     E
 6  10.1  13.9   4:30p   6.9   4:30a   8.2   0.0   3.4   0.5  19.3  12:30a    NE
 7  14.1  18.8   1:30p   9.7   4:30a   4.3   0.0   0.0   0.8  17.7  12:30p     S
 8  12.3  16.7   4:30p   8.4   9:00a   6.0   0.0   1.4   2.9  38.6   9:30p     W
 9  11.1  16.1   4:00p   7.7   5:30a   7.2   0.0   0.0   4.3  32.2  12:30a   NNW
10  11.1  15.7   4:00p   7.1   4:00a   7.2   0.0   0.0   0.8  14.5   3:00p     S
11  12.2  18.0   3:00p   7.6   7:00a   6.1   0.0   0.0   0.6  14.5   5:00p     S
12  11.7  16.1  12:30p   8.0   7:00a   6.6   0.0   0.0   1.1  30.6  12:00m     S
13  12.9  18.2   2:30p   8.2   6:30a   5.4   0.0   6.0   2.1  38.6   6:00p     W
14  12.6  18.1   3:30p   8.2   7:30a   5.7   0.0   1.2   1.1  25.7   5:00p     N
15  12.4  17.7   3:30p   8.9   6:00a   5.9   0.0   0.0   2.6  30.6   8:00a   NNW
16  11.3  13.8   2:30p   9.6   7:00a   7.0   0.0   0.0   0.6  16.1   6:00a   ENE
17  14.4  20.9   4:00p  10.3   8:00a   4.1   0.1   0.0   2.7  25.7   4:00p   ENE
18  15.3  18.1   4:00p  13.0  11:30a   3.0   0.0   3.4   3.2  30.6   7:00a   ENE
19  12.3  14.6  12:00p   9.9  12:00m   5.9   0.0   3.4   2.9  29.0   3:30p   ENE
20  12.2  17.2   3:00p   7.3   5:30a   6.2   0.0   0.0   1.4  33.8   2:30p   WSW
21  11.3  13.2  12:30p   9.7   3:30a   7.0   0.0   1.8   0.6  16.1  10:30a    NE
22   6.0  10.2  12:30a   3.7  12:00m  12.3   0.0   4.4  15.4  51.5  10:00p     E
23   6.0  10.4   1:30p   3.1  12:00m  12.3   0.0   7.4   5.5  37.0  12:00m   ENE
24   5.8  11.1   3:00p   1.2   7:00a  12.5   0.0   0.8  10.8  41.8   2:00a     N
25   6.0   8.1   3:30p   4.4   9:30a  11.8   0.0   7.2  12.7  56.3  11:30p     E
26   9.9  12.9   5:00p   6.6   1:00a   8.4   0.0   4.8   2.4  46.7  12:30a   ENE
27  11.2  16.3   3:00p   7.6   6:00a   7.1   0.0   0.8   1.3  35.4   3:30p   NNW
28  10.4  14.7   4:30p   7.0   8:00a   7.9   0.0   0.0  10.3  38.6  10:00a     N
29  10.6  17.3   4:30p   5.4   5:00a   7.8   0.0   0.0   1.8  27.4   1:30p     N
30  11.6  15.9   4:00p   7.9   8:00a   6.7   0.0   0.0   1.0  16.1   1:00p     S
31  12.2  16.8   4:30p   9.2   8:00a   6.2   0.0   0.0   0.8  22.5  11:30a     E
-------------------------------------------------------------------------------------
    10.5  20.9    17    -5.2     1   242.2   0.3  52.6   3.6  56.3    25     ENE

Max >=  32.0:  0
Max <=   0.0:  0
Min <=   0.0:  1
Min <= -18.0:  0
Max Rain: 7.39 ON 23/03/18
Days of Rain: 16 (> .2 mm) 10 (> 2 mm) 0 (> 20 mm)
Heat Base:  18.3  Cool Base:  18.3  Method: Integration