Κλιματικές Αναφορές τύπου NOAA



Αναφορά για 2016 Φεβρουάριος
                   MONTHLY CLIMATOLOGICAL SUMMARY for FEB. 2016

NAME: meteokastro   CITY: ORAIOKASTRO   STATE: THESSALONIKI 
ELEV:   240 m  LAT:  40° 43' 19" N  LONG:  22° 55' 00" E

                   TEMPERATURE (°C), RAIN  (mm), WIND SPEED (km/hr)

                                      HEAT  COOL        AVG
    MEAN                              DEG   DEG         WIND                 DOM
DAY TEMP  HIGH   TIME   LOW    TIME   DAYS  DAYS  RAIN  SPEED HIGH   TIME    DIR
------------------------------------------------------------------------------------
 1  13.2  18.1   4:00p   8.1   4:30a   5.1   0.0   0.0   2.4  38.6   7:30p     W
 2  15.2  20.3   3:00p  11.2   8:00a   3.3   0.2   0.0   3.7  27.4   4:30a   WNW
 3  12.1  17.4   2:30p   9.0  12:00m   6.2   0.0   0.0   2.1  17.7  11:30p   WNW
 4   8.7  13.4   4:00p   3.8  11:00p   9.6   0.0   3.0   9.8  67.6  11:00p    NE
 5   3.8   5.3   5:30p   2.1  10:30a  14.5   0.0   2.2  24.8  67.6   1:30a     N
 6   5.0   8.9   4:00p   2.1   6:00a  13.3   0.0   0.0  16.1  45.1   3:30a     N
 7   5.9  10.9   2:30p   2.9   7:00a  12.4   0.0   0.0   6.3  24.1   8:00a    NE
 8   6.6  10.4   3:00p   4.9  12:30a  11.7   0.0   0.0   3.7  22.5   5:00a    NE
 9   8.6  13.5   2:30p   5.9   7:00a   9.7   0.0   0.0   1.8  17.7   4:00p   ENE
10  10.8  13.8   1:30p   7.1   5:30a   7.5   0.0   0.0   9.0  40.2  10:00p   ENE
11  11.8  15.2   1:30p   8.8   8:00a   6.5   0.0   0.0   3.1  25.7   5:30a   ENE
12  11.6  15.8   1:00p   8.4   8:00a   6.7   0.0   1.8   2.9  20.9   6:30p    NE
13  12.1  16.1   4:00p   9.9  11:00p   6.2   0.0   5.8   2.9  29.0   2:30p     S
14  13.3  16.5   1:30p   8.8   2:30a   5.0   0.0   1.0   4.0  22.5   7:30a    SW
15  16.2  21.7   3:00p  13.5   7:00a   2.6   0.5   0.0   7.4  29.0   8:00p   ENE
16  14.6  17.0   1:30p  12.8   7:30a   3.7   0.0   0.0   9.2  27.4   1:00a   ENE
17  14.1  17.6   3:30p  11.9   8:00a   4.2   0.0   0.0   2.7  19.3   1:30a    NE
18  12.6  15.6   2:30p  10.2  12:00m   5.7   0.0   0.6   8.0  49.9   7:00p   ENE
19  12.4  17.8   3:30p   9.6   2:00a   5.9   0.0   3.2   4.8  32.2   1:30a    NE
20   9.0  10.4   4:30a   5.3  11:30p   9.3   0.0  19.8   9.8  56.3  11:00p    NE
21   9.3  14.8   4:00p   4.2   6:30a   9.0   0.0   0.0  10.0  54.7   3:30a     N
22  12.4  17.2   3:00p   8.8   2:00a   5.9   0.0   0.0   1.9  19.3   2:00p    SW
23  12.4  17.9   3:30p   8.6   7:00a   5.9   0.0   0.0   1.6  14.5  11:30a   WSW
24  11.5  13.6   4:30p   9.1  12:00m   6.8   0.0   0.4   5.0  46.7  11:30p    NE
25  10.3  15.9   2:30p   6.3   8:00a   8.0   0.0   0.0  12.7  48.3   2:00a   ENE
26  11.0  16.4   4:30p   8.9   5:00a   7.3   0.0   3.8   8.5  30.6   1:30a   ENE
27  11.8  17.4   4:00p   8.2   7:00a   6.5   0.0   0.0   2.3  20.9   1:00p   ENE
28  10.8  14.0   3:00p   8.7   6:30a   7.5   0.0   0.2  15.0  35.4   4:30p   ENE
29  11.5  13.1  12:00m   9.5  12:30a   6.8   0.0   0.0  22.0  46.7   1:00p   ENE
-------------------------------------------------------------------------------------
    11.0  21.7    15     2.1     5   212.6   0.7  41.8   7.4  67.6     4     ENE

Max >=  32.0:  0
Max <=   0.0:  0
Min <=   0.0:  0
Min <= -18.0:  0
Max Rain: 19.81 ON 20/02/16
Days of Rain: 11 (> .2 mm) 6 (> 2 mm) 0 (> 20 mm)
Heat Base:  18.3  Cool Base:  18.3  Method: Integration