Κλιματικές Αναφορές τύπου NOAA



Αναφορά για 2015 Νοέμβριος
                   MONTHLY CLIMATOLOGICAL SUMMARY for NOV. 2015

NAME: meteokastro   CITY: ORAIOKASTRO   STATE: THESSALONIKI 
ELEV:   240 m  LAT:  40° 43' 19" N  LONG:  22° 55' 00" E

                   TEMPERATURE (°C), RAIN  (mm), WIND SPEED (km/hr)

                                      HEAT  COOL        AVG
    MEAN                              DEG   DEG         WIND                 DOM
DAY TEMP  HIGH   TIME   LOW    TIME   DAYS  DAYS  RAIN  SPEED HIGH   TIME    DIR
------------------------------------------------------------------------------------
 1  10.4  14.9   3:00p   7.8   7:00a   7.9   0.0   0.0   5.0  22.5  12:30a    NE
 2  11.3  16.7   2:30p   7.1   6:30a   7.0   0.0   0.0   2.3  20.9   7:30a   NNE
 3  13.7  18.9   3:30p   9.8   3:30a   4.7   0.0   0.0   2.1  35.4   6:30a    NE
 4  13.8  19.3   2:30p   9.9   3:00a   4.6   0.1   0.0   1.9  20.9  12:30a   NNE
 5  13.4  19.1   2:30p   9.9   7:00a   4.9   0.0   0.0   1.3  12.9  12:00p     W
 6  13.8  19.6   3:00p  10.2   6:30a   4.6   0.1   0.0   1.6  17.7  12:30p   NNW
 7  13.5  17.7   2:30p  10.9   1:30a   4.8   0.0   0.0   3.1  27.4   4:00a     N
 8  14.1  18.4   3:00p   9.3   5:30a   4.2   0.0   0.0   6.9  40.2   9:00p     N
 9  18.1  22.4   3:30p  12.7   6:00a   1.5   1.3   0.0  15.3  51.5  12:30p   NNW
10  18.8  21.5   2:00p  16.8   9:30p   0.3   0.7   0.0  16.6  57.9   1:30a   NNW
11  20.0  23.4   2:30p  15.9   6:00a   0.3   2.0   0.0  18.2  53.1   6:30a     N
12  18.0  22.4   1:00p  13.6  10:00p   1.3   1.0   0.0   1.9  30.6  10:00a   NNE
13  16.7  22.1   3:30p  12.8   6:30a   2.3   0.7   0.0   2.6  24.1  11:30a    NE
14  14.6  19.3   2:30p  10.9   7:30a   3.7   0.1   0.0   2.4  32.2  10:00p   ENE
15  13.1  15.8   2:30p  10.3  12:00m   5.2   0.0   0.0   6.3  43.5   5:00a   NNE
16  14.7  20.0   2:30p   9.8   3:30a   3.8   0.2   0.0  10.0  43.5   3:30p   NNW
17  15.2  19.0   1:30p  11.7  12:00m   3.1   0.0   0.0   6.3  35.4   5:00a   NNE
18  13.8  18.8   3:00p  11.2   2:00a   4.6   0.0   0.0   1.0  19.3   2:00p     W
19  15.4  21.0   3:30p  11.9   7:00a   3.3   0.4   0.0   2.1  22.5  10:00a   SSW
20  12.9  16.5   3:00p  10.5   6:30a   5.4   0.0   0.0   1.3  17.7   1:30p     W
21  13.5  16.2  10:30p  10.9   6:00a   4.8   0.0   0.2   2.9  22.5   7:30p    NE
22  18.3  21.3   2:00p  15.8  11:00p   0.8   0.8   0.8   7.7  53.1  11:30a     S
23  16.6  19.6   1:30p  14.9   6:30a   1.9   0.1   0.0   1.6  16.1  12:30a   SSW
24  15.7  19.6  12:30p  13.9  11:00p   2.7   0.1   0.2   1.4  17.7  10:30a   ENE
25  13.3  16.7   1:00p  10.3  12:00m   5.0   0.0  17.8   2.7  33.8   7:30p    SW
26  11.4  14.5   3:00p   8.4   5:30a   6.9   0.0   0.2   2.4  30.6  11:00p    NW
27  11.9  14.6   2:00p  10.4  12:00m   6.4   0.0   2.6   9.2  40.2   6:30a   ENE
28  10.5  13.4   2:00p   8.1  12:00m   7.8   0.0   0.0   4.0  25.7   4:00p   NNW
29   7.5   9.6   3:00p   5.3  12:00m  10.8   0.0   0.2  21.9  56.3   9:30a     N
30   7.6  13.1   2:30p   2.9   7:30a  10.7   0.0   0.0   6.0  49.9   1:00a   NNE
-------------------------------------------------------------------------------------
    14.1  23.4    11     2.9    30   135.1   7.6  22.0   5.6  57.9    10     NNE

Max >=  32.0:  0
Max <=   0.0:  0
Min <=   0.0:  0
Min <= -18.0:  0
Max Rain: 17.81 ON 25/11/15
Days of Rain: 7 (> .2 mm) 2 (> 2 mm) 0 (> 20 mm)
Heat Base:  18.3  Cool Base:  18.3  Method: Integration