Κλιματικές Αναφορές τύπου NOAA



Αναφορά για 2014 Νοέμβριος
                   MONTHLY CLIMATOLOGICAL SUMMARY for NOV. 2014

NAME: meteokastro   CITY: ORAIOKASTRO   STATE: THESSALONIKI 
ELEV:   240 m  LAT:  40° 43' 19" N  LONG:  22° 55' 00" E

                   TEMPERATURE (°C), RAIN  (mm), WIND SPEED (km/hr)

                                      HEAT  COOL        AVG
    MEAN                              DEG   DEG         WIND                 DOM
DAY TEMP  HIGH   TIME   LOW    TIME   DAYS  DAYS  RAIN  SPEED HIGH   TIME    DIR
------------------------------------------------------------------------------------
 1   9.8  13.7   14:30   7.6    7:00   8.5   0.0   0.0  16.4  46.7    9:30   NNE
 2  10.2  14.9   15:00   7.2    6:30   8.1   0.0   0.0   8.5  33.8    3:30   NNE
 3  10.7  13.8   15:30   8.6    7:30   7.6   0.0   0.0   5.6  24.1    8:30   ENE
 4  11.3  15.3   15:00   9.8    7:00   7.0   0.0   0.0   4.5  19.3    4:30   SSW
 5  11.8  13.1   15:30  10.3    6:30   6.5   0.0   0.0   5.0  17.7    5:00   ENE
 6  13.3  14.8   14:30  11.6    4:00   4.9   0.0   0.0   9.7  27.4   12:00   ENE
 7  15.1  18.2   12:30  13.6   23:30   3.2   0.0   0.0   4.8  30.6   00:00    NE
 8  14.1  14.9   14:00  13.3   00:00   4.3   0.0  10.2  19.6  48.3   12:30   ENE
 9  12.8  13.5   10:30  12.1   14:30   5.5   0.0   0.8  10.5  35.4    0:30   ENE
10  13.6  17.7   15:00  10.8    7:00   4.8   0.0   0.0   2.1  16.1   11:30    NE
11  13.0  14.9   13:30  11.3    2:00   5.3   0.0   0.0   2.6  19.3   11:30    SW
12  12.8  14.0   14:30  12.1    9:00   5.5   0.0   0.2   8.4  25.7   23:00   ENE
13  13.0  14.7   13:30  12.0    4:00   5.3   0.0  10.4  12.2  37.0   17:30   ENE
14  13.7  15.8   13:00  12.3    5:30   4.6   0.0   0.6   4.0  22.5    3:00   NNE
15  13.4  15.2   11:30  12.2   00:00   4.9   0.0   0.0   2.4  16.1    1:00   NNE
16  11.8  12.4    1:00  11.2    7:30   6.5   0.0   0.2  10.5  27.4   23:00   ENE
17  12.0  13.4   17:00  10.8    6:30   6.3   0.0   1.8  10.3  30.6    6:00   ENE
18  13.4  15.9   15:00  11.5    4:30   4.9   0.0   0.0   5.5  29.0   00:00   ENE
19  13.1  16.1   14:30  11.3   23:30   5.2   0.0  11.2   7.6  30.6   10:30    NW
20  10.9  13.3   13:30   9.1   00:00   7.4   0.0   0.0  22.2  54.7   11:00     N
21   9.6  12.3   14:00   7.7   00:00   8.8   0.0   0.0  20.1  51.5   16:00     N
22   8.1  12.0   15:00   5.4    6:30  10.2   0.0   0.0  12.2  45.1    2:00   NNE
23   7.9  10.9   15:00   5.3    7:00  10.4   0.0   0.0  11.3  32.2    8:30    NE
24   7.9  10.8   15:00   5.7   00:00  10.4   0.0   0.2   7.9  29.0   23:30    NE
25   7.1  10.6   14:00   5.4    6:00  11.2   0.0   0.2   4.8  24.1    0:30    NE
26   6.5   8.9   15:00   5.6    8:00  11.8   0.0   0.0   7.1  22.5   11:30    NE
27   4.6   5.6    0:30   3.7    7:30  13.7   0.0   0.2  13.0  27.4    7:00   ENE
28   7.4   9.0   23:00   5.6    0:30  10.9   0.0   0.0   8.7  24.1   11:30   ENE
29  10.2  11.6   15:30   8.9    0:30   8.1   0.0   0.4   1.4  11.3    6:30    NE
30  11.4  13.8   14:00  10.4    2:00   6.9   0.0   3.2   3.9  22.5   19:00    NE
-------------------------------------------------------------------------------------
    11.0  18.2     7     3.7    27   218.5   0.0  39.6   8.8  54.7    20     ENE

Max >=  32.0:  0
Max <=   0.0:  0
Min <=   0.0:  0
Min <= -18.0:  0
Max Rain: 11.20 ON 19/11/14
Days of Rain: 13 (> .2 mm) 4 (> 2 mm) 0 (> 20 mm)
Heat Base:  18.3  Cool Base:  18.3  Method: Integration