Κλιματικές Αναφορές τύπου NOAA



Αναφορά για 2013 Δεκέμβριος
                   MONTHLY CLIMATOLOGICAL SUMMARY for DEC. 2013

NAME: meteokastro   CITY: ORAIOKASTRO   STATE: THESSALONIKI 
ELEV:   240 m  LAT:  40° 43' 19" N  LONG:  22° 55' 00" E

                   TEMPERATURE (°C), RAIN  (mm), WIND SPEED (km/hr)

                                      HEAT  COOL        AVG
    MEAN                              DEG   DEG         WIND                 DOM
DAY TEMP  HIGH   TIME   LOW    TIME   DAYS  DAYS  RAIN  SPEED HIGH   TIME    DIR
------------------------------------------------------------------------------------
 1   8.2   9.4   22:00   6.7    0:30  10.1   0.0   5.2  18.0  40.2   12:00   ENE
 2   8.7  11.4   12:30   4.8   00:00   9.6   0.0   0.8  15.8  51.5   00:00     N
 3   4.9   7.4   15:30   2.9   21:30  13.4   0.0   3.6   9.0  48.3    0:30   NNE
 4   3.6   7.2   14:30   0.2    8:00  14.7   0.0   0.0   4.7  19.3   12:30   NNE
 5   6.3  11.4   15:30   1.7    7:00  12.0   0.0   0.2  11.1  61.2   19:30   NNE
 6   7.2  11.5   15:00   4.5    7:00  11.1   0.0   0.0   6.4  29.0    0:30    NE
 7   4.4   7.1   14:30   2.3   23:30  13.9   0.0   0.0  21.6  66.0    3:00   NNW
 8   5.3   9.9   15:00   0.8    6:30  13.0   0.0   0.0   8.2  33.8    1:30    NW
 9   6.9  10.6   15:30   4.4    7:30  11.4   0.0   0.0   5.3  29.0    4:30    NW
10   8.1  11.9   14:30   2.4   00:00  10.2   0.0   0.0  19.2  62.8    7:00   NNW
11   2.7   6.0   15:00   0.1    7:00  15.6   0.0   0.0   9.5  29.0   23:30   NNE
12   4.8   9.3   14:00   0.0    6:30  13.5   0.0   0.0   8.2  41.8    8:00   NNE
13   6.3   9.5   15:00   4.3   23:30  12.0   0.0   0.0   8.2  30.6    9:30     N
14   7.0  11.4   14:00   4.2    6:30  11.3   0.0   0.0   7.2  25.7    5:00   NNE
15   7.0  10.7   15:00   3.8    6:30  11.3   0.0   0.0   5.5  37.0   23:00   NNE
16   3.8   6.8   15:00   1.4    7:30  14.5   0.0   0.0  23.2  59.5    4:30     N
17   4.1   8.0   14:30   1.5    7:00  14.2   0.0   0.0  13.2  45.1    6:30   NNE
18   4.9   9.2   15:00   2.9   00:00  13.4   0.0   0.0   7.4  22.5    7:00   NNW
19   4.8   9.6   14:30   2.2    5:00  13.5   0.0   0.0   3.9  14.5   13:00   NNW
20   5.1   9.8   15:00   1.9    6:30  13.2   0.0   0.0   3.5  14.5   13:30   NNE
21   7.2  12.4   15:30   3.4    8:30  11.1   0.0   0.0   5.5  45.1   19:00   NNW
22   7.4  11.9   14:00   5.0    9:00  10.9   0.0   0.0   6.8  25.7    3:30    NW
23   6.0  10.0   15:30   3.1    7:30  12.3   0.0   0.0   3.2  17.7   14:00    NW
24   5.8   7.6   14:00   3.6    6:30  12.5   0.0   0.0   4.2  24.1   16:30   NNE
25   7.1   8.4   15:30   5.1    7:30  11.2   0.0   2.2   3.1  19.3    1:00    NE
26   9.1  11.2   23:00   7.3    0:30   9.3   0.0   1.0   8.0  27.4   13:30   ENE
27  11.4  13.2    5:00   9.9   00:00   6.9   0.0   9.6  15.8  49.9   23:00   ENE
28  10.6  12.4   19:00   9.3    4:00   7.7   0.0   1.4  12.1  46.7    1:00   ENE
29  11.6  15.8   14:30   8.7   00:00   6.7   0.0   0.0   5.6  33.8    8:00   NNE
30   9.2  12.8   15:00   7.3    8:00   9.1   0.0   0.0   4.8  24.1   21:00    NE
31   6.3   7.4    0:30   5.2   00:00  12.0   0.0   0.0  12.1  27.4   21:30   ENE
-------------------------------------------------------------------------------------
     6.6  15.8    29     0.0    12   361.8   0.0  24.0   9.4  66.0     7     NNE

Max >=  32.0:  0
Max <=   0.0:  0
Min <=   0.0:  1
Min <= -18.0:  0
Max Rain: 9.60 ON 27/12/13
Days of Rain: 8 (> .2 mm) 4 (> 2 mm) 0 (> 20 mm)
Heat Base:  18.3  Cool Base:  18.3  Method: Integration