Κλιματικές Αναφορές τύπου NOAA



Αναφορά για 2011 Ιούλιος
                   MONTHLY CLIMATOLOGICAL SUMMARY for JUL. 2011

NAME: meteokastro   CITY: ORAIOKASTRO   STATE: THESSALONIKI 
ELEV:   240 m  LAT:  40° 43' 19" N  LONG:  22° 55' 00" E

                   TEMPERATURE (°C), RAIN  (mm), WIND SPEED (km/hr)

                                      HEAT  COOL        AVG
    MEAN                              DEG   DEG         WIND                 DOM
DAY TEMP  HIGH   TIME   LOW    TIME   DAYS  DAYS  RAIN  SPEED HIGH   TIME    DIR
------------------------------------------------------------------------------------
 1  22.1  25.4   6:00p  19.0   2:30a   0.0   3.8   0.2  16.1  48.3   5:00p   NNW
 2  22.3  28.6   4:30p  17.6   5:30a   0.0   4.0   1.0  11.1  43.5   1:30a    SW
 3  22.3  28.1   3:00p  18.9   6:30a   0.0   4.1   1.0   9.8  48.3   6:00p     N
 4  23.3  29.3   7:00p  17.8   6:30a   0.0   5.0   0.0   7.1  30.6  10:00a    NW
 5  24.6  30.7   4:00p  19.6   6:30a   0.0   6.3   0.0   5.3  24.1   3:30p    SW
 6  24.5  29.8   5:30p  19.8   6:00a   0.0   6.2   0.0  10.0  45.1   9:30a   NNW
 7  25.7  30.9   4:00p  19.8   6:00a   0.0   7.4   0.0   7.1  29.0  11:30a    NE
 8  26.8  32.8   4:30p  21.2   5:00a   0.0   8.5   0.0   4.8  24.1   4:00p    SW
 9  28.2  33.5   3:00p  23.2   6:30a   0.0   9.8   0.0   6.0  27.4   1:30p   SSW
10  29.8  35.9   4:30p  24.8   4:30a   0.0  11.6   0.0   6.0  35.4   4:00p    NW
11  29.4  33.4   5:00p  26.2   4:30a   0.0  11.2   0.0   5.8  27.4   1:00p    NE
12  28.6  33.8   4:00p  24.8   7:00a   0.0  10.3   0.0   6.4  35.4   8:00p    SW
13  28.8  34.0   1:30p  24.9   7:30a   0.0  10.5   0.0   5.6  27.4   5:00p    SW
14  27.8  32.4   2:30p  24.4   5:30a   0.0   9.5   0.0   5.6  20.9   2:00p   SSW
15  28.0  33.2   3:00p  24.0   1:00a   0.0   9.7   0.0   5.6  22.5   8:30a    SW
16  28.1  32.7   4:30p  23.9   5:00a   0.0   9.8   0.0   5.5  24.1   4:00p   SSW
17  28.0  32.8   4:30p  24.1   6:30a   0.0   9.7   0.0   5.5  24.1  12:30p    SW
18  28.4  34.1   3:30p  24.2   6:30a   0.0  10.1   0.0   6.6  24.1   4:00p    SW
19  28.8  35.1   4:30p  23.9   6:30a   0.0  10.5   0.0   5.0  20.9   2:00p   SSW
20  29.2  35.9   5:00p  24.7   7:00a   0.0  10.9   0.0   6.9  30.6   4:30p    NE
21  27.0  30.9   5:00p  22.5   6:30a   0.0   8.7   0.0  10.6  38.6  10:00a   NNW
22  27.1  32.8   5:30p  21.4   5:30a   0.0   8.8   0.0   5.3  27.4   8:30a    SW
23  26.9  31.8   5:00p  22.8   6:00a   0.0   8.6   0.0   4.8  27.4   5:00p   SSW
24  26.9  32.1   4:00p  22.4   7:00a   0.0   8.6   0.0   7.6  30.6   1:00a    SW
25  26.4  30.8   3:00p  23.0   7:00a   0.0   8.1   0.0   6.8  30.6   4:30p    SW
26  26.1  31.3   4:00p  21.3   5:30a   0.0   7.8   0.0   9.0  37.0   5:00a   NNE
27  27.1  32.6   4:30p  22.8   6:00a   0.0   8.8   0.0   7.2  33.8   6:00a    SW
28  27.4  33.2   3:30p  23.0   5:00a   0.0   9.1   0.0   6.0  24.1   9:00a    SW
29  27.6  33.3   4:00p  23.2   7:00a   0.0   9.3   0.0   6.3  24.1  12:00p    SW
30  26.8  30.9   4:30p  23.2   6:30a   0.0   8.5   0.0  13.4  38.6  10:00a   NNW
31  25.7  31.1   3:30p  21.4   6:00a   0.0   7.3   0.2  11.6  40.2  12:30a   NNE
-------------------------------------------------------------------------------------
    26.8  35.9    20    17.6     2     0.1 262.4   2.4   7.4  48.3     1      SW

Max >=  32.0: 18
Max <=   0.0:  0
Min <=   0.0:  0
Min <= -18.0:  0
Max Rain: 0.99 ON 02/07/11
Days of Rain: 4 (> .2 mm) 0 (> 2 mm) 0 (> 20 mm)
Heat Base:  18.3  Cool Base:  18.3  Method: Integration