Κλιματικές Αναφορές τύπου NOAA



Αναφορά για 2010 Νοέμβριος
                   MONTHLY CLIMATOLOGICAL SUMMARY for NOV. 2010

NAME: meteokastro   CITY: ORAIOKASTRO   STATE: THESSALONIKI 
ELEV:   240 m  LAT:  40° 43' 19" N  LONG:  22° 55' 00" E

                   TEMPERATURE (°C), RAIN  (mm), WIND SPEED (km/hr)

                                      HEAT  COOL        AVG
    MEAN                              DEG   DEG         WIND                 DOM
DAY TEMP  HIGH   TIME   LOW    TIME   DAYS  DAYS  RAIN  SPEED HIGH   TIME    DIR
------------------------------------------------------------------------------------
 1  10.8  15.3   2:30p   7.7   7:00a   7.5   0.0   0.0   3.7  14.5   2:00p   NNW
 2  11.3  15.3   3:00p   8.7   4:00a   7.0   0.0   0.0   4.0  16.1   4:00p    SW
 3  12.8  16.6   3:00p  10.4   1:00a   5.5   0.0   0.0   2.9  16.1  12:00p     N
 4  15.1  20.3   3:30p  11.4   7:30a   3.4   0.1   0.0   2.9  16.1  10:30a   NNW
 5  17.8  22.1   4:00p  14.8   8:30a   1.2   0.7   0.0   3.1  16.1   7:00a    SW
 6  17.8  22.9   3:30p  14.2  12:00m   1.4   1.0   0.0   3.2  19.3   6:00a   NNW
 7  15.6  21.2   3:00p  12.6   6:30a   2.9   0.3   0.0   3.7  24.1   9:00p    NW
 8  15.4  17.9   4:30p  13.3   4:00a   2.9   0.0   2.0   9.8  40.2   7:30a    NE
 9  16.8  18.4   6:30p  15.7  12:00p   1.5   0.0   0.6   6.8  33.8  11:30p     S
10  20.2  23.2   2:30p  17.6   5:00a   0.1   2.0   0.0   9.3  46.7  10:00a   SSE
11  18.5  20.4   1:00p  15.6  12:00m   0.5   0.7   0.0   6.6  25.7  12:00m    NE
12  16.3  20.6   3:30p  14.2   8:30a   2.2   0.2   0.0   9.0  38.6   6:00a    NE
13  15.3  19.2   3:30p  12.7   5:00a   3.0   0.0   0.0   6.4  30.6   4:00a    NE
14  17.1  21.7   3:30p  13.6  12:30a   1.7   0.5   0.0   4.2  16.1   2:30p    NW
15  18.2  22.3   2:00p  15.9  10:30p   0.8   0.7   0.0   5.6  20.9   4:00a    NE
16  15.9  19.3   2:30p  13.8  12:00m   2.5   0.1   0.0   3.5  20.9  10:00a   SSW
17  14.0  15.1   5:00p  12.4   5:30a   4.3   0.0  13.2   5.5  27.4   9:00a     S
18  14.2  17.8   3:00p  10.8   6:30a   4.1   0.0   0.2   2.3  16.1  11:00a     S
19  14.6  18.2   2:30p  12.6   7:00a   3.7   0.0   0.0   5.3  20.9  10:00a    NE
20  13.9  17.4   4:00p  11.8   7:30a   4.4   0.0   0.0   3.1  14.5   2:00p     N
21  13.4  16.9   3:00p  10.7   7:30a   4.8   0.0   0.0   3.4  19.3  11:00p    NE
22  13.6  15.8  11:00p  12.2   4:00a   4.7   0.0   0.0  18.7  53.1   5:30p   ENE
23  15.7  18.2   3:00p  11.7  11:30p   2.6   0.0   0.2   9.8  41.8  11:00a   WSW
24  12.5  16.0   2:00p  10.1  12:00m   5.8   0.0   1.4   5.0  30.6   1:30p   WSW
25  11.1  14.9   2:00p   7.5   5:30a   7.2   0.0   0.0   3.2  16.1   4:30p    NW
26  11.0  12.6  10:30a   9.8  11:30p   7.3   0.0   7.4   4.5  24.1   3:30p   ENE
27  13.6  16.1   4:00p  10.2  12:30a   4.8   0.0   0.2   5.1  24.1  12:30p   WSW
28  14.1  17.1   1:00p  12.3   6:30a   4.3   0.0   0.0   8.9  40.2  10:30p    NE
29  17.8  21.9   1:00p  13.4  12:30a   1.2   0.7   0.0   4.7  30.6   7:30p     S
30  16.3  17.9   2:00p  13.8   9:00a   2.0   0.0   0.0   4.2  22.5   2:30a   SSE
-------------------------------------------------------------------------------------
    15.0  23.2    10     7.5    25   105.1   7.0  25.2   5.6  53.1    22      NE

Max >=  32.0:  0
Max <=   0.0:  0
Min <=   0.0:  0
Min <= -18.0:  0
Max Rain: 13.21 ON 17/11/10
Days of Rain: 8 (> .2 mm) 3 (> 2 mm) 0 (> 20 mm)
Heat Base:  18.3  Cool Base:  18.3  Method: Integration