Κλιματικές Αναφορές τύπου NOAA



Αναφορά για 2010 Μάϊος
                   MONTHLY CLIMATOLOGICAL SUMMARY for MAY. 2010

NAME: meteokastro   CITY: ORAIOKASTRO   STATE: THESSALONIKI 
ELEV:   240 m  LAT:  40° 43' 19" N  LONG:  22° 55' 00" E

                   TEMPERATURE (°C), RAIN  (mm), WIND SPEED (km/hr)

                                      HEAT  COOL        AVG
    MEAN                              DEG   DEG         WIND                 DOM
DAY TEMP  HIGH   TIME   LOW    TIME   DAYS  DAYS  RAIN  SPEED HIGH   TIME    DIR
------------------------------------------------------------------------------------
 1  17.0  21.9   3:00p  13.2   7:00a   2.2   0.9   0.0   5.0  19.3   8:30a    NW
 2  17.7  23.1   3:30p  13.6   2:30a   1.8   1.2   0.0   4.3  22.5   1:00p   SSW
 3  18.3  23.0   3:30p  14.3   7:00a   1.3   1.3   0.0   4.5  17.7   2:00p    SW
 4  19.1  24.4   3:00p  14.6   6:30a   1.0   1.7   0.0   4.2  19.3   2:00p    NW
 5  19.4  23.5   1:30p  15.7   7:00a   0.5   1.6   0.0   3.7  17.7   9:00a   SSW
 6  18.4  20.9   4:30p  15.6  12:00m   0.4   0.6   0.2   5.8  41.8   7:30a   WSW
 7  19.3  25.4   5:00p  13.8   7:00a   1.2   2.1   0.0   5.6  30.6   4:30p    NW
 8  17.4  21.2   5:00p  14.2  11:00a   1.2   0.4   1.0   8.0  35.4   2:30p    NE
 9  19.6  24.7   6:00p  14.7   6:30a   0.9   2.2   0.0  11.1  41.8  11:00a     N
10  20.3  25.6   3:30p  15.9   6:30a   0.4   2.4   0.0   6.1  24.1  12:30a    SW
11  20.8  26.3   2:30p  16.7   4:30a   0.2   2.8   0.0   4.5  17.7   2:00p    NW
12  21.3  26.3   5:00p  17.6   2:30a   0.0   3.1   0.0   4.5  22.5   9:00a    NE
13  21.9  27.3   5:30p  17.6   8:30a   0.0   3.6   0.0   5.8  24.1  11:30a   ENE
14  22.3  28.5   4:00p  17.3   7:00a   0.1   4.1   0.0   4.7  27.4   1:30p    SW
15  19.6  23.5   6:00p  16.0   9:30a   0.5   1.8  19.2  14.8  57.9  12:00p   ENE
16  17.7  21.5   2:00p  15.0   6:30a   1.2   0.6   0.2  14.2  49.9   4:00p    SW
17  15.4  20.5   4:00p  10.9  12:00m   3.1   0.2   1.0  11.9  59.5  10:00p     W
18  13.7  17.6   2:30p   9.9   6:00a   4.6   0.0   0.4  22.7  67.6   1:00p   NNW
19  15.4  19.3   5:00p  11.4   6:30a   3.0   0.1   0.0  20.0  57.9   1:30a     N
20  15.3  21.3   4:30p  11.8   6:00a   3.2   0.2   0.2  12.6  45.1   2:30a     N
21  13.0  15.1   5:00p  11.8   5:30a   5.3   0.0  17.0  10.6  38.6   2:00p     N
22  15.9  22.6   3:30p  12.3   2:30a   2.9   0.5   2.6   5.1  43.5   4:30p     N
23  17.1  21.4   2:30p  13.7   1:30a   1.7   0.5   0.8   4.0  27.4   7:00a   WNW
24  17.9  23.4   3:00p  13.9   6:30a   1.5   1.1   0.6   3.9  27.4   3:00p   WNW
25  19.9  25.3   3:00p  14.6   6:00a   0.9   2.5   0.0   4.7  24.1   3:30p    NW
26  21.7  28.3   3:00p  16.3   6:00a   0.3   3.7   0.0   4.2  20.9   6:00p    NW
27  23.1  29.2   5:00p  17.5   7:00a   0.0   4.8   0.0   3.4  19.3   2:30p    NW
28  23.2  26.9  11:00a  19.8   6:30a   0.0   4.9   0.0   7.9  48.3   3:30p    NW
29  24.4  30.4   3:30p  19.4   7:00a   0.0   6.1   1.2   6.1  32.2  11:30p   SSW
30  22.8  26.1   3:30p  19.2   7:00a   0.0   4.5   0.0   4.7  19.3   9:30a    SW
31  24.2  28.7   2:30p  19.9   7:00a   0.0   5.9   0.0   5.3  30.6   4:30p     S
-------------------------------------------------------------------------------------
    19.1  30.4    29     9.9    18    39.5  65.4  44.4   7.5  67.6    18      SW

Max >=  32.0:  0
Max <=   0.0:  0
Min <=   0.0:  0
Min <= -18.0:  0
Max Rain: 19.20 ON 15/05/10
Days of Rain: 12 (> .2 mm) 3 (> 2 mm) 0 (> 20 mm)
Heat Base:  18.3  Cool Base:  18.3  Method: Integration