Κλιματικές Αναφορές τύπου NOAA



Αναφορά για 2009 Ιούνιος
                   MONTHLY CLIMATOLOGICAL SUMMARY for JUN. 2009

NAME: meteokastro   CITY: ORAIOKASTRO   STATE: THESSALONIKI 
ELEV:   240 m  LAT:  40° 43' 19" N  LONG:  22° 55' 00" E

                   TEMPERATURE (°C), RAIN  (mm), WIND SPEED (km/hr)

                                      HEAT  COOL        AVG
    MEAN                              DEG   DEG         WIND                 DOM
DAY TEMP  HIGH   TIME   LOW    TIME   DAYS  DAYS  RAIN  SPEED HIGH   TIME    DIR
------------------------------------------------------------------------------------
 1  19.9  25.1   1:30p  16.1   6:30a   0.4   2.0   0.0   6.4  24.1   2:00p    SW
 2  20.8  26.5   3:30p  17.2   6:00a   0.1   2.7   0.0   5.1  24.1   4:00p   SSW
 3  19.9  25.8   4:30p  15.9  11:30p   0.5   2.0  13.8   7.6  32.2   7:30a    NW
 4  20.4  27.2   5:00p  15.4   4:00a   0.8   2.9   3.6   6.4  29.0  10:00a    SW
 5  22.0  27.8   3:30p  17.2   6:00a   0.1   3.9   0.0   5.3  20.9  12:30p   SSW
 6  23.3  29.5   5:00p  18.3   6:30a   0.0   5.0   0.0   5.5  20.9   2:30a   SSW
 7  24.5  29.5   3:30p  20.1   6:00a   0.0   6.2   0.0   5.3  19.3  12:30p    SW
 8  26.2  33.8   3:30p  20.8   4:00a   0.0   7.9   0.0   6.3  41.8   1:00p    NE
 9  26.8  32.5   3:30p  22.7   6:30a   0.0   8.5   0.0   6.8  49.9   5:00a    SW
10  27.6  33.6   3:00p  22.9   3:00a   0.0   9.3   0.0   5.6  20.9   8:30a   SSW
11  27.3  32.3   3:30p  22.9   2:00a   0.0   9.1   0.0   6.0  32.2  11:00p   SSW
12  25.3  28.8   4:00p  22.1  12:00m   0.0   7.0   0.0  17.1  49.9   9:00a   NNW
13  22.1  26.1   5:00p  18.2   6:30a   0.0   3.8   0.0  11.3  49.9  12:30a   SSW
14  22.6  28.9   5:30p  18.3  12:30a   0.0   4.3   0.0   8.7  37.0   8:30a    NE
15  23.3  28.6   4:30p  17.7   4:30a   0.0   5.0   0.0   7.4  33.8   9:30a    NW
16  25.2  30.2   5:00p  20.3   5:00a   0.0   6.9   0.0   5.0  20.9   2:00p    NW
17  27.6  34.8   4:00p  21.4   6:30a   0.0   9.3   6.4   7.4  41.8   8:30p    NW
18  21.7  24.6  12:30a  19.4  10:00p   0.0   3.4   6.8  11.1  37.0  12:30p   ENE
19  22.9  27.6   5:00p  19.2   4:00a   0.0   4.7   0.0   5.8  27.4   1:00p    SW
20  23.7  28.2   4:30p  20.4  12:30a   0.0   5.4   0.0   6.1  32.2   7:00p   SSW
21  23.4  28.7   2:30p  18.9   5:30a   0.0   5.1   0.0   4.8  27.4   2:30p    SW
22  21.4  26.9   6:30p  17.9   9:00p   0.0   3.1   8.0   9.7  38.6   2:00p    NE
23  22.3  26.8   3:30p  17.7   5:00a   0.0   4.0   0.0   6.9  30.6   3:30p   SSW
24  20.1  24.3   3:00p  16.2  10:00a   0.1   1.9   9.2   8.4  37.0   6:00a   ENE
25  20.4  24.6   6:30p  15.8   5:00a   0.4   2.6   0.0   4.5  20.9   2:00p    NW
26  22.3  27.3   5:00p  16.7  11:00p   0.1   4.1  16.0   5.8  64.4  11:00p    SW
27  21.8  27.3   3:30p  16.7   2:00a   0.3   3.8   0.0   6.3  30.6   2:00a    NE
28  21.4  26.8   2:00p  18.3   5:30a   0.0   3.2  10.0   6.1  46.7   2:30p    NW
29  21.8  26.7  12:00p  18.7   2:30a   0.0   3.5   7.0   3.9  17.7   9:30a    NW
30  23.0  28.6   1:30p  19.1   6:30a   0.0   4.7   0.0   3.9  33.8   2:30p    NW
-------------------------------------------------------------------------------------
    23.0  34.8    17    15.4     4     2.9 145.4  80.8   6.9  64.4    26      NW

Max >=  32.0:  5
Max <=   0.0:  0
Min <=   0.0:  0
Min <= -18.0:  0
Max Rain: 16.00 ON 26/06/09
Days of Rain: 9 (> .2 mm) 9 (> 2 mm) 0 (> 20 mm)
Heat Base:  18.3  Cool Base:  18.3  Method: Integration